{"id":5748,"date":"2021-04-19T12:15:52","date_gmt":"2021-04-19T10:15:52","guid":{"rendered":"https:\/\/politecnics.barcelona\/calidad-en-politecnics\/"},"modified":"2026-02-24T13:53:17","modified_gmt":"2026-02-24T12:53:17","slug":"calidad-en-politecnics","status":"publish","type":"page","link":"https:\/\/politecnics.barcelona\/es\/calidad-en-politecnics\/","title":{"rendered":"Calidad en el Polit\u00e9cnicos"},"content":{"rendered":"<p><div class=\"fusion-fullwidth fullwidth-box fusion-builder-row-1 fusion-flex-container nonhundred-percent-fullwidth non-hundred-percent-height-scrolling\" style=\"--awb-border-radius-top-left:0px;--awb-border-radius-top-right:0px;--awb-border-radius-bottom-right:0px;--awb-border-radius-bottom-left:0px;--awb-flex-wrap:wrap;\" ><div class=\"fusion-builder-row fusion-row fusion-flex-align-items-flex-start fusion-flex-content-wrap\" style=\"max-width:1248px;margin-left: calc(-4% \/ 2 );margin-right: calc(-4% \/ 2 );\"><div class=\"fusion-layout-column fusion_builder_column fusion-builder-column-0 fusion_builder_column_1_1 1_1 fusion-flex-column\" style=\"--awb-bg-size:cover;--awb-width-large:100%;--awb-margin-top-large:0px;--awb-spacing-right-large:1.92%;--awb-margin-bottom-large:0px;--awb-spacing-left-large:1.92%;--awb-width-medium:100%;--awb-spacing-right-medium:1.92%;--awb-spacing-left-medium:1.92%;--awb-width-small:100%;--awb-spacing-right-small:1.92%;--awb-spacing-left-small:1.92%;\"><div class=\"fusion-column-wrapper fusion-flex-justify-content-flex-start fusion-content-layout-column\"><div class=\"fusion-text fusion-text-1\"><div class=\"elementor-element elementor-element-5f23d40 elementor-widget elementor-widget-text-editor\" data-id=\"5f23d40\" data-element_type=\"widget\" data-widget_type=\"text-editor.default\">\n<div class=\"elementor-widget-container\">\n<div class=\"elementor-text-editor elementor-clearfix\">\n<p><strong>La sociedad pide al sistema educativo que proporcione conocimientos, valores y normas que ayuden al alumnado a desplegar su potencial m\u00e1ximo a lo largo de la vida. Es por ello que el Centro de Estudios Polit\u00e9cnicos vela por la consecuci\u00f3n de un objetivo tan ambicioso como complejo y cambiante a la vez.<\/strong><\/p>\n<p>Prueba de ello es que fuimos el primer centro de toda Catalu\u00f1a en disponer del Certificado en Calidad ISO 9001 como empresa de servicios en 1999.<\/p>\n<\/div>\n<\/div>\n<\/div>\n<\/div><\/div><\/div><\/div><\/div><div class=\"fusion-fullwidth fullwidth-box fusion-builder-row-2 fusion-flex-container nonhundred-percent-fullwidth non-hundred-percent-height-scrolling\" style=\"--awb-border-radius-top-left:0px;--awb-border-radius-top-right:0px;--awb-border-radius-bottom-right:0px;--awb-border-radius-bottom-left:0px;--awb-flex-wrap:wrap;\" ><div class=\"fusion-builder-row fusion-row fusion-flex-align-items-flex-start fusion-flex-content-wrap\" style=\"max-width:1248px;margin-left: calc(-4% \/ 2 );margin-right: calc(-4% \/ 2 );\"><div class=\"fusion-layout-column fusion_builder_column fusion-builder-column-1 fusion_builder_column_1_4 1_4 fusion-flex-column\" style=\"--awb-bg-size:cover;--awb-width-large:25%;--awb-margin-top-large:0px;--awb-spacing-right-large:7.68%;--awb-margin-bottom-large:20px;--awb-spacing-left-large:7.68%;--awb-width-medium:25%;--awb-order-medium:0;--awb-spacing-right-medium:7.68%;--awb-spacing-left-medium:7.68%;--awb-width-small:100%;--awb-order-small:0;--awb-spacing-right-small:1.92%;--awb-spacing-left-small:1.92%;\"><div class=\"fusion-column-wrapper fusion-column-has-shadow fusion-flex-justify-content-flex-start fusion-content-layout-column\"><div class=\"fusion-image-element \" style=\"text-align:center;--awb-caption-title-font-family:var(--h2_typography-font-family);--awb-caption-title-font-weight:var(--h2_typography-font-weight);--awb-caption-title-font-style:var(--h2_typography-font-style);--awb-caption-title-size:var(--h2_typography-font-size);--awb-caption-title-transform:var(--h2_typography-text-transform);--awb-caption-title-line-height:var(--h2_typography-line-height);--awb-caption-title-letter-spacing:var(--h2_typography-letter-spacing);\"><span class=\" fusion-imageframe imageframe-none imageframe-1 hover-type-none\"><img decoding=\"async\" width=\"129\" height=\"225\" title=\"ISO_9001\" src=\"https:\/\/politecnics.barcelona\/wp-content\/uploads\/ISO_9001.png\" alt class=\"img-responsive wp-image-5165\"\/><\/span><\/div><\/div><\/div><div class=\"fusion-layout-column fusion_builder_column fusion-builder-column-2 fusion_builder_column_3_4 3_4 fusion-flex-column\" style=\"--awb-bg-size:cover;--awb-width-large:75%;--awb-margin-top-large:0px;--awb-spacing-right-large:2.56%;--awb-margin-bottom-large:20px;--awb-spacing-left-large:2.56%;--awb-width-medium:75%;--awb-order-medium:0;--awb-spacing-right-medium:2.56%;--awb-spacing-left-medium:2.56%;--awb-width-small:100%;--awb-order-small:0;--awb-spacing-right-small:1.92%;--awb-spacing-left-small:1.92%;\"><div class=\"fusion-column-wrapper fusion-column-has-shadow fusion-flex-justify-content-flex-start fusion-content-layout-column\"><div class=\"fusion-text fusion-text-2\"><h2>ISO 9001:2015<\/h2>\n<p>Actualmente, el Polit\u00e9cnicos dispone de la <strong>Certificaci\u00f3n de Calidad ISO 9001:2015<\/strong> .<\/p>\n<p>La nueva norma de sistemas de gesti\u00f3n de calidad se fundamenta en la gesti\u00f3n por procesos, el compromiso y la responsabilidad de la direcci\u00f3n en la organizaci\u00f3n y gesti\u00f3n del centro, y la gesti\u00f3n estrat\u00e9gica de los cambios, del conocimiento y de los riesgos.<\/p>\n<\/div><\/div><\/div><div class=\"fusion-layout-column fusion_builder_column fusion-builder-column-3 fusion_builder_column_1_1 1_1 fusion-flex-column\" style=\"--awb-bg-size:cover;--awb-width-large:100%;--awb-margin-top-large:0px;--awb-spacing-right-large:1.92%;--awb-margin-bottom-large:20px;--awb-spacing-left-large:1.92%;--awb-width-medium:100%;--awb-order-medium:0;--awb-spacing-right-medium:1.92%;--awb-spacing-left-medium:1.92%;--awb-width-small:100%;--awb-order-small:0;--awb-spacing-right-small:1.92%;--awb-spacing-left-small:1.92%;\"><div class=\"fusion-column-wrapper fusion-column-has-shadow fusion-flex-justify-content-flex-start fusion-content-layout-column\"><div class=\"fusion-text fusion-text-3\"><p><strong>En el centro nos regimos por unos principios de calidad y unos valores que gu\u00edan nuestra gesti\u00f3n:<\/strong><\/p>\n<ul>\n<li>La orientaci\u00f3n al alumnado ya las familias.<\/li>\n<li>El liderazgo de la direcci\u00f3n y el empoderamiento de todos y cada uno de los agentes implicados en la ense\u00f1anza y en el aprendizaje.<\/li>\n<li>La participaci\u00f3n y el compromiso de todas las partes interesadas.<\/li>\n<li>El enfoque basado en procesos y la mejora continua del sistema de gesti\u00f3n.<\/li>\n<li>La toma de decisiones basada en la evidencia de datos y de informaci\u00f3n.<\/li>\n<\/ul>\n<\/div><div class=\"fusion-text fusion-text-4\"><h2>Gesti\u00f3n de la calidad<\/h2>\n<p>La gesti\u00f3n de la calidad de los Polit\u00e9cnicos se centra principalmente en realizar un buen dise\u00f1o y una buena planificaci\u00f3n de los procesos del centro.<\/p>\n<p><strong>En este sentido, las acciones de nuestro sistema de gesti\u00f3n de la calidad son:<\/strong><\/p>\n<ul>\n<li>Planificar los ciclos formativos y m\u00f3dulos profesionales seg\u00fan la contextualizaci\u00f3n del proyecto educativo del centro.<\/li>\n<li>Prestar el servicio educativo del proceso de ense\u00f1anza y aprendizaje, desde la acogida inicial hasta la evaluaci\u00f3n y calificaci\u00f3n final.<\/li>\n<li>Evaluar y aprender, a partir del an\u00e1lisis de las acciones, los objetivos alcanzados y las diferencias respecto a lo inicialmente planificado. Tambi\u00e9n nos interesa conocer la satisfacci\u00f3n de los distintos grupos de inter\u00e9s con el servicio ofrecido.<\/li>\n<li>Redise\u00f1ar el sistema de gesti\u00f3n para incorporar a la siguiente planificaci\u00f3n anual del servicio educativo los aprendizajes organizativos y los nuevos objetivos estrat\u00e9gicos que requiere la consecuci\u00f3n de lo previsto en el proyecto educativo.<\/li>\n<\/ul>\n<\/div><div ><a class=\"fusion-button button-flat fusion-button-default-size button-default fusion-button-default button-1 fusion-button-span-yes fusion-button-default-type\" target=\"_blank\" rel=\"noopener noreferrer\" href=\"https:\/\/drive.google.com\/file\/d\/1SR6JhvXXjo3GNmByVzFuxlOfXku8E0q6\/view?usp=sharing\"><span class=\"fusion-button-text\">Pol\u00edtica de calidad de los Polit\u00e8cnics<\/span><\/a><\/div><\/div><\/div><\/div><\/div><\/p>\n","protected":false},"excerpt":{"rendered":"","protected":false},"author":1,"featured_media":0,"parent":0,"menu_order":0,"comment_status":"closed","ping_status":"closed","template":"","meta":{"_monsterinsights_skip_tracking":false,"_monsterinsights_sitenote_active":false,"_monsterinsights_sitenote_note":"","_monsterinsights_sitenote_category":0,"footnotes":""},"_links":{"self":[{"href":"https:\/\/politecnics.barcelona\/es\/wp-json\/wp\/v2\/pages\/5748"}],"collection":[{"href":"https:\/\/politecnics.barcelona\/es\/wp-json\/wp\/v2\/pages"}],"about":[{"href":"https:\/\/politecnics.barcelona\/es\/wp-json\/wp\/v2\/types\/page"}],"author":[{"embeddable":true,"href":"https:\/\/politecnics.barcelona\/es\/wp-json\/wp\/v2\/users\/1"}],"replies":[{"embeddable":true,"href":"https:\/\/politecnics.barcelona\/es\/wp-json\/wp\/v2\/comments?post=5748"}],"version-history":[{"count":6,"href":"https:\/\/politecnics.barcelona\/es\/wp-json\/wp\/v2\/pages\/5748\/revisions"}],"predecessor-version":[{"id":12987,"href":"https:\/\/politecnics.barcelona\/es\/wp-json\/wp\/v2\/pages\/5748\/revisions\/12987"}],"wp:attachment":[{"href":"https:\/\/politecnics.barcelona\/es\/wp-json\/wp\/v2\/media?parent=5748"}],"curies":[{"name":"wp","href":"https:\/\/api.w.org\/{rel}","templated":true}]}}

Calidad en el Politécnicos

<p><div class="fusion-fullwidth fullwidth-box fusion-builder-row-1 fusion-flex-container nonhundred-percent-fullwidth non-hundred-percent-height-scrolling" style="--awb-border-radius-top-left:0px;--awb-border-radius-top-right:0px;--awb-border-radius-bottom-right:0px;--awb-border-radius-bottom-left:0px;--awb-flex-wrap:wrap;" ><div class="fusion-builder-row fusion-row fusion-flex-align-items-flex-start fusion-flex-content-wrap" style="max-width:1248px;margin-left: calc(-4% / 2 );margin-right: calc(-4% / 2 );"><div class="fusion-layout-column fusion_builder_column fusion-builder-column-0 fusion_builder_column_1_1 1_1 fusion-flex-column" style="--awb-bg-size:cover;--awb-width-large:100%;--awb-margin-top-large:0px;--awb-spacing-right-large:1.92%;--awb-margin-bottom-large:0px;--awb-spacing-left-large:1.92%;--awb-width-medium:100%;--awb-spacing-right-medium:1.92%;--awb-spacing-left-medium:1.92%;--awb-width-small:100%;--awb-spacing-right-small:1.92%;--awb-spacing-left-small:1.92%;"><div class="fusion-column-wrapper fusion-flex-justify-content-flex-start fusion-content-layout-column"><div class="fusion-text fusion-text-1"><div class="elementor-element elementor-element-5f23d40 elementor-widget elementor-widget-text-editor" data-id="5f23d40" data-element_type="widget" data-widget_type="text-editor.default">
<div class="elementor-widget-container">
<div class="elementor-text-editor elementor-clearfix">
<p><strong>La sociedad pide al sistema educativo que proporcione conocimientos, valores y normas que ayuden al alumnado a desplegar su potencial máximo a lo largo de la vida. Es por ello que el Centro de Estudios Politécnicos vela por la consecución de un objetivo tan ambicioso como complejo y cambiante a la vez.</strong></p>
<p>Prueba de ello es que fuimos el primer centro de toda Cataluña en disponer del Certificado en Calidad ISO 9001 como empresa de servicios en 1999.</p>
</div>
</div>
</div>
</div></div></div></div></div><div class="fusion-fullwidth fullwidth-box fusion-builder-row-2 fusion-flex-container nonhundred-percent-fullwidth non-hundred-percent-height-scrolling" style="--awb-border-radius-top-left:0px;--awb-border-radius-top-right:0px;--awb-border-radius-bottom-right:0px;--awb-border-radius-bottom-left:0px;--awb-flex-wrap:wrap;" ><div class="fusion-builder-row fusion-row fusion-flex-align-items-flex-start fusion-flex-content-wrap" style="max-width:1248px;margin-left: calc(-4% / 2 );margin-right: calc(-4% / 2 );"><div class="fusion-layout-column fusion_builder_column fusion-builder-column-1 fusion_builder_column_1_4 1_4 fusion-flex-column" style="--awb-bg-size:cover;--awb-width-large:25%;--awb-margin-top-large:0px;--awb-spacing-right-large:7.68%;--awb-margin-bottom-large:20px;--awb-spacing-left-large:7.68%;--awb-width-medium:25%;--awb-order-medium:0;--awb-spacing-right-medium:7.68%;--awb-spacing-left-medium:7.68%;--awb-width-small:100%;--awb-order-small:0;--awb-spacing-right-small:1.92%;--awb-spacing-left-small:1.92%;"><div class="fusion-column-wrapper fusion-column-has-shadow fusion-flex-justify-content-flex-start fusion-content-layout-column"><div class="fusion-image-element " style="text-align:center;--awb-caption-title-font-family:var(--h2_typography-font-family);--awb-caption-title-font-weight:var(--h2_typography-font-weight);--awb-caption-title-font-style:var(--h2_typography-font-style);--awb-caption-title-size:var(--h2_typography-font-size);--awb-caption-title-transform:var(--h2_typography-text-transform);--awb-caption-title-line-height:var(--h2_typography-line-height);--awb-caption-title-letter-spacing:var(--h2_typography-letter-spacing);"><span class=" fusion-imageframe imageframe-none imageframe-1 hover-type-none"><img decoding="async" width="129" height="225" title="ISO_9001" src="https://politecnics.barcelona/wp-content/uploads/ISO_9001.png" alt class="img-responsive wp-image-5165"/></span></div></div></div><div class="fusion-layout-column fusion_builder_column fusion-builder-column-2 fusion_builder_column_3_4 3_4 fusion-flex-column" style="--awb-bg-size:cover;--awb-width-large:75%;--awb-margin-top-large:0px;--awb-spacing-right-large:2.56%;--awb-margin-bottom-large:20px;--awb-spacing-left-large:2.56%;--awb-width-medium:75%;--awb-order-medium:0;--awb-spacing-right-medium:2.56%;--awb-spacing-left-medium:2.56%;--awb-width-small:100%;--awb-order-small:0;--awb-spacing-right-small:1.92%;--awb-spacing-left-small:1.92%;"><div class="fusion-column-wrapper fusion-column-has-shadow fusion-flex-justify-content-flex-start fusion-content-layout-column"><div class="fusion-text fusion-text-2"><h2>ISO 9001:2015</h2>
<p>Actualmente, el Politécnicos dispone de la <strong>Certificación de Calidad ISO 9001:2015</strong> .</p>
<p>La nueva norma de sistemas de gestión de calidad se fundamenta en la gestión por procesos, el compromiso y la responsabilidad de la dirección en la organización y gestión del centro, y la gestión estratégica de los cambios, del conocimiento y de los riesgos.</p>
</div></div></div><div class="fusion-layout-column fusion_builder_column fusion-builder-column-3 fusion_builder_column_1_1 1_1 fusion-flex-column" style="--awb-bg-size:cover;--awb-width-large:100%;--awb-margin-top-large:0px;--awb-spacing-right-large:1.92%;--awb-margin-bottom-large:20px;--awb-spacing-left-large:1.92%;--awb-width-medium:100%;--awb-order-medium:0;--awb-spacing-right-medium:1.92%;--awb-spacing-left-medium:1.92%;--awb-width-small:100%;--awb-order-small:0;--awb-spacing-right-small:1.92%;--awb-spacing-left-small:1.92%;"><div class="fusion-column-wrapper fusion-column-has-shadow fusion-flex-justify-content-flex-start fusion-content-layout-column"><div class="fusion-text fusion-text-3"><p><strong>En el centro nos regimos por unos principios de calidad y unos valores que guían nuestra gestión:</strong></p>
<ul>
<li>La orientación al alumnado ya las familias.</li>
<li>El liderazgo de la dirección y el empoderamiento de todos y cada uno de los agentes implicados en la enseñanza y en el aprendizaje.</li>
<li>La participación y el compromiso de todas las partes interesadas.</li>
<li>El enfoque basado en procesos y la mejora continua del sistema de gestión.</li>
<li>La toma de decisiones basada en la evidencia de datos y de información.</li>
</ul>
</div><div class="fusion-text fusion-text-4"><h2>Gestión de la calidad</h2>
<p>La gestión de la calidad de los Politécnicos se centra principalmente en realizar un buen diseño y una buena planificación de los procesos del centro.</p>
<p><strong>En este sentido, las acciones de nuestro sistema de gestión de la calidad son:</strong></p>
<ul>
<li>Planificar los ciclos formativos y módulos profesionales según la contextualización del proyecto educativo del centro.</li>
<li>Prestar el servicio educativo del proceso de enseñanza y aprendizaje, desde la acogida inicial hasta la evaluación y calificación final.</li>
<li>Evaluar y aprender, a partir del análisis de las acciones, los objetivos alcanzados y las diferencias respecto a lo inicialmente planificado. También nos interesa conocer la satisfacción de los distintos grupos de interés con el servicio ofrecido.</li>
<li>Rediseñar el sistema de gestión para incorporar a la siguiente planificación anual del servicio educativo los aprendizajes organizativos y los nuevos objetivos estratégicos que requiere la consecución de lo previsto en el proyecto educativo.</li>
</ul>
</div><div ><a class="fusion-button button-flat fusion-button-default-size button-default fusion-button-default button-1 fusion-button-span-yes fusion-button-default-type" target="_blank" rel="noopener noreferrer" href="https://drive.google.com/file/d/1SR6JhvXXjo3GNmByVzFuxlOfXku8E0q6/view?usp=sharing"><span class="fusion-button-text">Política de calidad de los Politècnics</span></a></div></div></div></div></div></p>
