{"id":655,"date":"2021-04-12T11:43:42","date_gmt":"2021-04-12T10:43:42","guid":{"rendered":"https:\/\/web2.politecnics.barcelona\/?page_id=655"},"modified":"2022-07-14T15:06:26","modified_gmt":"2022-07-14T13:06:26","slug":"movilidad-europea-e-internacional-en-el-politecnics-y-reconocimiento-de-los-creditos-academicos","status":"publish","type":"page","link":"https:\/\/politecnics.barcelona\/es\/movilidad-europea-e-internacional-en-el-politecnics-y-reconocimiento-de-los-creditos-academicos\/","title":{"rendered":"Movilidad europea e internacional en el Polit\u00e8cnics y reconocimiento de los cr\u00e9ditos acad\u00e9micos"},"content":{"rendered":"<p>El Centre d\u2019Estudis Polit\u00e8cnics tiene un departamento internacional que apoya al alumnado saliente y entrante en t\u00e9rminos de lengua, organizaci\u00f3n y realizaci\u00f3n de la movilidad. El Polit\u00e8cnics ofrece al alumnado una oficina donde pueden dirigirse para recibir respuesta a todas las preguntas y todos los recursos t\u00e9cnicos que pueda necesitar.<\/p>\n<p>El Departamento Internacional del Polit\u00e8cnics se har\u00e1 cargo de las empresas y la b\u00fasqueda de las IES y, junto con los Coordinadores de ciclos formativos y personal de la instituci\u00f3n, se ocupar\u00e1 de los acuerdos con instituciones de educaci\u00f3n superior y las empresas para reconocer a la educaci\u00f3n del alumnado y\/o proyectos de formaci\u00f3n.<\/p>\n<p>El Polit\u00e8cnics dar\u00e1 a conocer la movilidad internacional europea a trav\u00e9s de su p\u00e1gina web, intranet y redes sociales. As\u00ed, se llevar\u00e1n a cabo reuniones y sesiones de informaci\u00f3n se alumnado y la AFA con el fin de dar informaci\u00f3n sobre Erasmus+.<\/p>\n<p>Nuestro centro ofrece Educaci\u00f3n y Formaci\u00f3n Profesional de grado medio y superior. El alumnado elegir\u00e1 los cr\u00e9ditos que quieren estudiar en el extranjero y los programas de per\u00edodos de pr\u00e1cticas en funci\u00f3n de la equivalencia que se indique en el acuerdo y siempre con la orientaci\u00f3n del Departamento Internacional y el personal acad\u00e9mico de la instituci\u00f3n.<\/p>\n<p>Nuestro plan de estudios est\u00e1 dise\u00f1ado por el Departamento de Educaci\u00f3n. En los estudios de LOE se asignan cr\u00e9ditos ECTS, que se reconocer\u00e1n a los alumnos al terminar sus estudios en el extranjero y como se indique en el acuerdo entre las IES. Se reconocer\u00e1n las pr\u00e1cticas mediante cr\u00e9ditos ECTS dependiendo de la cantidad total de horas realizadas.<\/p>\n<p>Se seguir\u00e1n criterios ECVET para evaluar los acuerdos. El Coordinador del Proyecto (junto con el Departamento Internacional) se encargar\u00e1 de los acuerdos y se asegurar\u00e1 de que se cumplen totalmente mediante contacto con las instituciones y el alumnado y una visita a la instituci\u00f3n. Se llevar\u00e1 a cabo un contacto constante por correo electr\u00f3nico y llamadas telef\u00f3nicas. El alumnado y el personal tambi\u00e9n realizar\u00e1n una encuesta de satisfacci\u00f3n al finalizar su estancia.<\/p>\n<p>En caso de los periodos de pr\u00e1cticas, el Departamento Internacional se pondr\u00e1 en contacto con las empresas y las visitar\u00e1 para asegurar el logro de acuerdos entre ellas, la IES y el alumnado. Se proporcionar\u00e1n todos los documentos al alumnado, las IES y las empresas.<\/p>\n<p>La calificaci\u00f3n de los cr\u00e9ditos ser\u00e1 1-10 y los periodos de pr\u00e1cticas se calificar\u00e1n como APTO\/NO APTO.<\/p>\n<p><img decoding=\"async\" class=\"alignnone size-full wp-image-656\" src=\"https:\/\/politecnics.barcelona\/wp-content\/uploads\/logo-europa-es.png\" alt=\"\" width=\"300\" height=\"69\" srcset=\"https:\/\/politecnics.barcelona\/wp-content\/uploads\/logo-europa-es-200x46.png 200w, https:\/\/politecnics.barcelona\/wp-content\/uploads\/logo-europa-es.png 300w\" sizes=\"(max-width: 300px) 100vw, 300px\" \/><\/p>\n","protected":false},"excerpt":{"rendered":"<p>El Centre d\u2019Estudis Polit\u00e8cnics tiene un departamento internacional que apoya al alumnado saliente y entrante en t\u00e9rminos de lengua, organizaci\u00f3n y realizaci\u00f3n de la movilidad. El Polit\u00e8cnics ofrece al alumnado [&hellip;]<\/p>\n","protected":false},"author":1,"featured_media":0,"parent":0,"menu_order":0,"comment_status":"closed","ping_status":"closed","template":"","meta":{"_monsterinsights_skip_tracking":false,"_monsterinsights_sitenote_active":false,"_monsterinsights_sitenote_note":"","_monsterinsights_sitenote_category":0,"footnotes":""},"_links":{"self":[{"href":"https:\/\/politecnics.barcelona\/es\/wp-json\/wp\/v2\/pages\/655"}],"collection":[{"href":"https:\/\/politecnics.barcelona\/es\/wp-json\/wp\/v2\/pages"}],"about":[{"href":"https:\/\/politecnics.barcelona\/es\/wp-json\/wp\/v2\/types\/page"}],"author":[{"embeddable":true,"href":"https:\/\/politecnics.barcelona\/es\/wp-json\/wp\/v2\/users\/1"}],"replies":[{"embeddable":true,"href":"https:\/\/politecnics.barcelona\/es\/wp-json\/wp\/v2\/comments?post=655"}],"version-history":[{"count":1,"href":"https:\/\/politecnics.barcelona\/es\/wp-json\/wp\/v2\/pages\/655\/revisions"}],"predecessor-version":[{"id":657,"href":"https:\/\/politecnics.barcelona\/es\/wp-json\/wp\/v2\/pages\/655\/revisions\/657"}],"wp:attachment":[{"href":"https:\/\/politecnics.barcelona\/es\/wp-json\/wp\/v2\/media?parent=655"}],"curies":[{"name":"wp","href":"https:\/\/api.w.org\/{rel}","templated":true}]}}

Movilidad europea e internacional en el Politècnics y reconocimiento de los créditos académicos

<p>El Centre d’Estudis Politècnics tiene un departamento internacional que apoya al alumnado saliente y entrante en términos de lengua, organización y realización de la movilidad. El Politècnics ofrece al alumnado una oficina donde pueden dirigirse para recibir respuesta a todas las preguntas y todos los recursos técnicos que pueda necesitar.</p>
<p>El Departamento Internacional del Politècnics se hará cargo de las empresas y la búsqueda de las IES y, junto con los Coordinadores de ciclos formativos y personal de la institución, se ocupará de los acuerdos con instituciones de educación superior y las empresas para reconocer a la educación del alumnado y/o proyectos de formación.</p>
<p>El Politècnics dará a conocer la movilidad internacional europea a través de su página web, intranet y redes sociales. Así, se llevarán a cabo reuniones y sesiones de información se alumnado y la AFA con el fin de dar información sobre Erasmus+.</p>
<p>Nuestro centro ofrece Educación y Formación Profesional de grado medio y superior. El alumnado elegirá los créditos que quieren estudiar en el extranjero y los programas de períodos de prácticas en función de la equivalencia que se indique en el acuerdo y siempre con la orientación del Departamento Internacional y el personal académico de la institución.</p>
<p>Nuestro plan de estudios está diseñado por el Departamento de Educación. En los estudios de LOE se asignan créditos ECTS, que se reconocerán a los alumnos al terminar sus estudios en el extranjero y como se indique en el acuerdo entre las IES. Se reconocerán las prácticas mediante créditos ECTS dependiendo de la cantidad total de horas realizadas.</p>
<p>Se seguirán criterios ECVET para evaluar los acuerdos. El Coordinador del Proyecto (junto con el Departamento Internacional) se encargará de los acuerdos y se asegurará de que se cumplen totalmente mediante contacto con las instituciones y el alumnado y una visita a la institución. Se llevará a cabo un contacto constante por correo electrónico y llamadas telefónicas. El alumnado y el personal también realizarán una encuesta de satisfacción al finalizar su estancia.</p>
<p>En caso de los periodos de prácticas, el Departamento Internacional se pondrá en contacto con las empresas y las visitará para asegurar el logro de acuerdos entre ellas, la IES y el alumnado. Se proporcionarán todos los documentos al alumnado, las IES y las empresas.</p>
<p>La calificación de los créditos será 1-10 y los periodos de prácticas se calificarán como APTO/NO APTO.</p>
<p><img decoding="async" class="alignnone size-full wp-image-656" src="https://politecnics.barcelona/wp-content/uploads/logo-europa-es.png" alt="" width="300" height="69" srcset="https://politecnics.barcelona/wp-content/uploads/logo-europa-es-200x46.png 200w, https://politecnics.barcelona/wp-content/uploads/logo-europa-es.png 300w" sizes="(max-width: 300px) 100vw, 300px" /></p>

<p>El Centre d’Estudis Politècnics tiene un departamento internacional que apoya al alumnado saliente y entrante en términos de lengua, organización y realización de la movilidad. El Politècnics ofrece al alumnado [&hellip;]</p>
