{"id":10226,"date":"2024-12-10T17:36:35","date_gmt":"2024-12-10T16:36:35","guid":{"rendered":"https:\/\/politecnics.barcelona\/agenda\/visita-a-la-guarderia-el-limonero\/"},"modified":"2025-01-14T08:56:43","modified_gmt":"2025-01-14T07:56:43","slug":"visita-a-la-guarderia-el-limonero","status":"publish","type":"tribe_events","link":"https:\/\/politecnics.barcelona\/es\/agenda\/visita-a-la-guarderia-el-limonero\/","title":{"rendered":"Visita a la guarder\u00eda El limonero"},"content":{"rendered":"<h2>Visita a la guarder\u00eda El limonero<\/h2>\n<h4>Ubicaci\u00f3n<\/h4>\n<p>Guarder\u00eda El Limonero<\/p>\n<h4>Grupos<\/h4>\n<p>EI1A<\/p>\n<h4>Objetivo<\/h4>\n<p>Los objetivos de la visita son conocer las din\u00e1micas del d\u00eda a d\u00eda en una guarder\u00eda, observando c\u00f3mo se gestionan las actividades educativas y el bienestar de los ni\u00f1os, y reflexionar sobre las buenas pr\u00e1cticas en la atenci\u00f3n y educaci\u00f3n temprana.<\/p>\n<h4>Haremos<\/h4>\n<p>Recibiremos una charla por parte de la Directora de la Guarder\u00eda y despu\u00e9s visitaremos las instalaciones<\/p>\n<h4>Enlaces<\/h4>\n<h4>Otras consideraciones<\/h4>\n","protected":false},"excerpt":{"rendered":"<p>Visita a la guarder\u00eda El limonero Ubicaci\u00f3n Guarder\u00eda El Limonero Grupos EI1A Objetivo Los objetivos de la visita son conocer las din\u00e1micas del d\u00eda a d\u00eda en una guarder\u00eda, observando [&hellip;]<\/p>\n","protected":false},"author":2,"featured_media":10223,"comment_status":"closed","ping_status":"closed","template":"","meta":{"_monsterinsights_skip_tracking":false,"_monsterinsights_sitenote_active":false,"_monsterinsights_sitenote_note":"","_monsterinsights_sitenote_category":0,"_tribe_events_status":"","_tribe_events_status_reason":""},"tags":[171,509,508,316],"tribe_events_cat":[102],"_links":{"self":[{"href":"https:\/\/politecnics.barcelona\/es\/wp-json\/wp\/v2\/tribe_events\/10226"}],"collection":[{"href":"https:\/\/politecnics.barcelona\/es\/wp-json\/wp\/v2\/tribe_events"}],"about":[{"href":"https:\/\/politecnics.barcelona\/es\/wp-json\/wp\/v2\/types\/tribe_events"}],"author":[{"embeddable":true,"href":"https:\/\/politecnics.barcelona\/es\/wp-json\/wp\/v2\/users\/2"}],"replies":[{"embeddable":true,"href":"https:\/\/politecnics.barcelona\/es\/wp-json\/wp\/v2\/comments?post=10226"}],"version-history":[{"count":1,"href":"https:\/\/politecnics.barcelona\/es\/wp-json\/wp\/v2\/tribe_events\/10226\/revisions"}],"predecessor-version":[{"id":10434,"href":"https:\/\/politecnics.barcelona\/es\/wp-json\/wp\/v2\/tribe_events\/10226\/revisions\/10434"}],"wp:featuredmedia":[{"embeddable":true,"href":"https:\/\/politecnics.barcelona\/es\/wp-json\/wp\/v2\/media\/10223"}],"wp:attachment":[{"href":"https:\/\/politecnics.barcelona\/es\/wp-json\/wp\/v2\/media?parent=10226"}],"wp:term":[{"taxonomy":"post_tag","embeddable":true,"href":"https:\/\/politecnics.barcelona\/es\/wp-json\/wp\/v2\/tags?post=10226"},{"taxonomy":"tribe_events_cat","embeddable":true,"href":"https:\/\/politecnics.barcelona\/es\/wp-json\/wp\/v2\/tribe_events_cat?post=10226"}],"curies":[{"name":"wp","href":"https:\/\/api.w.org\/{rel}","templated":true}]}}

Visita a la guardería El limonero

<h2>Visita a la guardería El limonero</h2>
<h4>Ubicación</h4>
<p>Guardería El Limonero</p>
<h4>Grupos</h4>
<p>EI1A</p>
<h4>Objetivo</h4>
<p>Los objetivos de la visita son conocer las dinámicas del día a día en una guardería, observando cómo se gestionan las actividades educativas y el bienestar de los niños, y reflexionar sobre las buenas prácticas en la atención y educación temprana.</p>
<h4>Haremos</h4>
<p>Recibiremos una charla por parte de la Directora de la Guardería y después visitaremos las instalaciones</p>
<h4>Enlaces</h4>
<h4>Otras consideraciones</h4>

<p>Visita a la guardería El limonero Ubicación Guardería El Limonero Grupos EI1A Objetivo Los objetivos de la visita son conocer las dinámicas del día a día en una guardería, observando [&hellip;]</p>
