{"id":10506,"date":"2025-01-20T12:46:07","date_gmt":"2025-01-20T11:46:07","guid":{"rendered":"https:\/\/politecnics.barcelona\/agenda\/taller-pensar-con-los-ojos-y-mirar-con-el-cerebro-las-herramientas-del-disenador-grafico\/"},"modified":"2025-01-20T12:46:07","modified_gmt":"2025-01-20T11:46:07","slug":"taller-pensar-con-los-ojos-y-mirar-con-el-cerebro-las-herramientas-del-disenador-grafico","status":"publish","type":"tribe_events","link":"https:\/\/politecnics.barcelona\/es\/agenda\/taller-pensar-con-los-ojos-y-mirar-con-el-cerebro-las-herramientas-del-disenador-grafico\/","title":{"rendered":"Taller &#8216;Pensar con los ojos y mirar con el cerebro. Las herramientas del dise\u00f1ador gr\u00e1fico&#8217;"},"content":{"rendered":"<h2>Taller &#8216;Pensar con los ojos y mirar con el cerebro. Las herramientas del dise\u00f1ador gr\u00e1fico&#8217; <\/h2>\n<h4>Ubicaci\u00f3n<\/h4>\n<p>Dise\u00f1o HUB Barcelona<\/p>\n<h4>Grupos<\/h4>\n<p>ACOM2A, ACOM2B<\/p>\n<h4>Objetivo<\/h4>\n<p>Descubrir, analizar y dise\u00f1ar distintos tipos de carteles centr\u00e1ndonos en la tipograf\u00eda, la composici\u00f3n y el color.<\/p>\n<h4>Haremos<\/h4>\n<p>Visita a la exposici\u00f3n:  <em>\u00bfDise\u00f1as o trabajas? La nueva comunicaci\u00f3n visual. 1980\u20132003  <\/em>  ser\u00e1 el punto de partida para reflexionar sobre la importancia de las im\u00e1genes que nos envuelven. Analizaremos obras de la exposici\u00f3n para aprender los principios b\u00e1sicos del dise\u00f1o gr\u00e1fico: tipograf\u00eda, color y composici\u00f3n, destacando piezas de referencia con tem\u00e1tica social. Taller pr\u00e1ctico: Simularemos encargos profesionales del dise\u00f1o gr\u00e1fico y aplicaremos los conceptos aprendidos en la exposici\u00f3n para crear una propuesta de cartel, explorando c\u00f3mo la comunicaci\u00f3n visual puede ser una herramienta de transformaci\u00f3n y concienciaci\u00f3n social. <\/p>\n<h4>Enlaces<\/h4>\n<p>https:\/\/www.dissenyhub.barcelona\/ca\/activitat\/pensar-amb-els-ulls-i-mirar-amb-el-cervell-les-eines-del-dissenyador-grafic<\/p>\n<h4>Otras consideraciones<\/h4>\n","protected":false},"excerpt":{"rendered":"<p>Taller &#8216;Pensar con los ojos y mirar con el cerebro. Las herramientas del dise\u00f1ador gr\u00e1fico&#8217; Ubicaci\u00f3n Dise\u00f1o HUB Barcelona Grupos ACOM2A, ACOM2B Objetivo Descubrir, analizar y dise\u00f1ar distintos tipos de [&hellip;]<\/p>\n","protected":false},"author":2,"featured_media":10464,"comment_status":"closed","ping_status":"closed","template":"","meta":{"_monsterinsights_skip_tracking":false,"_monsterinsights_sitenote_active":false,"_monsterinsights_sitenote_note":"","_monsterinsights_sitenote_category":0,"_tribe_events_status":"","_tribe_events_status_reason":""},"tags":[504,267,447,551,303],"tribe_events_cat":[102],"_links":{"self":[{"href":"https:\/\/politecnics.barcelona\/es\/wp-json\/wp\/v2\/tribe_events\/10506"}],"collection":[{"href":"https:\/\/politecnics.barcelona\/es\/wp-json\/wp\/v2\/tribe_events"}],"about":[{"href":"https:\/\/politecnics.barcelona\/es\/wp-json\/wp\/v2\/types\/tribe_events"}],"author":[{"embeddable":true,"href":"https:\/\/politecnics.barcelona\/es\/wp-json\/wp\/v2\/users\/2"}],"replies":[{"embeddable":true,"href":"https:\/\/politecnics.barcelona\/es\/wp-json\/wp\/v2\/comments?post=10506"}],"version-history":[{"count":0,"href":"https:\/\/politecnics.barcelona\/es\/wp-json\/wp\/v2\/tribe_events\/10506\/revisions"}],"wp:featuredmedia":[{"embeddable":true,"href":"https:\/\/politecnics.barcelona\/es\/wp-json\/wp\/v2\/media\/10464"}],"wp:attachment":[{"href":"https:\/\/politecnics.barcelona\/es\/wp-json\/wp\/v2\/media?parent=10506"}],"wp:term":[{"taxonomy":"post_tag","embeddable":true,"href":"https:\/\/politecnics.barcelona\/es\/wp-json\/wp\/v2\/tags?post=10506"},{"taxonomy":"tribe_events_cat","embeddable":true,"href":"https:\/\/politecnics.barcelona\/es\/wp-json\/wp\/v2\/tribe_events_cat?post=10506"}],"curies":[{"name":"wp","href":"https:\/\/api.w.org\/{rel}","templated":true}]}}

Taller &#8216;Pensar con los ojos y mirar con el cerebro. Las herramientas del diseñador gráfico&#8217;

<h2>Taller &#8216;Pensar con los ojos y mirar con el cerebro. Las herramientas del diseñador gráfico&#8217; </h2>
<h4>Ubicación</h4>
<p>Diseño HUB Barcelona</p>
<h4>Grupos</h4>
<p>ACOM2A, ACOM2B</p>
<h4>Objetivo</h4>
<p>Descubrir, analizar y diseñar distintos tipos de carteles centrándonos en la tipografía, la composición y el color.</p>
<h4>Haremos</h4>
<p>Visita a la exposición:  <em>¿Diseñas o trabajas? La nueva comunicación visual. 1980–2003  </em>  será el punto de partida para reflexionar sobre la importancia de las imágenes que nos envuelven. Analizaremos obras de la exposición para aprender los principios básicos del diseño gráfico: tipografía, color y composición, destacando piezas de referencia con temática social. Taller práctico: Simularemos encargos profesionales del diseño gráfico y aplicaremos los conceptos aprendidos en la exposición para crear una propuesta de cartel, explorando cómo la comunicación visual puede ser una herramienta de transformación y concienciación social. </p>
<h4>Enlaces</h4>
<p>https://www.dissenyhub.barcelona/ca/activitat/pensar-amb-els-ulls-i-mirar-amb-el-cervell-les-eines-del-dissenyador-grafic</p>
<h4>Otras consideraciones</h4>

<p>Taller &#8216;Pensar con los ojos y mirar con el cerebro. Las herramientas del diseñador gráfico&#8217; Ubicación Diseño HUB Barcelona Grupos ACOM2A, ACOM2B Objetivo Descubrir, analizar y diseñar distintos tipos de [&hellip;]</p>
