{"id":11042,"date":"2025-03-24T22:36:15","date_gmt":"2025-03-24T21:36:15","guid":{"rendered":"https:\/\/politecnics.barcelona\/agenda\/talleres-en-la-escuela-catalana-del-consumo\/"},"modified":"2025-03-24T22:36:15","modified_gmt":"2025-03-24T21:36:15","slug":"talleres-en-la-escuela-catalana-del-consumo","status":"publish","type":"tribe_events","link":"https:\/\/politecnics.barcelona\/es\/agenda\/talleres-en-la-escuela-catalana-del-consumo\/","title":{"rendered":"Talleres en la Escuela Catalana del Consumo"},"content":{"rendered":"<h2>Talleres en la Escuela Catalana del Consumo<\/h2>\n<h4>Ubicaci\u00f3n<\/h4>\n<p>En la Escuela Catalana del Consumo<\/p>\n<h4>Grupos<\/h4>\n<p>GAD1A<\/p>\n<h4>Objetivo<\/h4>\n<p>Profundizar en la gesti\u00f3n de consultas, quejas y reclamaciones en el \u00e1mbito del consumo dentro de los RA 5 y 6 del m\u00f3dulo de comunicaci\u00f3n empresarial y atenci\u00f3n al cliente, aplicando la normativa vigente.<\/p>\n<h4>Haremos<\/h4>\n<p>Participaremos en tres talleres pr\u00e1cticos:<br data-start=\"388\" data-end=\"391\">\u2705  <em data-start=\"393\" data-end=\"411\">\u00bfVamos de compras?<\/em><br data-start=\"411\" data-end=\"414\">\u2705  <em data-start=\"416\" data-end=\"443\">\u00bfMe sirven los servicios?<\/em><br data-start=\"443\" data-end=\"446\">\u2705  <em data-start=\"448\" data-end=\"477\" data-is-only-node=\"\">\u00bfQu\u00e9 reglas tiene el consumo?<\/em><\/p>\n<h4>Enlaces<\/h4>\n<p>https:\/\/consum.gencat.cat\/ca\/lagencia\/escola-del-consum-de-catalunya\/<\/p>\n<h4>Otras consideraciones<\/h4>\n","protected":false},"excerpt":{"rendered":"<p>Talleres en la Escuela Catalana del Consumo Ubicaci\u00f3n En la Escuela Catalana del Consumo Grupos GAD1A Objetivo Profundizar en la gesti\u00f3n de consultas, quejas y reclamaciones en el \u00e1mbito del [&hellip;]<\/p>\n","protected":false},"author":2,"featured_media":11031,"comment_status":"closed","ping_status":"closed","template":"","meta":{"_monsterinsights_skip_tracking":false,"_monsterinsights_sitenote_active":false,"_monsterinsights_sitenote_note":"","_monsterinsights_sitenote_category":0,"_tribe_events_status":"","_tribe_events_status_reason":""},"tags":[622],"tribe_events_cat":[102],"_links":{"self":[{"href":"https:\/\/politecnics.barcelona\/es\/wp-json\/wp\/v2\/tribe_events\/11042"}],"collection":[{"href":"https:\/\/politecnics.barcelona\/es\/wp-json\/wp\/v2\/tribe_events"}],"about":[{"href":"https:\/\/politecnics.barcelona\/es\/wp-json\/wp\/v2\/types\/tribe_events"}],"author":[{"embeddable":true,"href":"https:\/\/politecnics.barcelona\/es\/wp-json\/wp\/v2\/users\/2"}],"replies":[{"embeddable":true,"href":"https:\/\/politecnics.barcelona\/es\/wp-json\/wp\/v2\/comments?post=11042"}],"version-history":[{"count":0,"href":"https:\/\/politecnics.barcelona\/es\/wp-json\/wp\/v2\/tribe_events\/11042\/revisions"}],"wp:featuredmedia":[{"embeddable":true,"href":"https:\/\/politecnics.barcelona\/es\/wp-json\/wp\/v2\/media\/11031"}],"wp:attachment":[{"href":"https:\/\/politecnics.barcelona\/es\/wp-json\/wp\/v2\/media?parent=11042"}],"wp:term":[{"taxonomy":"post_tag","embeddable":true,"href":"https:\/\/politecnics.barcelona\/es\/wp-json\/wp\/v2\/tags?post=11042"},{"taxonomy":"tribe_events_cat","embeddable":true,"href":"https:\/\/politecnics.barcelona\/es\/wp-json\/wp\/v2\/tribe_events_cat?post=11042"}],"curies":[{"name":"wp","href":"https:\/\/api.w.org\/{rel}","templated":true}]}}

<h2>Talleres en la Escuela Catalana del Consumo</h2>
<h4>Ubicación</h4>
<p>En la Escuela Catalana del Consumo</p>
<h4>Grupos</h4>
<p>GAD1A</p>
<h4>Objetivo</h4>
<p>Profundizar en la gestión de consultas, quejas y reclamaciones en el ámbito del consumo dentro de los RA 5 y 6 del módulo de comunicación empresarial y atención al cliente, aplicando la normativa vigente.</p>
<h4>Haremos</h4>
<p>Participaremos en tres talleres prácticos:<br data-start="388" data-end="391">✅  <em data-start="393" data-end="411">¿Vamos de compras?</em><br data-start="411" data-end="414">✅  <em data-start="416" data-end="443">¿Me sirven los servicios?</em><br data-start="443" data-end="446">✅  <em data-start="448" data-end="477" data-is-only-node="">¿Qué reglas tiene el consumo?</em></p>
<h4>Enlaces</h4>
<p>https://consum.gencat.cat/ca/lagencia/escola-del-consum-de-catalunya/</p>
<h4>Otras consideraciones</h4>

<p>Talleres en la Escuela Catalana del Consumo Ubicación En la Escuela Catalana del Consumo Grupos GAD1A Objetivo Profundizar en la gestión de consultas, quejas y reclamaciones en el ámbito del [&hellip;]</p>
