{"id":11219,"date":"2025-04-03T18:39:05","date_gmt":"2025-04-03T16:39:05","guid":{"rendered":"https:\/\/politecnics.barcelona\/agenda\/visita-ferreteria-cofac\/"},"modified":"2025-04-03T18:39:05","modified_gmt":"2025-04-03T16:39:05","slug":"visita-ferreteria-cofac","status":"publish","type":"tribe_events","link":"https:\/\/politecnics.barcelona\/es\/agenda\/visita-ferreteria-cofac\/","title":{"rendered":"Visita Ferreter\u00eda COFAC"},"content":{"rendered":"<h2>Visita Ferreter\u00eda COFAC<\/h2>\n<h4>Ubicaci\u00f3n<\/h4>\n<p>Paseo Fabra i Puig, 192<\/p>\n<h4>Grupos<\/h4>\n<p>ACOM1B<\/p>\n<h4>Objetivo<\/h4>\n<p>Conocer las caracter\u00edsticas de este establecimiento y de los productos que se venden. Saber c\u00f3mo se organiza la clasificaci\u00f3n y almacenamiento de los productos. Experimentar qu\u00e9 necesita saber a un\/a buen\/a tendero\/a para atender las necesidades de los compradores y compradoras.  <\/p>\n<h4>Haremos<\/h4>\n<p>Breve explicaci\u00f3n del comercio ferretero. C\u00f3mo funciona una ferreter\u00eda, sus departamentos y qu\u00e9 art\u00edculos vienen. \u00a1Hay m\u00e1s de 10.000 art\u00edculos diferentes! Visita comentada en el espacio destinado a la venta y al almac\u00e9n. Explicaciones t\u00e9cnicas de la ferreter\u00eda. El almacenamiento y clasificaci\u00f3n de productos, recepci\u00f3n de materiales, lectura de c\u00f3digos de barra, informatizaci\u00f3n de los pedidos, la cadena de distribuci\u00f3n de productos, etc. Tambi\u00e9n se hablar\u00e1 sobre tipolog\u00edas de empresas y caracter\u00edsticas de una cooperativa.      <\/p>\n<h4>Enlaces<\/h4>\n<p>https:\/\/ferreteriabarcelona.com\/passeig-fabra-i-puig<\/p>\n<h4>Otras consideraciones<\/h4>\n<p>Despu\u00e9s de la visita haremos un descubrimiento de los comercios de Sant Andreu.<\/p>\n","protected":false},"excerpt":{"rendered":"<p>Visita Ferreter\u00eda COFAC Ubicaci\u00f3n Paseo Fabra i Puig, 192 Grupos ACOM1B Objetivo Conocer las caracter\u00edsticas de este establecimiento y de los productos que se venden. Saber c\u00f3mo se organiza la [&hellip;]<\/p>\n","protected":false},"author":2,"featured_media":11196,"comment_status":"closed","ping_status":"closed","template":"","meta":{"_monsterinsights_skip_tracking":false,"_monsterinsights_sitenote_active":false,"_monsterinsights_sitenote_note":"","_monsterinsights_sitenote_category":0,"_tribe_events_status":"","_tribe_events_status_reason":""},"tags":[504,267,316],"tribe_events_cat":[102],"_links":{"self":[{"href":"https:\/\/politecnics.barcelona\/es\/wp-json\/wp\/v2\/tribe_events\/11219"}],"collection":[{"href":"https:\/\/politecnics.barcelona\/es\/wp-json\/wp\/v2\/tribe_events"}],"about":[{"href":"https:\/\/politecnics.barcelona\/es\/wp-json\/wp\/v2\/types\/tribe_events"}],"author":[{"embeddable":true,"href":"https:\/\/politecnics.barcelona\/es\/wp-json\/wp\/v2\/users\/2"}],"replies":[{"embeddable":true,"href":"https:\/\/politecnics.barcelona\/es\/wp-json\/wp\/v2\/comments?post=11219"}],"version-history":[{"count":0,"href":"https:\/\/politecnics.barcelona\/es\/wp-json\/wp\/v2\/tribe_events\/11219\/revisions"}],"wp:featuredmedia":[{"embeddable":true,"href":"https:\/\/politecnics.barcelona\/es\/wp-json\/wp\/v2\/media\/11196"}],"wp:attachment":[{"href":"https:\/\/politecnics.barcelona\/es\/wp-json\/wp\/v2\/media?parent=11219"}],"wp:term":[{"taxonomy":"post_tag","embeddable":true,"href":"https:\/\/politecnics.barcelona\/es\/wp-json\/wp\/v2\/tags?post=11219"},{"taxonomy":"tribe_events_cat","embeddable":true,"href":"https:\/\/politecnics.barcelona\/es\/wp-json\/wp\/v2\/tribe_events_cat?post=11219"}],"curies":[{"name":"wp","href":"https:\/\/api.w.org\/{rel}","templated":true}]}}

Visita Ferretería COFAC

<h2>Visita Ferretería COFAC</h2>
<h4>Ubicación</h4>
<p>Paseo Fabra i Puig, 192</p>
<h4>Grupos</h4>
<p>ACOM1B</p>
<h4>Objetivo</h4>
<p>Conocer las características de este establecimiento y de los productos que se venden. Saber cómo se organiza la clasificación y almacenamiento de los productos. Experimentar qué necesita saber a un/a buen/a tendero/a para atender las necesidades de los compradores y compradoras.  </p>
<h4>Haremos</h4>
<p>Breve explicación del comercio ferretero. Cómo funciona una ferretería, sus departamentos y qué artículos vienen. ¡Hay más de 10.000 artículos diferentes! Visita comentada en el espacio destinado a la venta y al almacén. Explicaciones técnicas de la ferretería. El almacenamiento y clasificación de productos, recepción de materiales, lectura de códigos de barra, informatización de los pedidos, la cadena de distribución de productos, etc. También se hablará sobre tipologías de empresas y características de una cooperativa.      </p>
<h4>Enlaces</h4>
<p>https://ferreteriabarcelona.com/passeig-fabra-i-puig</p>
<h4>Otras consideraciones</h4>
<p>Después de la visita haremos un descubrimiento de los comercios de Sant Andreu.</p>

<p>Visita Ferretería COFAC Ubicación Paseo Fabra i Puig, 192 Grupos ACOM1B Objetivo Conocer las características de este establecimiento y de los productos que se venden. Saber cómo se organiza la [&hellip;]</p>
