{"id":11223,"date":"2025-04-03T18:51:24","date_gmt":"2025-04-03T16:51:24","guid":{"rendered":"https:\/\/politecnics.barcelona\/agenda\/talleres-en-la-escuela-del-consumo-de-cataluna\/"},"modified":"2025-04-03T18:51:24","modified_gmt":"2025-04-03T16:51:24","slug":"talleres-en-la-escuela-del-consumo-de-cataluna","status":"publish","type":"tribe_events","link":"https:\/\/politecnics.barcelona\/es\/agenda\/talleres-en-la-escuela-del-consumo-de-cataluna\/","title":{"rendered":"Talleres en la Escuela del Consumo de Catalu\u00f1a"},"content":{"rendered":"<h2><strong data-start=\"8\" data-end=\"54\">Talleres en la Escuela del Consumo de Catalu\u00f1a<\/strong><\/h2>\n<h4>Ubicaci\u00f3n<\/h4>\n<p>Escuela Consum: Pg. de la Zona Franca, 83, Sants-Montju\u00efc, 08038 Barcelona<\/p>\n<h4>Grupos<\/h4>\n<p>ACOM1A<\/p>\n<h4>Objetivo<\/h4>\n<p class=\"\" data-start=\"192\" data-end=\"437\">Educar y formar al alumnado en el consumo responsable, detectar las necesidades reales de los consumidores y consumidoras, promover la transferencia de conocimiento en este \u00e1mbito y dar visibilidad a las actuaciones de la Agencia Catalana del Consumo.<\/p>\n<h4>Haremos<\/h4>\n<p>Participaremos en tres talleres formativos y pr\u00e1cticos en la sede de la Escuela del Consumo: <em data-start=\"542\" data-end=\"560\">\u00bfVamos de compras?<\/em> , <em data-start=\"562\" data-end=\"582\">\u00bfC\u00f3mo s\u00e9 qu\u00e9 compro?<\/em> y <em data-start=\"585\" data-end=\"614\">\u00bfQu\u00e9 reglas tiene el consumo?<\/em> , con el objetivo de reflexionar sobre h\u00e1bitos de consumo, criterios para realizar una compra informada y el marco normativo que protege los derechos de la ciudadan\u00eda como consumidora.<\/p>\n<h4>Enlaces<\/h4>\n<p>https:\/\/consum.gencat.cat\/ca\/lagencia\/escola-del-consum-de-catalunya\/docencia\/eso-batxillerat-i-cicles-formatius\/tallers-a-la-seu-de-lecc\/<\/p>\n<h4>Otras consideraciones<\/h4>\n","protected":false},"excerpt":{"rendered":"<p>Talleres en la Escuela del Consumo de Catalu\u00f1a Ubicaci\u00f3n Escuela Consum: Pg. de la Zona Franca, 83, Sants-Montju\u00efc, 08038 Barcelona Grupos ACOM1A Objetivo Educar y formar al alumnado en el [&hellip;]<\/p>\n","protected":false},"author":2,"featured_media":11031,"comment_status":"closed","ping_status":"closed","template":"","meta":{"_monsterinsights_skip_tracking":false,"_monsterinsights_sitenote_active":false,"_monsterinsights_sitenote_note":"","_monsterinsights_sitenote_category":0,"_tribe_events_status":"","_tribe_events_status_reason":""},"tags":[635,658,659,657,660],"tribe_events_cat":[102],"_links":{"self":[{"href":"https:\/\/politecnics.barcelona\/es\/wp-json\/wp\/v2\/tribe_events\/11223"}],"collection":[{"href":"https:\/\/politecnics.barcelona\/es\/wp-json\/wp\/v2\/tribe_events"}],"about":[{"href":"https:\/\/politecnics.barcelona\/es\/wp-json\/wp\/v2\/types\/tribe_events"}],"author":[{"embeddable":true,"href":"https:\/\/politecnics.barcelona\/es\/wp-json\/wp\/v2\/users\/2"}],"replies":[{"embeddable":true,"href":"https:\/\/politecnics.barcelona\/es\/wp-json\/wp\/v2\/comments?post=11223"}],"version-history":[{"count":0,"href":"https:\/\/politecnics.barcelona\/es\/wp-json\/wp\/v2\/tribe_events\/11223\/revisions"}],"wp:featuredmedia":[{"embeddable":true,"href":"https:\/\/politecnics.barcelona\/es\/wp-json\/wp\/v2\/media\/11031"}],"wp:attachment":[{"href":"https:\/\/politecnics.barcelona\/es\/wp-json\/wp\/v2\/media?parent=11223"}],"wp:term":[{"taxonomy":"post_tag","embeddable":true,"href":"https:\/\/politecnics.barcelona\/es\/wp-json\/wp\/v2\/tags?post=11223"},{"taxonomy":"tribe_events_cat","embeddable":true,"href":"https:\/\/politecnics.barcelona\/es\/wp-json\/wp\/v2\/tribe_events_cat?post=11223"}],"curies":[{"name":"wp","href":"https:\/\/api.w.org\/{rel}","templated":true}]}}

Talleres en la Escuela del Consumo de Cataluña

<h2><strong data-start="8" data-end="54">Talleres en la Escuela del Consumo de Cataluña</strong></h2>
<h4>Ubicación</h4>
<p>Escuela Consum: Pg. de la Zona Franca, 83, Sants-Montjuïc, 08038 Barcelona</p>
<h4>Grupos</h4>
<p>ACOM1A</p>
<h4>Objetivo</h4>
<p class="" data-start="192" data-end="437">Educar y formar al alumnado en el consumo responsable, detectar las necesidades reales de los consumidores y consumidoras, promover la transferencia de conocimiento en este ámbito y dar visibilidad a las actuaciones de la Agencia Catalana del Consumo.</p>
<h4>Haremos</h4>
<p>Participaremos en tres talleres formativos y prácticos en la sede de la Escuela del Consumo: <em data-start="542" data-end="560">¿Vamos de compras?</em> , <em data-start="562" data-end="582">¿Cómo sé qué compro?</em> y <em data-start="585" data-end="614">¿Qué reglas tiene el consumo?</em> , con el objetivo de reflexionar sobre hábitos de consumo, criterios para realizar una compra informada y el marco normativo que protege los derechos de la ciudadanía como consumidora.</p>
<h4>Enlaces</h4>
<p>https://consum.gencat.cat/ca/lagencia/escola-del-consum-de-catalunya/docencia/eso-batxillerat-i-cicles-formatius/tallers-a-la-seu-de-lecc/</p>
<h4>Otras consideraciones</h4>

<p>Talleres en la Escuela del Consumo de Cataluña Ubicación Escuela Consum: Pg. de la Zona Franca, 83, Sants-Montjuïc, 08038 Barcelona Grupos ACOM1A Objetivo Educar y formar al alumnado en el [&hellip;]</p>
