{"id":11729,"date":"2025-09-13T18:36:21","date_gmt":"2025-09-13T16:36:21","guid":{"rendered":"https:\/\/politecnics.barcelona\/agenda\/festivo-local-la-merce-3\/"},"modified":"2025-09-13T18:36:21","modified_gmt":"2025-09-13T16:36:21","slug":"festivo-local-la-merce-3","status":"publish","type":"tribe_events","link":"https:\/\/politecnics.barcelona\/es\/agenda\/festivo-local-la-merce-3\/","title":{"rendered":"Festivo local: La Merc\u00e8."},"content":{"rendered":"<p>Festivo local: La Merc\u00e8. Los edificios del Polit\u00e8cnics permanecer\u00e1n cerrados durante toda la jornada.<\/p>\n","protected":false},"excerpt":{"rendered":"<p>Festivo local: La Merc\u00e8. Los edificios del Polit\u00e8cnics permanecer\u00e1n cerrados durante toda la jornada.<\/p>\n","protected":false},"author":2,"featured_media":6669,"comment_status":"closed","ping_status":"closed","template":"","meta":{"_monsterinsights_skip_tracking":false,"_monsterinsights_sitenote_active":false,"_monsterinsights_sitenote_note":"","_monsterinsights_sitenote_category":0,"_tribe_events_status":"","_tribe_events_status_reason":""},"tags":[363],"tribe_events_cat":[102],"_links":{"self":[{"href":"https:\/\/politecnics.barcelona\/es\/wp-json\/wp\/v2\/tribe_events\/11729"}],"collection":[{"href":"https:\/\/politecnics.barcelona\/es\/wp-json\/wp\/v2\/tribe_events"}],"about":[{"href":"https:\/\/politecnics.barcelona\/es\/wp-json\/wp\/v2\/types\/tribe_events"}],"author":[{"embeddable":true,"href":"https:\/\/politecnics.barcelona\/es\/wp-json\/wp\/v2\/users\/2"}],"replies":[{"embeddable":true,"href":"https:\/\/politecnics.barcelona\/es\/wp-json\/wp\/v2\/comments?post=11729"}],"version-history":[{"count":0,"href":"https:\/\/politecnics.barcelona\/es\/wp-json\/wp\/v2\/tribe_events\/11729\/revisions"}],"wp:featuredmedia":[{"embeddable":true,"href":"https:\/\/politecnics.barcelona\/es\/wp-json\/wp\/v2\/media\/6669"}],"wp:attachment":[{"href":"https:\/\/politecnics.barcelona\/es\/wp-json\/wp\/v2\/media?parent=11729"}],"wp:term":[{"taxonomy":"post_tag","embeddable":true,"href":"https:\/\/politecnics.barcelona\/es\/wp-json\/wp\/v2\/tags?post=11729"},{"taxonomy":"tribe_events_cat","embeddable":true,"href":"https:\/\/politecnics.barcelona\/es\/wp-json\/wp\/v2\/tribe_events_cat?post=11729"}],"curies":[{"name":"wp","href":"https:\/\/api.w.org\/{rel}","templated":true}]}}

Festivo local: La Mercè.

<p>Festivo local: La Mercè. Los edificios del Politècnics permanecerán cerrados durante toda la jornada.</p>
