{"id":11766,"date":"2025-09-17T09:13:04","date_gmt":"2025-09-17T07:13:04","guid":{"rendered":"https:\/\/politecnics.barcelona\/agenda\/acogida-en-el-politecnicos\/"},"modified":"2025-09-17T09:16:11","modified_gmt":"2025-09-17T07:16:11","slug":"acogida-en-el-politecnicos","status":"publish","type":"tribe_events","link":"https:\/\/politecnics.barcelona\/es\/agenda\/acogida-en-el-politecnicos\/","title":{"rendered":"Acogida en el Polit\u00e9cnicos"},"content":{"rendered":"<h2>Acogida en el Polit\u00e9cnicos<\/h2>\n<h4>Ubicaci\u00f3n<\/h4>\n<p>Aulas de Sta. Anna<\/p>\n<h4>Grupos<\/h4>\n<p>CINT1A, MARP1A, MARP1B, MARP1C<\/p>\n<h4>Objetivo<\/h4>\n<p>Adentrarse en la metodolog\u00eda de trabajo de los Polit\u00e9cnicos y conocer a los compa\u00f1eros\/as<\/p>\n<h4>Haremos<\/h4>\n<p>Durante estos dos d\u00edas el alumnado de CINT\/TIL1 y MARP1 trabajar\u00e1 para saber c\u00f3mo se trabajar\u00e1 a lo largo del curso y realizar\u00e1 din\u00e1micas para conocer al alumnado de los diferentes grupos<\/p>\n<h4>Enlaces<\/h4>\n<h4>Otras consideraciones<\/h4>\n","protected":false},"excerpt":{"rendered":"<p>Acogida en el Polit\u00e9cnicos Ubicaci\u00f3n Aulas de Sta. Anna Grupos CINT1A, MARP1A, MARP1B, MARP1C Objetivo Adentrarse en la metodolog\u00eda de trabajo de los Polit\u00e9cnicos y conocer a los compa\u00f1eros\/as Haremos [&hellip;]<\/p>\n","protected":false},"author":1,"featured_media":11763,"comment_status":"closed","ping_status":"closed","template":"","meta":{"_monsterinsights_skip_tracking":false,"_monsterinsights_sitenote_active":false,"_monsterinsights_sitenote_note":"","_monsterinsights_sitenote_category":0,"_tribe_events_status":"","_tribe_events_status_reason":""},"tags":[762,461],"tribe_events_cat":[102],"_links":{"self":[{"href":"https:\/\/politecnics.barcelona\/es\/wp-json\/wp\/v2\/tribe_events\/11766"}],"collection":[{"href":"https:\/\/politecnics.barcelona\/es\/wp-json\/wp\/v2\/tribe_events"}],"about":[{"href":"https:\/\/politecnics.barcelona\/es\/wp-json\/wp\/v2\/types\/tribe_events"}],"author":[{"embeddable":true,"href":"https:\/\/politecnics.barcelona\/es\/wp-json\/wp\/v2\/users\/1"}],"replies":[{"embeddable":true,"href":"https:\/\/politecnics.barcelona\/es\/wp-json\/wp\/v2\/comments?post=11766"}],"version-history":[{"count":1,"href":"https:\/\/politecnics.barcelona\/es\/wp-json\/wp\/v2\/tribe_events\/11766\/revisions"}],"predecessor-version":[{"id":11767,"href":"https:\/\/politecnics.barcelona\/es\/wp-json\/wp\/v2\/tribe_events\/11766\/revisions\/11767"}],"wp:featuredmedia":[{"embeddable":true,"href":"https:\/\/politecnics.barcelona\/es\/wp-json\/wp\/v2\/media\/11763"}],"wp:attachment":[{"href":"https:\/\/politecnics.barcelona\/es\/wp-json\/wp\/v2\/media?parent=11766"}],"wp:term":[{"taxonomy":"post_tag","embeddable":true,"href":"https:\/\/politecnics.barcelona\/es\/wp-json\/wp\/v2\/tags?post=11766"},{"taxonomy":"tribe_events_cat","embeddable":true,"href":"https:\/\/politecnics.barcelona\/es\/wp-json\/wp\/v2\/tribe_events_cat?post=11766"}],"curies":[{"name":"wp","href":"https:\/\/api.w.org\/{rel}","templated":true}]}}

Acogida en el Politécnicos

<h2>Acogida en el Politécnicos</h2>
<h4>Ubicación</h4>
<p>Aulas de Sta. Anna</p>
<h4>Grupos</h4>
<p>CINT1A, MARP1A, MARP1B, MARP1C</p>
<h4>Objetivo</h4>
<p>Adentrarse en la metodología de trabajo de los Politécnicos y conocer a los compañeros/as</p>
<h4>Haremos</h4>
<p>Durante estos dos días el alumnado de CINT/TIL1 y MARP1 trabajará para saber cómo se trabajará a lo largo del curso y realizará dinámicas para conocer al alumnado de los diferentes grupos</p>
<h4>Enlaces</h4>
<h4>Otras consideraciones</h4>

<p>Acogida en el Politécnicos Ubicación Aulas de Sta. Anna Grupos CINT1A, MARP1A, MARP1B, MARP1C Objetivo Adentrarse en la metodología de trabajo de los Politécnicos y conocer a los compañeros/as Haremos [&hellip;]</p>
