{"id":11789,"date":"2025-09-21T12:50:25","date_gmt":"2025-09-21T10:50:25","guid":{"rendered":"https:\/\/politecnics.barcelona\/agenda\/en-busca-de-informacion\/"},"modified":"2025-09-21T12:51:29","modified_gmt":"2025-09-21T10:51:29","slug":"en-busca-de-informacion","status":"publish","type":"tribe_events","link":"https:\/\/politecnics.barcelona\/es\/agenda\/en-busca-de-informacion\/","title":{"rendered":"En busca de informaci\u00f3n"},"content":{"rendered":"<h2>En busca de informaci\u00f3n<\/h2>\n<h4>Ubicaci\u00f3n<\/h4>\n<p>Biblioteca Sagrada Familia<\/p>\n<h4>Grupos<\/h4>\n<p>ACOM2A, ACOM2B<\/p>\n<h4>Objetivo<\/h4>\n<p>Descubrir recursos y fuentes de informaci\u00f3n anal\u00f3gicos y digitales para obtener datos relevantes, fiables y contrastables para los proyectos de Actividades Comerciales.<br \/>\nSaber poner en valor la autor\u00eda de la informaci\u00f3n utilizada para un proyecto y c\u00f3mo citarla en el informe final.<\/p>\n<h4>Haremos<\/h4>\n<p>Sesi\u00f3n informativa sobre la red de bibliotecas de Barcelona y los recursos que ofrecen a las personas usuarias, con un enfoque hacia las necesidades del alumnado de Actividades Comerciales. Adem\u00e1s aprenderemos a poner en valor la autor\u00eda de las informaciones (art\u00edculos, libros, etc.) y c\u00f3mo deben citarse en un proyecto.<br \/>\n Esta sesi\u00f3n se complementa con una actividad de descubrimiento de la red comercial de la zona de la Sagrada Fam\u00edlia. <\/p>\n<h4>Enlaces<\/h4>\n<h4>Otras consideraciones<\/h4>\n","protected":false},"excerpt":{"rendered":"<p>En busca de informaci\u00f3n Ubicaci\u00f3n Biblioteca Sagrada Familia Grupos ACOM2A, ACOM2B Objetivo Descubrir recursos y fuentes de informaci\u00f3n anal\u00f3gicos y digitales para obtener datos relevantes, fiables y contrastables para los [&hellip;]<\/p>\n","protected":false},"author":1,"featured_media":11786,"comment_status":"closed","ping_status":"closed","template":"","meta":{"_monsterinsights_skip_tracking":false,"_monsterinsights_sitenote_active":false,"_monsterinsights_sitenote_note":"","_monsterinsights_sitenote_category":0,"_tribe_events_status":"","_tribe_events_status_reason":""},"tags":[267,766],"tribe_events_cat":[102],"_links":{"self":[{"href":"https:\/\/politecnics.barcelona\/es\/wp-json\/wp\/v2\/tribe_events\/11789"}],"collection":[{"href":"https:\/\/politecnics.barcelona\/es\/wp-json\/wp\/v2\/tribe_events"}],"about":[{"href":"https:\/\/politecnics.barcelona\/es\/wp-json\/wp\/v2\/types\/tribe_events"}],"author":[{"embeddable":true,"href":"https:\/\/politecnics.barcelona\/es\/wp-json\/wp\/v2\/users\/1"}],"replies":[{"embeddable":true,"href":"https:\/\/politecnics.barcelona\/es\/wp-json\/wp\/v2\/comments?post=11789"}],"version-history":[{"count":1,"href":"https:\/\/politecnics.barcelona\/es\/wp-json\/wp\/v2\/tribe_events\/11789\/revisions"}],"predecessor-version":[{"id":11790,"href":"https:\/\/politecnics.barcelona\/es\/wp-json\/wp\/v2\/tribe_events\/11789\/revisions\/11790"}],"wp:featuredmedia":[{"embeddable":true,"href":"https:\/\/politecnics.barcelona\/es\/wp-json\/wp\/v2\/media\/11786"}],"wp:attachment":[{"href":"https:\/\/politecnics.barcelona\/es\/wp-json\/wp\/v2\/media?parent=11789"}],"wp:term":[{"taxonomy":"post_tag","embeddable":true,"href":"https:\/\/politecnics.barcelona\/es\/wp-json\/wp\/v2\/tags?post=11789"},{"taxonomy":"tribe_events_cat","embeddable":true,"href":"https:\/\/politecnics.barcelona\/es\/wp-json\/wp\/v2\/tribe_events_cat?post=11789"}],"curies":[{"name":"wp","href":"https:\/\/api.w.org\/{rel}","templated":true}]}}

En busca de información

<h2>En busca de información</h2>
<h4>Ubicación</h4>
<p>Biblioteca Sagrada Familia</p>
<h4>Grupos</h4>
<p>ACOM2A, ACOM2B</p>
<h4>Objetivo</h4>
<p>Descubrir recursos y fuentes de información analógicos y digitales para obtener datos relevantes, fiables y contrastables para los proyectos de Actividades Comerciales.<br />
Saber poner en valor la autoría de la información utilizada para un proyecto y cómo citarla en el informe final.</p>
<h4>Haremos</h4>
<p>Sesión informativa sobre la red de bibliotecas de Barcelona y los recursos que ofrecen a las personas usuarias, con un enfoque hacia las necesidades del alumnado de Actividades Comerciales. Además aprenderemos a poner en valor la autoría de las informaciones (artículos, libros, etc.) y cómo deben citarse en un proyecto.<br />
 Esta sesión se complementa con una actividad de descubrimiento de la red comercial de la zona de la Sagrada Família. </p>
<h4>Enlaces</h4>
<h4>Otras consideraciones</h4>

<p>En busca de información Ubicación Biblioteca Sagrada Familia Grupos ACOM2A, ACOM2B Objetivo Descubrir recursos y fuentes de información analógicos y digitales para obtener datos relevantes, fiables y contrastables para los [&hellip;]</p>
