{"id":11828,"date":"2025-09-30T12:34:42","date_gmt":"2025-09-30T10:34:42","guid":{"rendered":"https:\/\/politecnics.barcelona\/agenda\/visita-y-charla-en-la-asociacion-de-maestros-rosa-sensat\/"},"modified":"2025-09-30T12:36:34","modified_gmt":"2025-09-30T10:36:34","slug":"visita-y-charla-en-la-asociacion-de-maestros-rosa-sensat","status":"publish","type":"tribe_events","link":"https:\/\/politecnics.barcelona\/es\/agenda\/visita-y-charla-en-la-asociacion-de-maestros-rosa-sensat\/","title":{"rendered":"Visita y charla en la Asociaci\u00f3n de maestros Rosa Sensat"},"content":{"rendered":"<h2>Visita y charla en la Asociaci\u00f3n de maestros Rosa Sensat<\/h2>\n<h4>Ubicaci\u00f3n<\/h4>\n<p>Asociaci\u00f3n de maestros Rosa Sensat. Av.de las Drassanes, 3 <\/p>\n<h4>Grupos<\/h4>\n<p>EI1A<\/p>\n<h4>Objetivo<\/h4>\n<p>Conocer de primera mano una entidad referente en el sector de la educaci\u00f3n infantil, sus espacios, servicios y actividades a la vez que conocer a una profesional en activo.<\/p>\n<h4>Haremos<\/h4>\n<p>Visita comentada a la Asociaci\u00f3n de maestros Rosa Sensat con visita al archivo hist\u00f3rico, la biblioteca y una charla &#8211; conversaci\u00f3n con una educadora infantil en activo trabajadora de una guarder\u00eda municipal (0-3).<\/p>\n<h4>Enlaces<\/h4>\n<p>https:\/\/www.rosasensat.org\/<\/p>\n<h4>Otras consideraciones<\/h4>\n","protected":false},"excerpt":{"rendered":"<p>Visita y charla en la Asociaci\u00f3n de maestros Rosa Sensat Ubicaci\u00f3n Asociaci\u00f3n de maestros Rosa Sensat. Av.de las Drassanes, 3 Grupos EI1A Objetivo Conocer de primera mano una entidad referente [&hellip;]<\/p>\n","protected":false},"author":1,"featured_media":11825,"comment_status":"closed","ping_status":"closed","template":"","meta":{"_monsterinsights_skip_tracking":false,"_monsterinsights_sitenote_active":false,"_monsterinsights_sitenote_note":"","_monsterinsights_sitenote_category":0,"_tribe_events_status":"","_tribe_events_status_reason":""},"tags":[171,768],"tribe_events_cat":[102],"_links":{"self":[{"href":"https:\/\/politecnics.barcelona\/es\/wp-json\/wp\/v2\/tribe_events\/11828"}],"collection":[{"href":"https:\/\/politecnics.barcelona\/es\/wp-json\/wp\/v2\/tribe_events"}],"about":[{"href":"https:\/\/politecnics.barcelona\/es\/wp-json\/wp\/v2\/types\/tribe_events"}],"author":[{"embeddable":true,"href":"https:\/\/politecnics.barcelona\/es\/wp-json\/wp\/v2\/users\/1"}],"replies":[{"embeddable":true,"href":"https:\/\/politecnics.barcelona\/es\/wp-json\/wp\/v2\/comments?post=11828"}],"version-history":[{"count":1,"href":"https:\/\/politecnics.barcelona\/es\/wp-json\/wp\/v2\/tribe_events\/11828\/revisions"}],"predecessor-version":[{"id":11829,"href":"https:\/\/politecnics.barcelona\/es\/wp-json\/wp\/v2\/tribe_events\/11828\/revisions\/11829"}],"wp:featuredmedia":[{"embeddable":true,"href":"https:\/\/politecnics.barcelona\/es\/wp-json\/wp\/v2\/media\/11825"}],"wp:attachment":[{"href":"https:\/\/politecnics.barcelona\/es\/wp-json\/wp\/v2\/media?parent=11828"}],"wp:term":[{"taxonomy":"post_tag","embeddable":true,"href":"https:\/\/politecnics.barcelona\/es\/wp-json\/wp\/v2\/tags?post=11828"},{"taxonomy":"tribe_events_cat","embeddable":true,"href":"https:\/\/politecnics.barcelona\/es\/wp-json\/wp\/v2\/tribe_events_cat?post=11828"}],"curies":[{"name":"wp","href":"https:\/\/api.w.org\/{rel}","templated":true}]}}

Visita y charla en la Asociación de maestros Rosa Sensat

<h2>Visita y charla en la Asociación de maestros Rosa Sensat</h2>
<h4>Ubicación</h4>
<p>Asociación de maestros Rosa Sensat. Av.de las Drassanes, 3 </p>
<h4>Grupos</h4>
<p>EI1A</p>
<h4>Objetivo</h4>
<p>Conocer de primera mano una entidad referente en el sector de la educación infantil, sus espacios, servicios y actividades a la vez que conocer a una profesional en activo.</p>
<h4>Haremos</h4>
<p>Visita comentada a la Asociación de maestros Rosa Sensat con visita al archivo histórico, la biblioteca y una charla &#8211; conversación con una educadora infantil en activo trabajadora de una guardería municipal (0-3).</p>
<h4>Enlaces</h4>
<p>https://www.rosasensat.org/</p>
<h4>Otras consideraciones</h4>

<p>Visita y charla en la Asociación de maestros Rosa Sensat Ubicación Asociación de maestros Rosa Sensat. Av.de las Drassanes, 3 Grupos EI1A Objetivo Conocer de primera mano una entidad referente [&hellip;]</p>
