{"id":11858,"date":"2025-10-02T08:51:13","date_gmt":"2025-10-02T06:51:13","guid":{"rendered":"https:\/\/politecnics.barcelona\/agenda\/visita-a-la-exposicion-de-fotografia-del-periodista-videografo-y-fotografo-abood-abusalama\/"},"modified":"2025-10-02T10:01:15","modified_gmt":"2025-10-02T08:01:15","slug":"visita-a-la-exposicion-de-fotografia-del-periodista-videografo-y-fotografo-abood-abusalama","status":"publish","type":"tribe_events","link":"https:\/\/politecnics.barcelona\/es\/agenda\/visita-a-la-exposicion-de-fotografia-del-periodista-videografo-y-fotografo-abood-abusalama\/","title":{"rendered":"Exposici\u00f3n fotoperiodismo de guerra \u00b7 Abood Abusalama &amp; Valeria Marcolin"},"content":{"rendered":"<h2>Exposici\u00f3n fotoperiodismo de guerra \u00b7 Abood Abusalama &amp; Valeria Marcolin<\/h2>\n<h4>Ubicaci\u00f3n<\/h4>\n<p>Sede de Plaudit\u00e9 Teatre &#8211; Edifici Freixas<\/p>\n<h4>Grupos<\/h4>\n<p>MARP1A, MARP1B, MARP1C<\/p>\n<h4>Objetivo<\/h4>\n<p>Conocer la crueldad de una guerra a trav\u00e9s del an\u00e1lisis de las im\u00e1genes del fot\u00f3grafo Abood Abusalama<\/p>\n<h4>Haremos<\/h4>\n<p>Visita a exposici\u00f3n de fotograf\u00eda del periodista vide\u00f3grafo y fot\u00f3grafo Abood Abusalama, en colaboraci\u00f3n con Valeria Marcolin co-directora de la ONG francesa Culture et D\u00e9veloppement vinculada a la UNESCO as\u00ed como de F. Javier Gil Mu\u00f1ana, director creativo de ACTUAL is a design y realizaci\u00f3n de una acci\u00f3n de comunicaci\u00f3n.<br \/>\nPosteriomente esta actividad servir\u00e1 para reflexionar sobre las guerras desde el m\u00f3dulo de tutor\u00eda.<\/p>\n<h4>Enlaces<\/h4>\n<p>https:\/\/maps.app.goo.gl\/A2xKoX5UcyaxdjF46?g_st=aw<\/p>\n<h4>Otras consideraciones<\/h4>\n","protected":false},"excerpt":{"rendered":"<p>Exposici\u00f3n fotoperiodismo de guerra \u00b7 Abood Abusalama &amp; Valeria Marcolin Ubicaci\u00f3n Sede de Plaudit\u00e9 Teatre &#8211; Edifici Freixas Grupos MARP1A, MARP1B, MARP1C Objetivo Conocer la crueldad de una guerra a [&hellip;]<\/p>\n","protected":false},"author":1,"featured_media":11855,"comment_status":"closed","ping_status":"closed","template":"","meta":{"_monsterinsights_skip_tracking":false,"_monsterinsights_sitenote_active":false,"_monsterinsights_sitenote_note":"","_monsterinsights_sitenote_category":0,"_tribe_events_status":"","_tribe_events_status_reason":""},"tags":[779,781],"tribe_events_cat":[102],"_links":{"self":[{"href":"https:\/\/politecnics.barcelona\/es\/wp-json\/wp\/v2\/tribe_events\/11858"}],"collection":[{"href":"https:\/\/politecnics.barcelona\/es\/wp-json\/wp\/v2\/tribe_events"}],"about":[{"href":"https:\/\/politecnics.barcelona\/es\/wp-json\/wp\/v2\/types\/tribe_events"}],"author":[{"embeddable":true,"href":"https:\/\/politecnics.barcelona\/es\/wp-json\/wp\/v2\/users\/1"}],"replies":[{"embeddable":true,"href":"https:\/\/politecnics.barcelona\/es\/wp-json\/wp\/v2\/comments?post=11858"}],"version-history":[{"count":3,"href":"https:\/\/politecnics.barcelona\/es\/wp-json\/wp\/v2\/tribe_events\/11858\/revisions"}],"predecessor-version":[{"id":11883,"href":"https:\/\/politecnics.barcelona\/es\/wp-json\/wp\/v2\/tribe_events\/11858\/revisions\/11883"}],"wp:featuredmedia":[{"embeddable":true,"href":"https:\/\/politecnics.barcelona\/es\/wp-json\/wp\/v2\/media\/11855"}],"wp:attachment":[{"href":"https:\/\/politecnics.barcelona\/es\/wp-json\/wp\/v2\/media?parent=11858"}],"wp:term":[{"taxonomy":"post_tag","embeddable":true,"href":"https:\/\/politecnics.barcelona\/es\/wp-json\/wp\/v2\/tags?post=11858"},{"taxonomy":"tribe_events_cat","embeddable":true,"href":"https:\/\/politecnics.barcelona\/es\/wp-json\/wp\/v2\/tribe_events_cat?post=11858"}],"curies":[{"name":"wp","href":"https:\/\/api.w.org\/{rel}","templated":true}]}}

Exposición fotoperiodismo de guerra · Abood Abusalama &amp; Valeria Marcolin

<h2>Exposición fotoperiodismo de guerra · Abood Abusalama &amp; Valeria Marcolin</h2>
<h4>Ubicación</h4>
<p>Sede de Plaudité Teatre &#8211; Edifici Freixas</p>
<h4>Grupos</h4>
<p>MARP1A, MARP1B, MARP1C</p>
<h4>Objetivo</h4>
<p>Conocer la crueldad de una guerra a través del análisis de las imágenes del fotógrafo Abood Abusalama</p>
<h4>Haremos</h4>
<p>Visita a exposición de fotografía del periodista videógrafo y fotógrafo Abood Abusalama, en colaboración con Valeria Marcolin co-directora de la ONG francesa Culture et Développement vinculada a la UNESCO así como de F. Javier Gil Muñana, director creativo de ACTUAL is a design y realización de una acción de comunicación.<br />
Posteriomente esta actividad servirá para reflexionar sobre las guerras desde el módulo de tutoría.</p>
<h4>Enlaces</h4>
<p>https://maps.app.goo.gl/A2xKoX5UcyaxdjF46?g_st=aw</p>
<h4>Otras consideraciones</h4>

<p>Exposición fotoperiodismo de guerra · Abood Abusalama &amp; Valeria Marcolin Ubicación Sede de Plaudité Teatre &#8211; Edifici Freixas Grupos MARP1A, MARP1B, MARP1C Objetivo Conocer la crueldad de una guerra a [&hellip;]</p>
