{"id":11875,"date":"2025-10-02T09:37:26","date_gmt":"2025-10-02T07:37:26","guid":{"rendered":"https:\/\/politecnics.barcelona\/agenda\/jornada-go-export\/"},"modified":"2025-10-02T09:37:26","modified_gmt":"2025-10-02T07:37:26","slug":"jornada-go-export","status":"publish","type":"tribe_events","link":"https:\/\/politecnics.barcelona\/es\/agenda\/jornada-go-export\/","title":{"rendered":"Jornada GO Export"},"content":{"rendered":"<h2>Jornada GO Export<\/h2>\n<h4>Ubicaci\u00f3n<\/h4>\n<p>C\u00e1mara de Comercio de Barcelona<\/p>\n<h4>Grupos<\/h4>\n<p>CINT2A<\/p>\n<h4>Objetivo<\/h4>\n<p>Conocer los recursos, servicios y soporte que da la C\u00e1mara de Comercio a las empresas en su proceso de internacionalizaci\u00f3n.<\/p>\n<h4>Haremos<\/h4>\n<p>Hablaremos de por qu\u00e9 es vital expandirse m\u00e1s all\u00e1 de las fronteras y, sobre todo, c\u00f3mo preparar de manera s\u00f3lida y eficaz su empresa para asumir los retos globales.<br \/>\nAdem\u00e1s, le ofreceremos informaci\u00f3n pr\u00e1ctica y actualizada sobre los recursos, servicios y apoyo que tiene a su alcance para iniciar y consolidar su presencia en los mercados internacionales.<\/p>\n<h4>Enlaces<\/h4>\n<p>https:\/\/cambrabcn.org\/jornades-sobre-mercats-internacionals\/?call=Q6UJ9A0E36SV<\/p>\n<h4>Otras consideraciones<\/h4>\n","protected":false},"excerpt":{"rendered":"<p>Jornada GO Export Ubicaci\u00f3n C\u00e1mara de Comercio de Barcelona Grupos CINT2A Objetivo Conocer los recursos, servicios y soporte que da la C\u00e1mara de Comercio a las empresas en su proceso [&hellip;]<\/p>\n","protected":false},"author":1,"featured_media":11872,"comment_status":"closed","ping_status":"closed","template":"","meta":{"_monsterinsights_skip_tracking":false,"_monsterinsights_sitenote_active":false,"_monsterinsights_sitenote_note":"","_monsterinsights_sitenote_category":0,"_tribe_events_status":"","_tribe_events_status_reason":""},"tags":[783,173],"tribe_events_cat":[102],"_links":{"self":[{"href":"https:\/\/politecnics.barcelona\/es\/wp-json\/wp\/v2\/tribe_events\/11875"}],"collection":[{"href":"https:\/\/politecnics.barcelona\/es\/wp-json\/wp\/v2\/tribe_events"}],"about":[{"href":"https:\/\/politecnics.barcelona\/es\/wp-json\/wp\/v2\/types\/tribe_events"}],"author":[{"embeddable":true,"href":"https:\/\/politecnics.barcelona\/es\/wp-json\/wp\/v2\/users\/1"}],"replies":[{"embeddable":true,"href":"https:\/\/politecnics.barcelona\/es\/wp-json\/wp\/v2\/comments?post=11875"}],"version-history":[{"count":0,"href":"https:\/\/politecnics.barcelona\/es\/wp-json\/wp\/v2\/tribe_events\/11875\/revisions"}],"wp:featuredmedia":[{"embeddable":true,"href":"https:\/\/politecnics.barcelona\/es\/wp-json\/wp\/v2\/media\/11872"}],"wp:attachment":[{"href":"https:\/\/politecnics.barcelona\/es\/wp-json\/wp\/v2\/media?parent=11875"}],"wp:term":[{"taxonomy":"post_tag","embeddable":true,"href":"https:\/\/politecnics.barcelona\/es\/wp-json\/wp\/v2\/tags?post=11875"},{"taxonomy":"tribe_events_cat","embeddable":true,"href":"https:\/\/politecnics.barcelona\/es\/wp-json\/wp\/v2\/tribe_events_cat?post=11875"}],"curies":[{"name":"wp","href":"https:\/\/api.w.org\/{rel}","templated":true}]}}

<h2>Jornada GO Export</h2>
<h4>Ubicación</h4>
<p>Cámara de Comercio de Barcelona</p>
<h4>Grupos</h4>
<p>CINT2A</p>
<h4>Objetivo</h4>
<p>Conocer los recursos, servicios y soporte que da la Cámara de Comercio a las empresas en su proceso de internacionalización.</p>
<h4>Haremos</h4>
<p>Hablaremos de por qué es vital expandirse más allá de las fronteras y, sobre todo, cómo preparar de manera sólida y eficaz su empresa para asumir los retos globales.<br />
Además, le ofreceremos información práctica y actualizada sobre los recursos, servicios y apoyo que tiene a su alcance para iniciar y consolidar su presencia en los mercados internacionales.</p>
<h4>Enlaces</h4>
<p>https://cambrabcn.org/jornades-sobre-mercats-internacionals/?call=Q6UJ9A0E36SV</p>
<h4>Otras consideraciones</h4>

<p>Jornada GO Export Ubicación Cámara de Comercio de Barcelona Grupos CINT2A Objetivo Conocer los recursos, servicios y soporte que da la Cámara de Comercio a las empresas en su proceso [&hellip;]</p>
