{"id":11904,"date":"2025-10-03T10:01:01","date_gmt":"2025-10-03T08:01:01","guid":{"rendered":"https:\/\/politecnics.barcelona\/agenda\/taller-antirracismo-cambiamos-el-marco\/"},"modified":"2025-10-03T10:01:01","modified_gmt":"2025-10-03T08:01:01","slug":"taller-antirracismo-cambiamos-el-marco","status":"publish","type":"tribe_events","link":"https:\/\/politecnics.barcelona\/es\/agenda\/taller-antirracismo-cambiamos-el-marco\/","title":{"rendered":"Taller antirracismo: \u00a1cambiamos el marco!"},"content":{"rendered":"<h2>Taller antirracismo: \u00a1cambiamos el marco!<\/h2>\n<h4>Ubicaci\u00f3n<\/h4>\n<p>Centro Santa Anna<\/p>\n<h4>Grupos<\/h4>\n<p>EI1A<\/p>\n<h4>Objetivo<\/h4>\n<p>Promover una mirada respetuosa e inclusiva al alumnado con incidencia en la provenci\u00f3n de violencias estructurales, en este caso: el racismo.<\/p>\n<h4>Haremos<\/h4>\n<p>Las personas pensamos c\u00f3mo hablamos: las palabras y met\u00e1foras que utilizamos a diario, ya menudo de forma mec\u00e1nica, tienen la capacidad de dar forma a nuestra forma de entender el mundo. Este taller reflexiona sobre \u00abc\u00f3mo\u00bb hablamos para ser capaces de reconocer los elementos estructurales de racismo que \u00abreconstruimos\u00bb, legitimamos y normalizamos. Se realizar\u00e1 a partir de la comprensi\u00f3n de los marcos mentales opresivos que nuestras palabras evocan, y mediante el an\u00e1lisis cr\u00edtico de narrativas opresivas y discriminatorias.  <\/p>\n<p>Durante el taller se reflexionar\u00e1 sobre c\u00f3mo funcionan estos mecanismos, analizando las caracter\u00edsticas que tienen las narrativas opresivas (racistas) a trav\u00e9s de v\u00eddeos y casos de estudio seleccionados a partir de hechos y situaciones de actualidad. Durante el taller se propondr\u00e1n algunas pautas para construir narrativas transformadoras de los \u201cmarcos\u201d mediante ejemplos y experiencias concretas. <\/p>\n<h4>Enlaces<\/h4>\n<p>https:\/\/ajuntament.barcelona.cat\/bcnacciointercultural\/ca\/estrategia-bcn-antirumors\/formacio\/cataleg-dactivitats-interculturals\/canviem-el-marc<\/p>\n<h4>Otras consideraciones<\/h4>\n","protected":false},"excerpt":{"rendered":"<p>Taller antirracismo: \u00a1cambiamos el marco! Ubicaci\u00f3n Centro Santa Anna Grupos EI1A Objetivo Promover una mirada respetuosa e inclusiva al alumnado con incidencia en la provenci\u00f3n de violencias estructurales, en este [&hellip;]<\/p>\n","protected":false},"author":2,"featured_media":11902,"comment_status":"closed","ping_status":"closed","template":"","meta":{"_monsterinsights_skip_tracking":false,"_monsterinsights_sitenote_active":false,"_monsterinsights_sitenote_note":"","_monsterinsights_sitenote_category":0,"_tribe_events_status":"","_tribe_events_status_reason":""},"tags":[171,787],"tribe_events_cat":[102],"_links":{"self":[{"href":"https:\/\/politecnics.barcelona\/es\/wp-json\/wp\/v2\/tribe_events\/11904"}],"collection":[{"href":"https:\/\/politecnics.barcelona\/es\/wp-json\/wp\/v2\/tribe_events"}],"about":[{"href":"https:\/\/politecnics.barcelona\/es\/wp-json\/wp\/v2\/types\/tribe_events"}],"author":[{"embeddable":true,"href":"https:\/\/politecnics.barcelona\/es\/wp-json\/wp\/v2\/users\/2"}],"replies":[{"embeddable":true,"href":"https:\/\/politecnics.barcelona\/es\/wp-json\/wp\/v2\/comments?post=11904"}],"version-history":[{"count":0,"href":"https:\/\/politecnics.barcelona\/es\/wp-json\/wp\/v2\/tribe_events\/11904\/revisions"}],"wp:featuredmedia":[{"embeddable":true,"href":"https:\/\/politecnics.barcelona\/es\/wp-json\/wp\/v2\/media\/11902"}],"wp:attachment":[{"href":"https:\/\/politecnics.barcelona\/es\/wp-json\/wp\/v2\/media?parent=11904"}],"wp:term":[{"taxonomy":"post_tag","embeddable":true,"href":"https:\/\/politecnics.barcelona\/es\/wp-json\/wp\/v2\/tags?post=11904"},{"taxonomy":"tribe_events_cat","embeddable":true,"href":"https:\/\/politecnics.barcelona\/es\/wp-json\/wp\/v2\/tribe_events_cat?post=11904"}],"curies":[{"name":"wp","href":"https:\/\/api.w.org\/{rel}","templated":true}]}}

<h2>Taller antirracismo: ¡cambiamos el marco!</h2>
<h4>Ubicación</h4>
<p>Centro Santa Anna</p>
<h4>Grupos</h4>
<p>EI1A</p>
<h4>Objetivo</h4>
<p>Promover una mirada respetuosa e inclusiva al alumnado con incidencia en la provención de violencias estructurales, en este caso: el racismo.</p>
<h4>Haremos</h4>
<p>Las personas pensamos cómo hablamos: las palabras y metáforas que utilizamos a diario, ya menudo de forma mecánica, tienen la capacidad de dar forma a nuestra forma de entender el mundo. Este taller reflexiona sobre «cómo» hablamos para ser capaces de reconocer los elementos estructurales de racismo que «reconstruimos», legitimamos y normalizamos. Se realizará a partir de la comprensión de los marcos mentales opresivos que nuestras palabras evocan, y mediante el análisis crítico de narrativas opresivas y discriminatorias.  </p>
<p>Durante el taller se reflexionará sobre cómo funcionan estos mecanismos, analizando las características que tienen las narrativas opresivas (racistas) a través de vídeos y casos de estudio seleccionados a partir de hechos y situaciones de actualidad. Durante el taller se propondrán algunas pautas para construir narrativas transformadoras de los “marcos” mediante ejemplos y experiencias concretas. </p>
<h4>Enlaces</h4>
<p>https://ajuntament.barcelona.cat/bcnacciointercultural/ca/estrategia-bcn-antirumors/formacio/cataleg-dactivitats-interculturals/canviem-el-marc</p>
<h4>Otras consideraciones</h4>

<p>Taller antirracismo: ¡cambiamos el marco! Ubicación Centro Santa Anna Grupos EI1A Objetivo Promover una mirada respetuosa e inclusiva al alumnado con incidencia en la provención de violencias estructurales, en este [&hellip;]</p>
