{"id":12026,"date":"2025-10-26T14:51:40","date_gmt":"2025-10-26T13:51:40","guid":{"rendered":"https:\/\/politecnics.barcelona\/agenda\/xv-meeting-point-bilbao\/"},"modified":"2025-10-26T14:54:14","modified_gmt":"2025-10-26T13:54:14","slug":"xv-meeting-point-bilbao","status":"publish","type":"tribe_events","link":"https:\/\/politecnics.barcelona\/es\/agenda\/xv-meeting-point-bilbao\/","title":{"rendered":"XV Meeting Point Bilbao"},"content":{"rendered":"<h2>XV Meeting Point Bilbao<\/h2>\n<h4>Ubicaci\u00f3n<\/h4>\n<p>Estaci\u00f3n de Sants (sortida del grup cap a Bilbao)<\/p>\n<h4>Grupos<\/h4>\n<p>2A Gesti\u00f3n Administrativa<\/p>\n<h4>Objetivo<\/h4>\n<p>Participar en la <strong data-start=\"487\" data-end=\"516\">Feria de Empresas Simuladas<\/strong> , una experiencia educativa que tiene por objetivo <strong data-start=\"564\" data-end=\"614\">acercar al alumnado al mundo laboral y empresarial<\/strong> a trav\u00e9s de la <strong data-start=\"630\" data-end=\"673\">simulaci\u00f3n real de actividades econ\u00f3micas<\/strong> .<\/p>\n<p>Esta iniciativa fomenta <strong data-start=\"704\" data-end=\"758\">competencias profesionales, sociales y emprendedoras<\/strong> , potenciando el aprendizaje pr\u00e1ctico y la motivaci\u00f3n del alumnado.<\/p>\n<h4>Haremos<\/h4>\n<p>La actividad consiste en participar activamente en una <strong data-start=\"896\" data-end=\"925\">Feria de Empresas Simuladas<\/strong> , donde el alumnado pondr\u00e1 en pr\u00e1ctica sus <strong data-start=\"969\" data-end=\"1031\">habilidades de negociaci\u00f3n, comunicaci\u00f3n y gesti\u00f3n empresarial<\/strong> , realizando <strong data-start=\"1044\" data-end=\"1071\">transacciones comerciales<\/strong> con otras empresas simuladas y gestionando los <strong data-start=\"1119\" data-end=\"1154\">procesos internos de una empresa<\/strong> de forma realista.<\/p>\n<h4>Enlaces<\/h4>\n<p>https:\/\/drive.google.com\/file\/d\/1GyZzRJuM7kM3rptxFoUWD-gFJyNd_3J2\/view<\/p>\n<h4>Otras consideraciones<\/h4>\n","protected":false},"excerpt":{"rendered":"<p>XV Meeting Point Bilbao Ubicaci\u00f3n Estaci\u00f3n de Sants (sortida del grup cap a Bilbao) Grupos 2A Gesti\u00f3n Administrativa Objetivo Participar en la Feria de Empresas Simuladas , una experiencia educativa [&hellip;]<\/p>\n","protected":false},"author":2,"featured_media":12023,"comment_status":"closed","ping_status":"closed","template":"","meta":{"_monsterinsights_skip_tracking":false,"_monsterinsights_sitenote_active":false,"_monsterinsights_sitenote_note":"","_monsterinsights_sitenote_category":0,"_tribe_events_status":"","_tribe_events_status_reason":""},"tags":[811],"tribe_events_cat":[102],"_links":{"self":[{"href":"https:\/\/politecnics.barcelona\/es\/wp-json\/wp\/v2\/tribe_events\/12026"}],"collection":[{"href":"https:\/\/politecnics.barcelona\/es\/wp-json\/wp\/v2\/tribe_events"}],"about":[{"href":"https:\/\/politecnics.barcelona\/es\/wp-json\/wp\/v2\/types\/tribe_events"}],"author":[{"embeddable":true,"href":"https:\/\/politecnics.barcelona\/es\/wp-json\/wp\/v2\/users\/2"}],"replies":[{"embeddable":true,"href":"https:\/\/politecnics.barcelona\/es\/wp-json\/wp\/v2\/comments?post=12026"}],"version-history":[{"count":1,"href":"https:\/\/politecnics.barcelona\/es\/wp-json\/wp\/v2\/tribe_events\/12026\/revisions"}],"predecessor-version":[{"id":12027,"href":"https:\/\/politecnics.barcelona\/es\/wp-json\/wp\/v2\/tribe_events\/12026\/revisions\/12027"}],"wp:featuredmedia":[{"embeddable":true,"href":"https:\/\/politecnics.barcelona\/es\/wp-json\/wp\/v2\/media\/12023"}],"wp:attachment":[{"href":"https:\/\/politecnics.barcelona\/es\/wp-json\/wp\/v2\/media?parent=12026"}],"wp:term":[{"taxonomy":"post_tag","embeddable":true,"href":"https:\/\/politecnics.barcelona\/es\/wp-json\/wp\/v2\/tags?post=12026"},{"taxonomy":"tribe_events_cat","embeddable":true,"href":"https:\/\/politecnics.barcelona\/es\/wp-json\/wp\/v2\/tribe_events_cat?post=12026"}],"curies":[{"name":"wp","href":"https:\/\/api.w.org\/{rel}","templated":true}]}}

<h2>XV Meeting Point Bilbao</h2>
<h4>Ubicación</h4>
<p>Estación de Sants (sortida del grup cap a Bilbao)</p>
<h4>Grupos</h4>
<p>2A Gestión Administrativa</p>
<h4>Objetivo</h4>
<p>Participar en la <strong data-start="487" data-end="516">Feria de Empresas Simuladas</strong> , una experiencia educativa que tiene por objetivo <strong data-start="564" data-end="614">acercar al alumnado al mundo laboral y empresarial</strong> a través de la <strong data-start="630" data-end="673">simulación real de actividades económicas</strong> .</p>
<p>Esta iniciativa fomenta <strong data-start="704" data-end="758">competencias profesionales, sociales y emprendedoras</strong> , potenciando el aprendizaje práctico y la motivación del alumnado.</p>
<h4>Haremos</h4>
<p>La actividad consiste en participar activamente en una <strong data-start="896" data-end="925">Feria de Empresas Simuladas</strong> , donde el alumnado pondrá en práctica sus <strong data-start="969" data-end="1031">habilidades de negociación, comunicación y gestión empresarial</strong> , realizando <strong data-start="1044" data-end="1071">transacciones comerciales</strong> con otras empresas simuladas y gestionando los <strong data-start="1119" data-end="1154">procesos internos de una empresa</strong> de forma realista.</p>
<h4>Enlaces</h4>
<p>https://drive.google.com/file/d/1GyZzRJuM7kM3rptxFoUWD-gFJyNd_3J2/view</p>
<h4>Otras consideraciones</h4>

<p>XV Meeting Point Bilbao Ubicación Estación de Sants (sortida del grup cap a Bilbao) Grupos 2A Gestión Administrativa Objetivo Participar en la Feria de Empresas Simuladas , una experiencia educativa [&hellip;]</p>
