{"id":12112,"date":"2025-11-10T09:53:17","date_gmt":"2025-11-10T08:53:17","guid":{"rendered":"https:\/\/politecnics.barcelona\/agenda\/charla-desarrollo-y-acompanamiento-a-la-sexualidad-en-la-etapa-0-6-con-sexducacion\/"},"modified":"2025-11-10T09:53:17","modified_gmt":"2025-11-10T08:53:17","slug":"charla-desarrollo-y-acompanamiento-a-la-sexualidad-en-la-etapa-0-6-con-sexducacion","status":"publish","type":"tribe_events","link":"https:\/\/politecnics.barcelona\/es\/agenda\/charla-desarrollo-y-acompanamiento-a-la-sexualidad-en-la-etapa-0-6-con-sexducacion\/","title":{"rendered":"Charla \u201cDesarrollo y acompa\u00f1amiento a la sexualidad en la etapa 0-6\u201d con Sexducaci\u00f3n"},"content":{"rendered":"<h2>Charla \u201cDesarrollo y acompa\u00f1amiento a la sexualidad en la etapa 0-6\u201d con Sexducaci\u00f3n<\/h2>\n<h4>Ubicaci\u00f3n<\/h4>\n<p>Centro de Estudios Polit\u00e9cnicos<\/p>\n<h4>Grupos<\/h4>\n<p data-start=\"465\" data-end=\"509\">1\u00ba de Educaci\u00f3n Infantil<\/p>\n<h4>Objetivo<\/h4>\n<p>Reflexionar sobre el <strong data-start=\"551\" data-end=\"620\">desarrollo afectivo y sexual en la primera infancia (0-6 a\u00f1os)<\/strong> y adquirir <strong data-start=\"632\" data-end=\"670\">herramientas para acompa\u00f1ar esta etapa<\/strong> desde una mirada respetuosa, educativa y adaptada al momento evolutivo de los ni\u00f1os.<\/p>\n<h4>Haremos<\/h4>\n<p>Asistimos a la <strong data-start=\"836\" data-end=\"911\">charla \u201cDesarrollo y acompa\u00f1amiento a la sexualidad en la etapa 0-6\u201d<\/strong> , a cargo de <strong data-start=\"925\" data-end=\"940\">Sexducaci\u00f3n<\/strong> .<br data-start=\"941\" data-end=\"944\">Durante la sesi\u00f3n, se hablar\u00e1 de <strong data-start=\"976\" data-end=\"1041\">c\u00f3mo se construye la sexualidad desde los primeros a\u00f1os de vida<\/strong> , del papel que desempe\u00f1an <strong data-start=\"1066\" data-end=\"1106\">las emociones, el cuerpo y las relaciones<\/strong> , y de <strong data-start=\"1113\" data-end=\"1210\">c\u00f3mo familias y profesionales pueden promover un acompa\u00f1amiento saludable y libre de estereotipos<\/strong> .<\/p>\n<h4>Enlaces<\/h4>\n<div class=\"video-shortcode\">\n<blockquote class=\"wp-embedded-content\" data-secret=\"qWDBwQqpNg\"><p><a href=\"https:\/\/sexducacion.com\/\">Inicio<\/a><\/p><\/blockquote>\n<p><iframe class=\"wp-embedded-content\" sandbox=\"allow-scripts\" security=\"restricted\" style=\"position: absolute; clip: rect(1px, 1px, 1px, 1px);\" title=\"\u00abInicio\u00bb \u2014 Sexducacion\" src=\"https:\/\/sexducacion.com\/embed\/#?secret=sTh9WFf22M#?secret=qWDBwQqpNg\" data-secret=\"qWDBwQqpNg\" width=\"600\" height=\"338\" frameborder=\"0\" marginwidth=\"0\" marginheight=\"0\" scrolling=\"no\"><\/iframe><\/div>\n<h4>Otras consideraciones<\/h4>\n","protected":false},"excerpt":{"rendered":"<p>Charla \u201cDesarrollo y acompa\u00f1amiento a la sexualidad en la etapa 0-6\u201d con Sexducaci\u00f3n Ubicaci\u00f3n Centro de Estudios Polit\u00e9cnicos Grupos 1\u00ba de Educaci\u00f3n Infantil Objetivo Reflexionar sobre el desarrollo afectivo y [&hellip;]<\/p>\n","protected":false},"author":2,"featured_media":12110,"comment_status":"closed","ping_status":"closed","template":"","meta":{"_monsterinsights_skip_tracking":false,"_monsterinsights_sitenote_active":false,"_monsterinsights_sitenote_note":"","_monsterinsights_sitenote_category":0,"_tribe_events_status":"","_tribe_events_status_reason":""},"tags":[823],"tribe_events_cat":[102],"_links":{"self":[{"href":"https:\/\/politecnics.barcelona\/es\/wp-json\/wp\/v2\/tribe_events\/12112"}],"collection":[{"href":"https:\/\/politecnics.barcelona\/es\/wp-json\/wp\/v2\/tribe_events"}],"about":[{"href":"https:\/\/politecnics.barcelona\/es\/wp-json\/wp\/v2\/types\/tribe_events"}],"author":[{"embeddable":true,"href":"https:\/\/politecnics.barcelona\/es\/wp-json\/wp\/v2\/users\/2"}],"replies":[{"embeddable":true,"href":"https:\/\/politecnics.barcelona\/es\/wp-json\/wp\/v2\/comments?post=12112"}],"version-history":[{"count":0,"href":"https:\/\/politecnics.barcelona\/es\/wp-json\/wp\/v2\/tribe_events\/12112\/revisions"}],"wp:featuredmedia":[{"embeddable":true,"href":"https:\/\/politecnics.barcelona\/es\/wp-json\/wp\/v2\/media\/12110"}],"wp:attachment":[{"href":"https:\/\/politecnics.barcelona\/es\/wp-json\/wp\/v2\/media?parent=12112"}],"wp:term":[{"taxonomy":"post_tag","embeddable":true,"href":"https:\/\/politecnics.barcelona\/es\/wp-json\/wp\/v2\/tags?post=12112"},{"taxonomy":"tribe_events_cat","embeddable":true,"href":"https:\/\/politecnics.barcelona\/es\/wp-json\/wp\/v2\/tribe_events_cat?post=12112"}],"curies":[{"name":"wp","href":"https:\/\/api.w.org\/{rel}","templated":true}]}}

Charla “Desarrollo y acompañamiento a la sexualidad en la etapa 0-6” con Sexducación

<h2>Charla “Desarrollo y acompañamiento a la sexualidad en la etapa 0-6” con Sexducación</h2>
<h4>Ubicación</h4>
<p>Centro de Estudios Politécnicos</p>
<h4>Grupos</h4>
<p data-start="465" data-end="509">1º de Educación Infantil</p>
<h4>Objetivo</h4>
<p>Reflexionar sobre el <strong data-start="551" data-end="620">desarrollo afectivo y sexual en la primera infancia (0-6 años)</strong> y adquirir <strong data-start="632" data-end="670">herramientas para acompañar esta etapa</strong> desde una mirada respetuosa, educativa y adaptada al momento evolutivo de los niños.</p>
<h4>Haremos</h4>
<p>Asistimos a la <strong data-start="836" data-end="911">charla “Desarrollo y acompañamiento a la sexualidad en la etapa 0-6”</strong> , a cargo de <strong data-start="925" data-end="940">Sexducación</strong> .<br data-start="941" data-end="944">Durante la sesión, se hablará de <strong data-start="976" data-end="1041">cómo se construye la sexualidad desde los primeros años de vida</strong> , del papel que desempeñan <strong data-start="1066" data-end="1106">las emociones, el cuerpo y las relaciones</strong> , y de <strong data-start="1113" data-end="1210">cómo familias y profesionales pueden promover un acompañamiento saludable y libre de estereotipos</strong> .</p>
<h4>Enlaces</h4>
<div class="video-shortcode">
<blockquote class="wp-embedded-content" data-secret="qWDBwQqpNg"><p><a href="https://sexducacion.com/">Inicio</a></p></blockquote>
<p><iframe class="wp-embedded-content" sandbox="allow-scripts" security="restricted" style="position: absolute; clip: rect(1px, 1px, 1px, 1px);" title="«Inicio» — Sexducacion" src="https://sexducacion.com/embed/#?secret=sTh9WFf22M#?secret=qWDBwQqpNg" data-secret="qWDBwQqpNg" width="600" height="338" frameborder="0" marginwidth="0" marginheight="0" scrolling="no"></iframe></div>
<h4>Otras consideraciones</h4>

<p>Charla “Desarrollo y acompañamiento a la sexualidad en la etapa 0-6” con Sexducación Ubicación Centro de Estudios Politécnicos Grupos 1º de Educación Infantil Objetivo Reflexionar sobre el desarrollo afectivo y [&hellip;]</p>
