{"id":12189,"date":"2025-11-13T09:31:26","date_gmt":"2025-11-13T08:31:26","guid":{"rendered":"https:\/\/politecnics.barcelona\/agenda\/euro-mediterranean-economic-business-forum-2025-con-cint2a\/"},"modified":"2025-11-13T09:31:26","modified_gmt":"2025-11-13T08:31:26","slug":"euro-mediterranean-economic-business-forum-2025-con-cint2a","status":"publish","type":"tribe_events","link":"https:\/\/politecnics.barcelona\/es\/agenda\/euro-mediterranean-economic-business-forum-2025-con-cint2a\/","title":{"rendered":"Euro-Mediterranean Economic &amp; Business Forum 2025 con CINT2A"},"content":{"rendered":"<h2>Euro-Mediterranean Economic &amp; Business Forum 2025<\/h2>\n<h4>Ubicaci\u00f3n<\/h4>\n<p>Casa Lonja de Mar, Paseo de Isabel II, 1 \u2013 Barcelona<\/p>\n<h4>Grupos<\/h4>\n<p>2\u00aa de Comercio Internacional<\/p>\n<h4>Objetivo<\/h4>\n<p>Conocer las <g id=\"gid_0\">perspectivas econ\u00f3micas y las l\u00edneas estrat\u00e9gicas<\/g> de <strong data-start=\"581\" data-end=\"618\">Catalu\u00f1a y la regi\u00f3n mediterr\u00e1nea<\/strong> en el marco de la estrategia <strong data-start=\"646\" data-end=\"661\">MedCat 2030<\/strong> , poniendo \u00e9nfasis en el <strong data-start=\"683\" data-end=\"708\">crecimiento sostenible<\/strong> , el <strong data-start=\"713\" data-end=\"750\">papel de los sectores econ\u00f3micos clave<\/strong> y las <strong data-start=\"757\" data-end=\"795\">pol\u00edticas de apoyo a la inversi\u00f3n<\/strong> .  <\/p>\n<h4>Haremos<\/h4>\n<p>Visitamos la <strong data-start=\"827\" data-end=\"849\">Casa Llotja de Mar<\/strong> para asistir al <strong data-start=\"867\" data-end=\"920\">Euro-Mediterranean Economic &amp; Business Forum 2025<\/strong> , un espacio de encuentro entre expertos, instituciones y empresas del territorio.<\/p>\n<p>Durante la jornada, escucharemos <strong data-start=\"1028\" data-end=\"1102\">ponencias y debates de expertos sectoriales y representantes institucionales<\/strong> , que compartir\u00e1n su visi\u00f3n y propuestas sobre el <strong data-start=\"1155\" data-end=\"1203\">futuro econ\u00f3mico y empresarial del Mediterr\u00e1neo<\/strong> .<\/p>\n<h4>Enlaces<\/h4>\n<p>https:\/\/www.medeconomicforum.org\/<\/p>\n<h4>Otras consideraciones<\/h4>\n","protected":false},"excerpt":{"rendered":"<p>Euro-Mediterranean Economic &amp; Business Forum 2025 Ubicaci\u00f3n Casa Lonja de Mar, Paseo de Isabel II, 1 \u2013 Barcelona Grupos 2\u00aa de Comercio Internacional Objetivo Conocer las perspectivas econ\u00f3micas y las [&hellip;]<\/p>\n","protected":false},"author":2,"featured_media":12186,"comment_status":"closed","ping_status":"closed","template":"","meta":{"_monsterinsights_skip_tracking":false,"_monsterinsights_sitenote_active":false,"_monsterinsights_sitenote_note":"","_monsterinsights_sitenote_category":0,"_tribe_events_status":"","_tribe_events_status_reason":""},"tags":[843],"tribe_events_cat":[102],"_links":{"self":[{"href":"https:\/\/politecnics.barcelona\/es\/wp-json\/wp\/v2\/tribe_events\/12189"}],"collection":[{"href":"https:\/\/politecnics.barcelona\/es\/wp-json\/wp\/v2\/tribe_events"}],"about":[{"href":"https:\/\/politecnics.barcelona\/es\/wp-json\/wp\/v2\/types\/tribe_events"}],"author":[{"embeddable":true,"href":"https:\/\/politecnics.barcelona\/es\/wp-json\/wp\/v2\/users\/2"}],"replies":[{"embeddable":true,"href":"https:\/\/politecnics.barcelona\/es\/wp-json\/wp\/v2\/comments?post=12189"}],"version-history":[{"count":0,"href":"https:\/\/politecnics.barcelona\/es\/wp-json\/wp\/v2\/tribe_events\/12189\/revisions"}],"wp:featuredmedia":[{"embeddable":true,"href":"https:\/\/politecnics.barcelona\/es\/wp-json\/wp\/v2\/media\/12186"}],"wp:attachment":[{"href":"https:\/\/politecnics.barcelona\/es\/wp-json\/wp\/v2\/media?parent=12189"}],"wp:term":[{"taxonomy":"post_tag","embeddable":true,"href":"https:\/\/politecnics.barcelona\/es\/wp-json\/wp\/v2\/tags?post=12189"},{"taxonomy":"tribe_events_cat","embeddable":true,"href":"https:\/\/politecnics.barcelona\/es\/wp-json\/wp\/v2\/tribe_events_cat?post=12189"}],"curies":[{"name":"wp","href":"https:\/\/api.w.org\/{rel}","templated":true}]}}

<h2>Euro-Mediterranean Economic &amp; Business Forum 2025</h2>
<h4>Ubicación</h4>
<p>Casa Lonja de Mar, Paseo de Isabel II, 1 – Barcelona</p>
<h4>Grupos</h4>
<p>2ª de Comercio Internacional</p>
<h4>Objetivo</h4>
<p>Conocer las <g id="gid_0">perspectivas económicas y las líneas estratégicas</g> de <strong data-start="581" data-end="618">Cataluña y la región mediterránea</strong> en el marco de la estrategia <strong data-start="646" data-end="661">MedCat 2030</strong> , poniendo énfasis en el <strong data-start="683" data-end="708">crecimiento sostenible</strong> , el <strong data-start="713" data-end="750">papel de los sectores económicos clave</strong> y las <strong data-start="757" data-end="795">políticas de apoyo a la inversión</strong> .  </p>
<h4>Haremos</h4>
<p>Visitamos la <strong data-start="827" data-end="849">Casa Llotja de Mar</strong> para asistir al <strong data-start="867" data-end="920">Euro-Mediterranean Economic &amp; Business Forum 2025</strong> , un espacio de encuentro entre expertos, instituciones y empresas del territorio.</p>
<p>Durante la jornada, escucharemos <strong data-start="1028" data-end="1102">ponencias y debates de expertos sectoriales y representantes institucionales</strong> , que compartirán su visión y propuestas sobre el <strong data-start="1155" data-end="1203">futuro económico y empresarial del Mediterráneo</strong> .</p>
<h4>Enlaces</h4>
<p>https://www.medeconomicforum.org/</p>
<h4>Otras consideraciones</h4>

<p>Euro-Mediterranean Economic &amp; Business Forum 2025 Ubicación Casa Lonja de Mar, Paseo de Isabel II, 1 – Barcelona Grupos 2ª de Comercio Internacional Objetivo Conocer las perspectivas económicas y las [&hellip;]</p>
