{"id":12307,"date":"2025-12-15T15:15:34","date_gmt":"2025-12-15T14:15:34","guid":{"rendered":"https:\/\/politecnics.barcelona\/agenda\/presentaciones-finales-del-proyecto-followthelidl-frente-al-equipo-de-lidl\/"},"modified":"2025-12-15T15:17:12","modified_gmt":"2025-12-15T14:17:12","slug":"presentaciones-finales-del-proyecto-followthelidl-frente-al-equipo-de-lidl","status":"publish","type":"tribe_events","link":"https:\/\/politecnics.barcelona\/es\/agenda\/presentaciones-finales-del-proyecto-followthelidl-frente-al-equipo-de-lidl\/","title":{"rendered":"Presentaciones finales del proyecto #FollowTheLidl frente al equipo de Lidl."},"content":{"rendered":"<h2><span class=\"a_GcMg font-feature-liga-off font-feature-clig-off font-feature-calt-off text-decoration-none text-strikethrough-none\">Presentaciones finales del proyecto #FollowTheLidl frente al equipo de Lidl.<\/span><\/h2>\n<h4>Ubicaci\u00f3n<\/h4>\n<p>Gradas de recepci\u00f3n de Urquinaona, 10 \u2013 Barcelona<\/p>\n<h4>Grupos<\/h4>\n<p>1\u00ba de Marketing y Publicidad A, B y C<\/p>\n<h4>Objetivo<\/h4>\n<p data-start=\"472\" data-end=\"731\">Presentar ante el <strong data-start=\"512\" data-end=\"527\">cliente real<\/strong> la <strong data-start=\"531\" data-end=\"612\">propuesta de creaci\u00f3n de una nueva categor\u00eda para el e-commerce de Lidl en Espa\u00f1a<\/strong> , poniendo en pr\u00e1ctica competencias profesionales vinculadas a la comunicaci\u00f3n, marketing y defensa de proyectos.<\/p>\n<h4>Haremos<\/h4>\n<h4>El <strong data-start=\"864\" data-end=\"887\">alumnado seleccionado<\/strong> , que opta a la <strong data-start=\"903\" data-end=\"930\">DUAL intensiva con Lidl<\/strong> , expondr\u00e1 sus propuestas ante los <strong data-start=\"973\" data-end=\"1032\">responsables del Departamento de Marketing de la empresa<\/strong> , simulando un entorno profesional real y exigente.<\/h4>\n<p data-start=\"1085\" data-end=\"1238\">Esta actividad permite trabajar habilidades como la <strong data-start=\"1138\" data-end=\"1235\">presentaci\u00f3n oral, la argumentaci\u00f3n, la capacidad de an\u00e1lisis y la respuesta a preguntas del cliente<\/strong> .<\/p>\n<h4>Enlaces<\/h4>\n<h4>Otras consideraciones<\/h4>\n","protected":false},"excerpt":{"rendered":"<p>Presentaciones finales del proyecto #FollowTheLidl frente al equipo de Lidl. Ubicaci\u00f3n Gradas de recepci\u00f3n de Urquinaona, 10 \u2013 Barcelona Grupos 1\u00ba de Marketing y Publicidad A, B y C Objetivo [&hellip;]<\/p>\n","protected":false},"author":2,"featured_media":10344,"comment_status":"closed","ping_status":"closed","template":"","meta":{"_monsterinsights_skip_tracking":false,"_monsterinsights_sitenote_active":false,"_monsterinsights_sitenote_note":"","_monsterinsights_sitenote_category":0,"_tribe_events_status":"","_tribe_events_status_reason":""},"tags":[857],"tribe_events_cat":[102],"_links":{"self":[{"href":"https:\/\/politecnics.barcelona\/es\/wp-json\/wp\/v2\/tribe_events\/12307"}],"collection":[{"href":"https:\/\/politecnics.barcelona\/es\/wp-json\/wp\/v2\/tribe_events"}],"about":[{"href":"https:\/\/politecnics.barcelona\/es\/wp-json\/wp\/v2\/types\/tribe_events"}],"author":[{"embeddable":true,"href":"https:\/\/politecnics.barcelona\/es\/wp-json\/wp\/v2\/users\/2"}],"replies":[{"embeddable":true,"href":"https:\/\/politecnics.barcelona\/es\/wp-json\/wp\/v2\/comments?post=12307"}],"version-history":[{"count":1,"href":"https:\/\/politecnics.barcelona\/es\/wp-json\/wp\/v2\/tribe_events\/12307\/revisions"}],"predecessor-version":[{"id":12308,"href":"https:\/\/politecnics.barcelona\/es\/wp-json\/wp\/v2\/tribe_events\/12307\/revisions\/12308"}],"wp:featuredmedia":[{"embeddable":true,"href":"https:\/\/politecnics.barcelona\/es\/wp-json\/wp\/v2\/media\/10344"}],"wp:attachment":[{"href":"https:\/\/politecnics.barcelona\/es\/wp-json\/wp\/v2\/media?parent=12307"}],"wp:term":[{"taxonomy":"post_tag","embeddable":true,"href":"https:\/\/politecnics.barcelona\/es\/wp-json\/wp\/v2\/tags?post=12307"},{"taxonomy":"tribe_events_cat","embeddable":true,"href":"https:\/\/politecnics.barcelona\/es\/wp-json\/wp\/v2\/tribe_events_cat?post=12307"}],"curies":[{"name":"wp","href":"https:\/\/api.w.org\/{rel}","templated":true}]}}

<h2><span class="a_GcMg font-feature-liga-off font-feature-clig-off font-feature-calt-off text-decoration-none text-strikethrough-none">Presentaciones finales del proyecto #FollowTheLidl frente al equipo de Lidl.</span></h2>
<h4>Ubicación</h4>
<p>Gradas de recepción de Urquinaona, 10 – Barcelona</p>
<h4>Grupos</h4>
<p>1º de Marketing y Publicidad A, B y C</p>
<h4>Objetivo</h4>
<p data-start="472" data-end="731">Presentar ante el <strong data-start="512" data-end="527">cliente real</strong> la <strong data-start="531" data-end="612">propuesta de creación de una nueva categoría para el e-commerce de Lidl en España</strong> , poniendo en práctica competencias profesionales vinculadas a la comunicación, marketing y defensa de proyectos.</p>
<h4>Haremos</h4>
<h4>El <strong data-start="864" data-end="887">alumnado seleccionado</strong> , que opta a la <strong data-start="903" data-end="930">DUAL intensiva con Lidl</strong> , expondrá sus propuestas ante los <strong data-start="973" data-end="1032">responsables del Departamento de Marketing de la empresa</strong> , simulando un entorno profesional real y exigente.</h4>
<p data-start="1085" data-end="1238">Esta actividad permite trabajar habilidades como la <strong data-start="1138" data-end="1235">presentación oral, la argumentación, la capacidad de análisis y la respuesta a preguntas del cliente</strong> .</p>
<h4>Enlaces</h4>
<h4>Otras consideraciones</h4>

<p>Presentaciones finales del proyecto #FollowTheLidl frente al equipo de Lidl. Ubicación Gradas de recepción de Urquinaona, 10 – Barcelona Grupos 1º de Marketing y Publicidad A, B y C Objetivo [&hellip;]</p>
