{"id":13428,"date":"2026-03-18T17:10:23","date_gmt":"2026-03-18T16:10:23","guid":{"rendered":"https:\/\/politecnics.barcelona\/agenda\/talento-en-accion-experiencia-nestle-con-cint%c2%b7til\/"},"modified":"2026-03-18T17:10:23","modified_gmt":"2026-03-18T16:10:23","slug":"talento-en-accion-experiencia-nestle-con-cint%c2%b7til","status":"publish","type":"tribe_events","link":"https:\/\/politecnics.barcelona\/es\/agenda\/talento-en-accion-experiencia-nestle-con-cint%c2%b7til\/","title":{"rendered":"Talento en Acci\u00f3n: Experiencia Nestl\u00e9 con CINT\u00b7TIL"},"content":{"rendered":"<h2>Talento en Acci\u00f3n: Experiencia Nestl\u00e9 con CINT\u00b7TIL<\/h2>\n<h4>Ubicaci\u00f3n<\/h4>\n<p>Edificio Nestl\u00e9, 08950 Esplugues de Llobregat (Barcelona)<\/p>\n<h4>Grupos<\/h4>\n<p>CINT1A, TIL1A<\/p>\n<h4>Objetivo<\/h4>\n<p>Acercar al alumnado a la realidad del mundo laboral mediante una experiencia directa en el entorno empresarial, fomentando el conocimiento de la cadena de valor, los perfiles profesionales y las competencias m\u00e1s demandadas. La actividad se alinea con el Proyecto Educativo del centro promoviendo la orientaci\u00f3n profesional, el desarrollo de competencias transversales (trabajo en equipo, comunicaci\u00f3n, adaptabilidad) y la conexi\u00f3n entre la formaci\u00f3n acad\u00e9mica y las necesidades reales del tejido empresarial, favoreciendo as\u00ed su empleabilidad y capacidad de futura inserci\u00f3n laboral. <\/p>\n<h4>Haremos<\/h4>\n<p>Visita a las oficinas de Nestl\u00e9 con presentaci\u00f3n de la empresa, charla sobre la cadena de valor (log\u00edstica y transporte), taller de empleabilidad con el equipo de selecci\u00f3n y actividad final de networking.<\/p>\n<h4>Enlaces<\/h4>\n<p>https:\/\/empresa.nestle.es\/es<\/p>\n<h4>Otras consideraciones<\/h4>\n","protected":false},"excerpt":{"rendered":"<p>Talento en Acci\u00f3n: Experiencia Nestl\u00e9 con CINT\u00b7TIL Ubicaci\u00f3n Edificio Nestl\u00e9, 08950 Esplugues de Llobregat (Barcelona) Grupos CINT1A, TIL1A Objetivo Acercar al alumnado a la realidad del mundo laboral mediante una [&hellip;]<\/p>\n","protected":false},"author":1,"featured_media":13425,"comment_status":"closed","ping_status":"closed","template":"","meta":{"_monsterinsights_skip_tracking":false,"_monsterinsights_sitenote_active":false,"_monsterinsights_sitenote_note":"","_monsterinsights_sitenote_category":0,"_tribe_events_status":"","_tribe_events_status_reason":""},"tags":[173,177,178],"tribe_events_cat":[102],"_links":{"self":[{"href":"https:\/\/politecnics.barcelona\/es\/wp-json\/wp\/v2\/tribe_events\/13428"}],"collection":[{"href":"https:\/\/politecnics.barcelona\/es\/wp-json\/wp\/v2\/tribe_events"}],"about":[{"href":"https:\/\/politecnics.barcelona\/es\/wp-json\/wp\/v2\/types\/tribe_events"}],"author":[{"embeddable":true,"href":"https:\/\/politecnics.barcelona\/es\/wp-json\/wp\/v2\/users\/1"}],"replies":[{"embeddable":true,"href":"https:\/\/politecnics.barcelona\/es\/wp-json\/wp\/v2\/comments?post=13428"}],"version-history":[{"count":0,"href":"https:\/\/politecnics.barcelona\/es\/wp-json\/wp\/v2\/tribe_events\/13428\/revisions"}],"wp:featuredmedia":[{"embeddable":true,"href":"https:\/\/politecnics.barcelona\/es\/wp-json\/wp\/v2\/media\/13425"}],"wp:attachment":[{"href":"https:\/\/politecnics.barcelona\/es\/wp-json\/wp\/v2\/media?parent=13428"}],"wp:term":[{"taxonomy":"post_tag","embeddable":true,"href":"https:\/\/politecnics.barcelona\/es\/wp-json\/wp\/v2\/tags?post=13428"},{"taxonomy":"tribe_events_cat","embeddable":true,"href":"https:\/\/politecnics.barcelona\/es\/wp-json\/wp\/v2\/tribe_events_cat?post=13428"}],"curies":[{"name":"wp","href":"https:\/\/api.w.org\/{rel}","templated":true}]}}

Talento en Acción: Experiencia Nestlé con CINT·TIL

<h2>Talento en Acción: Experiencia Nestlé con CINT·TIL</h2>
<h4>Ubicación</h4>
<p>Edificio Nestlé, 08950 Esplugues de Llobregat (Barcelona)</p>
<h4>Grupos</h4>
<p>CINT1A, TIL1A</p>
<h4>Objetivo</h4>
<p>Acercar al alumnado a la realidad del mundo laboral mediante una experiencia directa en el entorno empresarial, fomentando el conocimiento de la cadena de valor, los perfiles profesionales y las competencias más demandadas. La actividad se alinea con el Proyecto Educativo del centro promoviendo la orientación profesional, el desarrollo de competencias transversales (trabajo en equipo, comunicación, adaptabilidad) y la conexión entre la formación académica y las necesidades reales del tejido empresarial, favoreciendo así su empleabilidad y capacidad de futura inserción laboral. </p>
<h4>Haremos</h4>
<p>Visita a las oficinas de Nestlé con presentación de la empresa, charla sobre la cadena de valor (logística y transporte), taller de empleabilidad con el equipo de selección y actividad final de networking.</p>
<h4>Enlaces</h4>
<p>https://empresa.nestle.es/es</p>
<h4>Otras consideraciones</h4>

<p>Talento en Acción: Experiencia Nestlé con CINT·TIL Ubicación Edificio Nestlé, 08950 Esplugues de Llobregat (Barcelona) Grupos CINT1A, TIL1A Objetivo Acercar al alumnado a la realidad del mundo laboral mediante una [&hellip;]</p>
