{"id":13666,"date":"2026-04-22T16:57:10","date_gmt":"2026-04-22T14:57:10","guid":{"rendered":"https:\/\/politecnics.barcelona\/agenda\/visitamos-las-instalaciones-de-3cat\/"},"modified":"2026-04-22T16:57:10","modified_gmt":"2026-04-22T14:57:10","slug":"visitamos-las-instalaciones-de-3cat","status":"publish","type":"tribe_events","link":"https:\/\/politecnics.barcelona\/es\/agenda\/visitamos-las-instalaciones-de-3cat\/","title":{"rendered":"Visitamos las instalaciones de 3CAT"},"content":{"rendered":"<h2>Visitamos las instalaciones de 3CAT<\/h2>\n<h4>Ubicaci\u00f3n<\/h4>\n<p><span class=\"hover:entity-accent entity-underline inline cursor-pointer align-baseline\"><span class=\"whitespace-normal\">3CAT<\/span><\/span> \u00b7 Entrada Parking<\/p>\n<h4>Grupos<\/h4>\n<p>1\u00ba de Marketing y Publicidad (grupos A, B y C)<\/p>\n<h4>Objetivo<\/h4>\n<p>Conocer las <strong data-start=\"221\" data-end=\"246\">instalaciones de TV3<\/strong> y entender c\u00f3mo se producen los programas, as\u00ed como el funcionamiento de los equipos profesionales de los \u00e1mbitos de la <strong data-start=\"360\" data-end=\"406\">comunicaci\u00f3n, el periodismo y la publicidad<\/strong> .<\/p>\n<h4>Haremos<\/h4>\n<p data-start=\"411\" data-end=\"471\">Visitamos las instalaciones de <strong data-start=\"457\" data-end=\"464\">TV3<\/strong> , donde:<\/p>\n<ul data-start=\"472\" data-end=\"671\">\n<li data-section-id=\"77x3o9\" data-start=\"472\" data-end=\"528\">Descubriremos los <strong data-start=\"490\" data-end=\"525\">espacios de producci\u00f3n audiovisual<\/strong> .<\/li>\n<li data-section-id=\"1sbc7ep\" data-start=\"529\" data-end=\"590\">Conoceremos el proceso de creaci\u00f3n de contenidos televisivos.<\/li>\n<li data-section-id=\"1cnnccd\" data-start=\"591\" data-end=\"671\">Observaremos c\u00f3mo trabajan los <strong data-start=\"622\" data-end=\"650\">profesionales del sector<\/strong> en un entorno real.<\/li>\n<\/ul>\n<p data-start=\"673\" data-end=\"776\">Una experiencia que conecta el ciclo con la <strong data-start=\"718\" data-end=\"773\">industria audiovisual y la comunicaci\u00f3n profesional<\/strong> .<\/p>\n<h4>Enlaces<\/h4>\n<h4>Otras consideraciones<\/h4>\n","protected":false},"excerpt":{"rendered":"<p>Visitamos las instalaciones de 3CAT Ubicaci\u00f3n 3CAT \u00b7 Entrada Parking Grupos 1\u00ba de Marketing y Publicidad (grupos A, B y C) Objetivo Conocer las instalaciones de TV3 y entender c\u00f3mo [&hellip;]<\/p>\n","protected":false},"author":2,"featured_media":13662,"comment_status":"closed","ping_status":"closed","template":"","meta":{"_monsterinsights_skip_tracking":false,"_monsterinsights_sitenote_active":false,"_monsterinsights_sitenote_note":"","_monsterinsights_sitenote_category":0,"_tribe_events_status":"","_tribe_events_status_reason":""},"tags":[1102,304,898,888,112,1101,887,1100],"tribe_events_cat":[102],"_links":{"self":[{"href":"https:\/\/politecnics.barcelona\/es\/wp-json\/wp\/v2\/tribe_events\/13666"}],"collection":[{"href":"https:\/\/politecnics.barcelona\/es\/wp-json\/wp\/v2\/tribe_events"}],"about":[{"href":"https:\/\/politecnics.barcelona\/es\/wp-json\/wp\/v2\/types\/tribe_events"}],"author":[{"embeddable":true,"href":"https:\/\/politecnics.barcelona\/es\/wp-json\/wp\/v2\/users\/2"}],"replies":[{"embeddable":true,"href":"https:\/\/politecnics.barcelona\/es\/wp-json\/wp\/v2\/comments?post=13666"}],"version-history":[{"count":0,"href":"https:\/\/politecnics.barcelona\/es\/wp-json\/wp\/v2\/tribe_events\/13666\/revisions"}],"wp:featuredmedia":[{"embeddable":true,"href":"https:\/\/politecnics.barcelona\/es\/wp-json\/wp\/v2\/media\/13662"}],"wp:attachment":[{"href":"https:\/\/politecnics.barcelona\/es\/wp-json\/wp\/v2\/media?parent=13666"}],"wp:term":[{"taxonomy":"post_tag","embeddable":true,"href":"https:\/\/politecnics.barcelona\/es\/wp-json\/wp\/v2\/tags?post=13666"},{"taxonomy":"tribe_events_cat","embeddable":true,"href":"https:\/\/politecnics.barcelona\/es\/wp-json\/wp\/v2\/tribe_events_cat?post=13666"}],"curies":[{"name":"wp","href":"https:\/\/api.w.org\/{rel}","templated":true}]}}

<h2>Visitamos las instalaciones de 3CAT</h2>
<h4>Ubicación</h4>
<p><span class="hover:entity-accent entity-underline inline cursor-pointer align-baseline"><span class="whitespace-normal">3CAT</span></span> · Entrada Parking</p>
<h4>Grupos</h4>
<p>1º de Marketing y Publicidad (grupos A, B y C)</p>
<h4>Objetivo</h4>
<p>Conocer las <strong data-start="221" data-end="246">instalaciones de TV3</strong> y entender cómo se producen los programas, así como el funcionamiento de los equipos profesionales de los ámbitos de la <strong data-start="360" data-end="406">comunicación, el periodismo y la publicidad</strong> .</p>
<h4>Haremos</h4>
<p data-start="411" data-end="471">Visitamos las instalaciones de <strong data-start="457" data-end="464">TV3</strong> , donde:</p>
<ul data-start="472" data-end="671">
<li data-section-id="77x3o9" data-start="472" data-end="528">Descubriremos los <strong data-start="490" data-end="525">espacios de producción audiovisual</strong> .</li>
<li data-section-id="1sbc7ep" data-start="529" data-end="590">Conoceremos el proceso de creación de contenidos televisivos.</li>
<li data-section-id="1cnnccd" data-start="591" data-end="671">Observaremos cómo trabajan los <strong data-start="622" data-end="650">profesionales del sector</strong> en un entorno real.</li>
</ul>
<p data-start="673" data-end="776">Una experiencia que conecta el ciclo con la <strong data-start="718" data-end="773">industria audiovisual y la comunicación profesional</strong> .</p>
<h4>Enlaces</h4>
<h4>Otras consideraciones</h4>

<p>Visitamos las instalaciones de 3CAT Ubicación 3CAT · Entrada Parking Grupos 1º de Marketing y Publicidad (grupos A, B y C) Objetivo Conocer las instalaciones de TV3 y entender cómo [&hellip;]</p>
