{"id":6367,"date":"2022-07-14T11:13:28","date_gmt":"2022-07-14T09:13:28","guid":{"rendered":"https:\/\/politecnics.barcelona\/agenda\/2a-fase-de-admision\/"},"modified":"2022-07-14T15:24:15","modified_gmt":"2022-07-14T13:24:15","slug":"2a-fase-de-admision","status":"publish","type":"tribe_events","link":"https:\/\/politecnics.barcelona\/es\/agenda\/2a-fase-de-admision\/","title":{"rendered":"2\u00aa fase de admisi\u00f3n"},"content":{"rendered":"<p>&nbsp;<\/p>\n<h2 class=\"title-heading-right fusion-responsive-typography-calculated\">2\u00aa fase de admisi\u00f3n por Grado Medio y Grado Superior<\/h2>\n<div class=\"col content-box-wrapper content-wrapper link-area-link-icon icon-hover-animation-fade fusion-animated\" data-animationtype=\"fadeIn\" data-animationduration=\"0.25\" data-animationoffset=\"top-mid-of-view\">\n<div class=\"heading heading-with-icon icon-left\">\n<h3><\/h3>\n<h3 class=\"content-box-heading fusion-responsive-typography-calculated\">Publicaci\u00f3n de plazas vacantes<\/h3>\n<\/div>\n<div class=\"content-container\">\n<p>13 de septiembre<\/p>\n<\/div>\n<div class=\"content-box-shortcode-timeline-vertical\"><\/div>\n<\/div>\n<div class=\"col content-box-wrapper content-wrapper link-area-link-icon icon-hover-animation-fade fusion-animated\" data-animationtype=\"fadeIn\" data-animationduration=\"0.25\" data-animationoffset=\"top-mid-of-view\">\n<div class=\"heading heading-with-icon icon-left\">\n<h3 class=\"content-box-heading fusion-responsive-typography-calculated\">Presentaci\u00f3n de solicitudes<\/h3>\n<\/div>\n<\/div>\n<div class=\"col content-box-wrapper content-wrapper link-area-link-icon icon-hover-animation-fade fusion-animated\" data-animationtype=\"fadeIn\" data-animationduration=\"0.25\" data-animationoffset=\"top-mid-of-view\">\n<div class=\"content-container\">\n<p>Del 14 al 16 de septiembre<\/p>\n<\/div>\n<div class=\"content-box-shortcode-timeline-vertical\"><\/div>\n<\/div>\n<div class=\"col content-box-wrapper content-wrapper link-area-link-icon icon-hover-animation-fade fusion-animated\" data-animationtype=\"fadeIn\" data-animationduration=\"0.25\" data-animationoffset=\"top-mid-of-view\">\n<div class=\"heading heading-with-icon icon-left\">\n<h3 class=\"content-box-heading fusion-responsive-typography-calculated\">Publicaci\u00f3n lista de admitidos<\/h3>\n<\/div>\n<div class=\"content-container\">\n<p>21 de septiembre<\/p>\n<\/div>\n<div class=\"content-box-shortcode-timeline-vertical\"><\/div>\n<\/div>\n<div class=\"fusion-column content-box-column content-box-column content-box-column-4 col-lg-12 col-md-12 col-sm-12 fusion-content-box-hover content-box-column-last content-box-column-last-in-row fusion-appear\">\n<div class=\"col content-box-wrapper content-wrapper link-area-link-icon icon-hover-animation-fade fusion-animated\" data-animationtype=\"fadeIn\" data-animationduration=\"0.25\" data-animationoffset=\"top-mid-of-view\">\n<h3 class=\"content-box-heading fusion-responsive-typography-calculated\">Matr\u00edcula<\/h3>\n<div class=\"content-container\">\n<h4>Fecha pendiente de confirmaci\u00f3n<\/h4>\n<\/div>\n<\/div>\n<\/div>\n","protected":false},"excerpt":{"rendered":"<p>&nbsp; 2\u00aa fase de admisi\u00f3n por Grado Medio y Grado Superior Publicaci\u00f3n de plazas vacantes 13 de septiembre Presentaci\u00f3n de solicitudes Del 14 al 16 de septiembre Publicaci\u00f3n lista de [&hellip;]<\/p>\n","protected":false},"author":2,"featured_media":6362,"comment_status":"closed","ping_status":"closed","template":"","meta":{"_monsterinsights_skip_tracking":false,"_monsterinsights_sitenote_active":false,"_monsterinsights_sitenote_note":"","_monsterinsights_sitenote_category":0,"_tribe_events_status":"","_tribe_events_status_reason":""},"tags":[],"tribe_events_cat":[81],"_links":{"self":[{"href":"https:\/\/politecnics.barcelona\/es\/wp-json\/wp\/v2\/tribe_events\/6367"}],"collection":[{"href":"https:\/\/politecnics.barcelona\/es\/wp-json\/wp\/v2\/tribe_events"}],"about":[{"href":"https:\/\/politecnics.barcelona\/es\/wp-json\/wp\/v2\/types\/tribe_events"}],"author":[{"embeddable":true,"href":"https:\/\/politecnics.barcelona\/es\/wp-json\/wp\/v2\/users\/2"}],"replies":[{"embeddable":true,"href":"https:\/\/politecnics.barcelona\/es\/wp-json\/wp\/v2\/comments?post=6367"}],"version-history":[{"count":1,"href":"https:\/\/politecnics.barcelona\/es\/wp-json\/wp\/v2\/tribe_events\/6367\/revisions"}],"predecessor-version":[{"id":6376,"href":"https:\/\/politecnics.barcelona\/es\/wp-json\/wp\/v2\/tribe_events\/6367\/revisions\/6376"}],"wp:featuredmedia":[{"embeddable":true,"href":"https:\/\/politecnics.barcelona\/es\/wp-json\/wp\/v2\/media\/6362"}],"wp:attachment":[{"href":"https:\/\/politecnics.barcelona\/es\/wp-json\/wp\/v2\/media?parent=6367"}],"wp:term":[{"taxonomy":"post_tag","embeddable":true,"href":"https:\/\/politecnics.barcelona\/es\/wp-json\/wp\/v2\/tags?post=6367"},{"taxonomy":"tribe_events_cat","embeddable":true,"href":"https:\/\/politecnics.barcelona\/es\/wp-json\/wp\/v2\/tribe_events_cat?post=6367"}],"curies":[{"name":"wp","href":"https:\/\/api.w.org\/{rel}","templated":true}]}}

2ª fase de admisión

<p>&nbsp;</p>
<h2 class="title-heading-right fusion-responsive-typography-calculated">2ª fase de admisión por Grado Medio y Grado Superior</h2>
<div class="col content-box-wrapper content-wrapper link-area-link-icon icon-hover-animation-fade fusion-animated" data-animationtype="fadeIn" data-animationduration="0.25" data-animationoffset="top-mid-of-view">
<div class="heading heading-with-icon icon-left">
<h3></h3>
<h3 class="content-box-heading fusion-responsive-typography-calculated">Publicación de plazas vacantes</h3>
</div>
<div class="content-container">
<p>13 de septiembre</p>
</div>
<div class="content-box-shortcode-timeline-vertical"></div>
</div>
<div class="col content-box-wrapper content-wrapper link-area-link-icon icon-hover-animation-fade fusion-animated" data-animationtype="fadeIn" data-animationduration="0.25" data-animationoffset="top-mid-of-view">
<div class="heading heading-with-icon icon-left">
<h3 class="content-box-heading fusion-responsive-typography-calculated">Presentación de solicitudes</h3>
</div>
</div>
<div class="col content-box-wrapper content-wrapper link-area-link-icon icon-hover-animation-fade fusion-animated" data-animationtype="fadeIn" data-animationduration="0.25" data-animationoffset="top-mid-of-view">
<div class="content-container">
<p>Del 14 al 16 de septiembre</p>
</div>
<div class="content-box-shortcode-timeline-vertical"></div>
</div>
<div class="col content-box-wrapper content-wrapper link-area-link-icon icon-hover-animation-fade fusion-animated" data-animationtype="fadeIn" data-animationduration="0.25" data-animationoffset="top-mid-of-view">
<div class="heading heading-with-icon icon-left">
<h3 class="content-box-heading fusion-responsive-typography-calculated">Publicación lista de admitidos</h3>
</div>
<div class="content-container">
<p>21 de septiembre</p>
</div>
<div class="content-box-shortcode-timeline-vertical"></div>
</div>
<div class="fusion-column content-box-column content-box-column content-box-column-4 col-lg-12 col-md-12 col-sm-12 fusion-content-box-hover content-box-column-last content-box-column-last-in-row fusion-appear">
<div class="col content-box-wrapper content-wrapper link-area-link-icon icon-hover-animation-fade fusion-animated" data-animationtype="fadeIn" data-animationduration="0.25" data-animationoffset="top-mid-of-view">
<h3 class="content-box-heading fusion-responsive-typography-calculated">Matrícula</h3>
<div class="content-container">
<h4>Fecha pendiente de confirmación</h4>
</div>
</div>
</div>

<p>&nbsp; 2ª fase de admisión por Grado Medio y Grado Superior Publicación de plazas vacantes 13 de septiembre Presentación de solicitudes Del 14 al 16 de septiembre Publicación lista de [&hellip;]</p>
