{"id":6893,"date":"2022-11-23T11:02:52","date_gmt":"2022-11-23T10:02:52","guid":{"rendered":"https:\/\/politecnics.barcelona\/agenda\/monografic-formacio-i-sistema-educatiu\/"},"modified":"2022-12-15T13:34:33","modified_gmt":"2022-12-15T12:34:33","slug":"monografic-formacio-i-sistema-educatiu","status":"publish","type":"tribe_events","link":"https:\/\/politecnics.barcelona\/es\/agenda\/monografic-formacio-i-sistema-educatiu\/","title":{"rendered":"Monogr\u00e1fico: Formaci\u00f3n y sistema educativo"},"content":{"rendered":"<div>El lunes 28 de noviembre, el grupo de ACOM2A asistir\u00e1 a un monogr\u00e1fico\/taller que se realizar\u00e1 en Portal22. El tema del taller es: <b>MO-Formaci\u00f3n y Sistema Educativo<\/b> . Est\u00e1 enlazado con el m\u00f3dulo de tutor\u00eda sobre orientaci\u00f3n y ruta profesional.<\/div>\n<p class=\"entradeta\">Objetivos pedag\u00f3gicos<\/p>\n<ul>\n<li>Identificar los distintos itinerarios formativos incidiendo en las salidas profesionales.<\/li>\n<li>Analizar los requisitos formativos de las ocupaciones de mayor inter\u00e9s por el alumnado.<\/li>\n<li>Definir el itinerario formativo en funci\u00f3n del objetivo profesional.<\/li>\n<li>Reconocer la oferta formativa tanto reglada como no reglada.<\/li>\n<\/ul>\n","protected":false},"excerpt":{"rendered":"<p>El lunes 28 de noviembre, el grupo de ACOM2A asistir\u00e1 a un monogr\u00e1fico\/taller que se realizar\u00e1 en Portal22. El tema del taller es: MO-Formaci\u00f3n y Sistema Educativo . Est\u00e1 enlazado [&hellip;]<\/p>\n","protected":false},"author":2,"featured_media":6891,"comment_status":"closed","ping_status":"closed","template":"","meta":{"_monsterinsights_skip_tracking":false,"_monsterinsights_sitenote_active":false,"_monsterinsights_sitenote_note":"","_monsterinsights_sitenote_category":0,"_tribe_events_status":"","_tribe_events_status_reason":""},"tags":[],"tribe_events_cat":[102],"_links":{"self":[{"href":"https:\/\/politecnics.barcelona\/es\/wp-json\/wp\/v2\/tribe_events\/6893"}],"collection":[{"href":"https:\/\/politecnics.barcelona\/es\/wp-json\/wp\/v2\/tribe_events"}],"about":[{"href":"https:\/\/politecnics.barcelona\/es\/wp-json\/wp\/v2\/types\/tribe_events"}],"author":[{"embeddable":true,"href":"https:\/\/politecnics.barcelona\/es\/wp-json\/wp\/v2\/users\/2"}],"replies":[{"embeddable":true,"href":"https:\/\/politecnics.barcelona\/es\/wp-json\/wp\/v2\/comments?post=6893"}],"version-history":[{"count":2,"href":"https:\/\/politecnics.barcelona\/es\/wp-json\/wp\/v2\/tribe_events\/6893\/revisions"}],"predecessor-version":[{"id":7029,"href":"https:\/\/politecnics.barcelona\/es\/wp-json\/wp\/v2\/tribe_events\/6893\/revisions\/7029"}],"wp:featuredmedia":[{"embeddable":true,"href":"https:\/\/politecnics.barcelona\/es\/wp-json\/wp\/v2\/media\/6891"}],"wp:attachment":[{"href":"https:\/\/politecnics.barcelona\/es\/wp-json\/wp\/v2\/media?parent=6893"}],"wp:term":[{"taxonomy":"post_tag","embeddable":true,"href":"https:\/\/politecnics.barcelona\/es\/wp-json\/wp\/v2\/tags?post=6893"},{"taxonomy":"tribe_events_cat","embeddable":true,"href":"https:\/\/politecnics.barcelona\/es\/wp-json\/wp\/v2\/tribe_events_cat?post=6893"}],"curies":[{"name":"wp","href":"https:\/\/api.w.org\/{rel}","templated":true}]}}

Monográfico: Formación y sistema educativo

<div>El lunes 28 de noviembre, el grupo de ACOM2A asistirá a un monográfico/taller que se realizará en Portal22. El tema del taller es: <b>MO-Formación y Sistema Educativo</b> . Está enlazado con el módulo de tutoría sobre orientación y ruta profesional.</div>
<p class="entradeta">Objetivos pedagógicos</p>
<ul>
<li>Identificar los distintos itinerarios formativos incidiendo en las salidas profesionales.</li>
<li>Analizar los requisitos formativos de las ocupaciones de mayor interés por el alumnado.</li>
<li>Definir el itinerario formativo en función del objetivo profesional.</li>
<li>Reconocer la oferta formativa tanto reglada como no reglada.</li>
</ul>

<p>El lunes 28 de noviembre, el grupo de ACOM2A asistirá a un monográfico/taller que se realizará en Portal22. El tema del taller es: MO-Formación y Sistema Educativo . Está enlazado [&hellip;]</p>
