{"id":6963,"date":"2022-11-30T13:26:37","date_gmt":"2022-11-30T12:26:37","guid":{"rendered":"https:\/\/politecnics.barcelona\/agenda\/formacio-ocupacional-matricula-oberta\/"},"modified":"2022-12-15T13:08:25","modified_gmt":"2022-12-15T12:08:25","slug":"formacio-ocupacional-matricula-oberta","status":"publish","type":"tribe_events","link":"https:\/\/politecnics.barcelona\/es\/agenda\/formacio-ocupacional-matricula-oberta\/","title":{"rendered":"Formaci\u00f3n ocupacional: matr\u00edcula abierta"},"content":{"rendered":"<p>Cursos dirigidos a la obtenci\u00f3n de certificados de profesionalidad para personas en paro y trabajadores\/as en activo. Matr\u00edcula abierta de los cursos:<\/p>\n<p>Actividades de gesti\u00f3n administrativa<br \/>\nGesti\u00f3n integrada de recursos humanos<br \/>\nGesti\u00f3n contable y gesti\u00f3n administrativa para auditor\u00eda<br \/>\nMarketing y compraventa internacional<\/p>\n<div class=\"fusion-align-block\"><a class=\"fusion-button button-flat button-xlarge button-default fusion-button-default button-1 fusion-button-span-yes fusion-button-default-type fusion-animated\" data-animationType=\"bounceIn\" data-animationDuration=\"0.3\" data-animationOffset=\"top-into-view\" target=\"_self\" title=\"M\u00e1s informaci\u00f3n\" aria-label=\"M\u00e1s informaci\u00f3n\" href=\"https:\/\/politecnics.barcelona\/es\/formacion-ocupacional\/\"><i class=\"fa-address-card fas button-icon-left\" aria-hidden=\"true\"><\/i><span class=\"fusion-button-text\">M\u00e1s informaci\u00f3n &gt;&gt;<\/span><\/a><\/div>\n","protected":false},"excerpt":{"rendered":"<p>Cursos dirigidos a la obtenci\u00f3n de certificados de profesionalidad para personas en paro y trabajadores\/as en activo.<\/p>\n","protected":false},"author":2,"featured_media":6362,"comment_status":"closed","ping_status":"closed","template":"","meta":{"_monsterinsights_skip_tracking":false,"_monsterinsights_sitenote_active":false,"_monsterinsights_sitenote_note":"","_monsterinsights_sitenote_category":0,"_tribe_events_status":"","_tribe_events_status_reason":""},"tags":[],"tribe_events_cat":[81],"_links":{"self":[{"href":"https:\/\/politecnics.barcelona\/es\/wp-json\/wp\/v2\/tribe_events\/6963"}],"collection":[{"href":"https:\/\/politecnics.barcelona\/es\/wp-json\/wp\/v2\/tribe_events"}],"about":[{"href":"https:\/\/politecnics.barcelona\/es\/wp-json\/wp\/v2\/types\/tribe_events"}],"author":[{"embeddable":true,"href":"https:\/\/politecnics.barcelona\/es\/wp-json\/wp\/v2\/users\/2"}],"replies":[{"embeddable":true,"href":"https:\/\/politecnics.barcelona\/es\/wp-json\/wp\/v2\/comments?post=6963"}],"version-history":[{"count":12,"href":"https:\/\/politecnics.barcelona\/es\/wp-json\/wp\/v2\/tribe_events\/6963\/revisions"}],"predecessor-version":[{"id":7027,"href":"https:\/\/politecnics.barcelona\/es\/wp-json\/wp\/v2\/tribe_events\/6963\/revisions\/7027"}],"wp:featuredmedia":[{"embeddable":true,"href":"https:\/\/politecnics.barcelona\/es\/wp-json\/wp\/v2\/media\/6362"}],"wp:attachment":[{"href":"https:\/\/politecnics.barcelona\/es\/wp-json\/wp\/v2\/media?parent=6963"}],"wp:term":[{"taxonomy":"post_tag","embeddable":true,"href":"https:\/\/politecnics.barcelona\/es\/wp-json\/wp\/v2\/tags?post=6963"},{"taxonomy":"tribe_events_cat","embeddable":true,"href":"https:\/\/politecnics.barcelona\/es\/wp-json\/wp\/v2\/tribe_events_cat?post=6963"}],"curies":[{"name":"wp","href":"https:\/\/api.w.org\/{rel}","templated":true}]}}

Formación ocupacional: matrícula abierta

<p>Cursos dirigidos a la obtención de certificados de profesionalidad para personas en paro y trabajadores/as en activo. Matrícula abierta de los cursos:</p>
<p>Actividades de gestión administrativa<br />
Gestión integrada de recursos humanos<br />
Gestión contable y gestión administrativa para auditoría<br />
Marketing y compraventa internacional</p>
<div class="fusion-align-block"><a class="fusion-button button-flat button-xlarge button-default fusion-button-default button-1 fusion-button-span-yes fusion-button-default-type fusion-animated" data-animationType="bounceIn" data-animationDuration="0.3" data-animationOffset="top-into-view" target="_self" title="Más información" aria-label="Más información" href="https://politecnics.barcelona/es/formacion-ocupacional/"><i class="fa-address-card fas button-icon-left" aria-hidden="true"></i><span class="fusion-button-text">Más información &gt;&gt;</span></a></div>

<p>Cursos dirigidos a la obtención de certificados de profesionalidad para personas en paro y trabajadores/as en activo.</p>
