{"id":7023,"date":"2022-11-16T08:30:48","date_gmt":"2022-11-16T07:30:48","guid":{"rendered":"https:\/\/politecnics.barcelona\/agenda\/visita-al-banco-de-espana\/"},"modified":"2022-11-16T08:30:48","modified_gmt":"2022-11-16T07:30:48","slug":"visita-al-banco-de-espana","status":"publish","type":"tribe_events","link":"https:\/\/politecnics.barcelona\/es\/agenda\/visita-al-banco-de-espana\/","title":{"rendered":"Visita al Banco de Espa\u00f1a"},"content":{"rendered":"<p>El alumnado de GAD1 visitar\u00e1 la delegaci\u00f3n del Banco de Espa\u00f1a en la provincia de Barcelona, el pr\u00f3ximo d\u00eda 30\/11\/2022, a las 10 de la ma\u00f1ana.<\/p>\n<p>La visita va encaminada dentro de la UF2, del M04, profundizando en el RA1 y su CA&#8217;s: <strong>Clasifica las organizaciones, entidades y tipos de empresas que operan en el Sistema europeo de Bancos centrales y en el Sistema Financiero espa\u00f1ol<\/strong> .<\/p>\n","protected":false},"excerpt":{"rendered":"<p>El alumnado de GAD1 visitar\u00e1 la delegaci\u00f3n del Banco de Espa\u00f1a en la provincia de Barcelona, el pr\u00f3ximo d\u00eda 30\/11\/2022, a las 10 de la ma\u00f1ana. La visita va encaminada [&hellip;]<\/p>\n","protected":false},"author":2,"featured_media":6849,"comment_status":"closed","ping_status":"closed","template":"","meta":{"_monsterinsights_skip_tracking":false,"_monsterinsights_sitenote_active":false,"_monsterinsights_sitenote_note":"","_monsterinsights_sitenote_category":0,"_tribe_events_status":"","_tribe_events_status_reason":""},"tags":[],"tribe_events_cat":[102],"_links":{"self":[{"href":"https:\/\/politecnics.barcelona\/es\/wp-json\/wp\/v2\/tribe_events\/7023"}],"collection":[{"href":"https:\/\/politecnics.barcelona\/es\/wp-json\/wp\/v2\/tribe_events"}],"about":[{"href":"https:\/\/politecnics.barcelona\/es\/wp-json\/wp\/v2\/types\/tribe_events"}],"author":[{"embeddable":true,"href":"https:\/\/politecnics.barcelona\/es\/wp-json\/wp\/v2\/users\/2"}],"replies":[{"embeddable":true,"href":"https:\/\/politecnics.barcelona\/es\/wp-json\/wp\/v2\/comments?post=7023"}],"version-history":[{"count":0,"href":"https:\/\/politecnics.barcelona\/es\/wp-json\/wp\/v2\/tribe_events\/7023\/revisions"}],"wp:featuredmedia":[{"embeddable":true,"href":"https:\/\/politecnics.barcelona\/es\/wp-json\/wp\/v2\/media\/6849"}],"wp:attachment":[{"href":"https:\/\/politecnics.barcelona\/es\/wp-json\/wp\/v2\/media?parent=7023"}],"wp:term":[{"taxonomy":"post_tag","embeddable":true,"href":"https:\/\/politecnics.barcelona\/es\/wp-json\/wp\/v2\/tags?post=7023"},{"taxonomy":"tribe_events_cat","embeddable":true,"href":"https:\/\/politecnics.barcelona\/es\/wp-json\/wp\/v2\/tribe_events_cat?post=7023"}],"curies":[{"name":"wp","href":"https:\/\/api.w.org\/{rel}","templated":true}]}}

Visita al Banco de España

<p>El alumnado de GAD1 visitará la delegación del Banco de España en la provincia de Barcelona, el próximo día 30/11/2022, a las 10 de la mañana.</p>
<p>La visita va encaminada dentro de la UF2, del M04, profundizando en el RA1 y su CA&#8217;s: <strong>Clasifica las organizaciones, entidades y tipos de empresas que operan en el Sistema europeo de Bancos centrales y en el Sistema Financiero español</strong> .</p>

<p>El alumnado de GAD1 visitará la delegación del Banco de España en la provincia de Barcelona, el próximo día 30/11/2022, a las 10 de la mañana. La visita va encaminada [&hellip;]</p>
