{"id":7531,"date":"2023-03-14T23:38:43","date_gmt":"2023-03-14T22:38:43","guid":{"rendered":"https:\/\/politecnics.barcelona\/?post_type=tribe_events&#038;p=7531"},"modified":"2023-03-14T23:38:45","modified_gmt":"2023-03-14T22:38:45","slug":"destudiar-a-treballar-interessos-professionals-2a-part","status":"publish","type":"tribe_events","link":"https:\/\/politecnics.barcelona\/es\/agenda\/destudiar-a-treballar-interessos-professionals-2a-part\/","title":{"rendered":"D&#8217;estudiar a treballar: Interessos professionals (2a part)"},"content":{"rendered":"<h4>Lloc<\/h4>\n<p>Barcelona Activa (Portal 22)<\/p>\n<h4>Grups<\/h4>\n<p>ACOM2A<\/p>\n<h4>Objectiu<\/h4>\n<p>Orientaci\u00f3 professional<\/p>\n<h4>Farem<\/h4>\n<p>Quins s\u00f3n els teus interessos? Saps de qu\u00e8 t&#8217;agradaria treballar? Identificar les teves prefer\u00e8ncies i interessos professionals \u00e9s un pas clau dins del teu proc\u00e9s d&#8217;orientaci\u00f3 professional. Treballar de quelcom que t&#8217;agradi de veritat contribuir\u00e0 al teu benestar i et permetr\u00e0 expressar al m\u00e0xim tot el teu talent i potencial. En aquest taller trobar\u00e0s totes les eines necess\u00e0ries per descobrir els teus interessos i relacionar-los amb sortides professionals reals i amb perspectiva de futur.<\/p>\n<p>&nbsp;<\/p>\n","protected":false},"excerpt":{"rendered":"<p>Lloc Barcelona Activa (Portal 22) Grups ACOM2A Objectiu Orientaci\u00f3 professional Farem Quins s\u00f3n els teus interessos? Saps de qu\u00e8 t&#8217;agradaria treballar? Identificar les teves prefer\u00e8ncies i interessos professionals \u00e9s un [&hellip;]<\/p>\n","protected":false},"author":2,"featured_media":6853,"comment_status":"closed","ping_status":"closed","template":"","meta":{"_monsterinsights_skip_tracking":false,"_monsterinsights_sitenote_active":false,"_monsterinsights_sitenote_note":"","_monsterinsights_sitenote_category":0,"_tribe_events_status":"","_tribe_events_status_reason":""},"tags":[],"tribe_events_cat":[102],"_links":{"self":[{"href":"https:\/\/politecnics.barcelona\/es\/wp-json\/wp\/v2\/tribe_events\/7531"}],"collection":[{"href":"https:\/\/politecnics.barcelona\/es\/wp-json\/wp\/v2\/tribe_events"}],"about":[{"href":"https:\/\/politecnics.barcelona\/es\/wp-json\/wp\/v2\/types\/tribe_events"}],"author":[{"embeddable":true,"href":"https:\/\/politecnics.barcelona\/es\/wp-json\/wp\/v2\/users\/2"}],"replies":[{"embeddable":true,"href":"https:\/\/politecnics.barcelona\/es\/wp-json\/wp\/v2\/comments?post=7531"}],"version-history":[{"count":1,"href":"https:\/\/politecnics.barcelona\/es\/wp-json\/wp\/v2\/tribe_events\/7531\/revisions"}],"predecessor-version":[{"id":7534,"href":"https:\/\/politecnics.barcelona\/es\/wp-json\/wp\/v2\/tribe_events\/7531\/revisions\/7534"}],"wp:featuredmedia":[{"embeddable":true,"href":"https:\/\/politecnics.barcelona\/es\/wp-json\/wp\/v2\/media\/6853"}],"wp:attachment":[{"href":"https:\/\/politecnics.barcelona\/es\/wp-json\/wp\/v2\/media?parent=7531"}],"wp:term":[{"taxonomy":"post_tag","embeddable":true,"href":"https:\/\/politecnics.barcelona\/es\/wp-json\/wp\/v2\/tags?post=7531"},{"taxonomy":"tribe_events_cat","embeddable":true,"href":"https:\/\/politecnics.barcelona\/es\/wp-json\/wp\/v2\/tribe_events_cat?post=7531"}],"curies":[{"name":"wp","href":"https:\/\/api.w.org\/{rel}","templated":true}]}}

<h4>Lloc</h4>
<p>Barcelona Activa (Portal 22)</p>
<h4>Grups</h4>
<p>ACOM2A</p>
<h4>Objectiu</h4>
<p>Orientació professional</p>
<h4>Farem</h4>
<p>Quins són els teus interessos? Saps de què t&#8217;agradaria treballar? Identificar les teves preferències i interessos professionals és un pas clau dins del teu procés d&#8217;orientació professional. Treballar de quelcom que t&#8217;agradi de veritat contribuirà al teu benestar i et permetrà expressar al màxim tot el teu talent i potencial. En aquest taller trobaràs totes les eines necessàries per descobrir els teus interessos i relacionar-los amb sortides professionals reals i amb perspectiva de futur.</p>
<p>&nbsp;</p>

<p>Lloc Barcelona Activa (Portal 22) Grups ACOM2A Objectiu Orientació professional Farem Quins són els teus interessos? Saps de què t&#8217;agradaria treballar? Identificar les teves preferències i interessos professionals és un [&hellip;]</p>
