{"id":7763,"date":"2023-05-01T20:57:16","date_gmt":"2023-05-01T18:57:16","guid":{"rendered":"https:\/\/politecnics.barcelona\/?post_type=tribe_events&#038;p=7763"},"modified":"2023-05-03T13:00:35","modified_gmt":"2023-05-03T11:00:35","slug":"visita-a-lecoparc-de-sant-adria","status":"publish","type":"tribe_events","link":"https:\/\/politecnics.barcelona\/es\/agenda\/visita-a-lecoparc-de-sant-adria\/","title":{"rendered":"Visita al Ecoparc de Sant Adri\u00e0"},"content":{"rendered":"<h4>Ubicaci\u00f3n<\/h4>\n<p>Ecoparc de Sant Adri\u00e0<\/p>\n<h4>Grupos<\/h4>\n<p>CINT1A<\/p>\n<h4>Objetivo<\/h4>\n<p>Conocer el impacto de la log\u00edstica inversa, la gesti\u00f3n de residuos y la econom\u00eda circular en el medio ambiente y la gesti\u00f3n empresarial.<\/p>\n<h4>Haremos<\/h4>\n<p>Se realizar\u00e1 un taller sobre econom\u00eda circular y se visitar\u00e1 el Ecoparque de Sant Adri\u00e0<\/p>\n","protected":false},"excerpt":{"rendered":"<p>Ubicaci\u00f3n Ecoparc de Sant Adri\u00e0 Grupos CINT1A Objetivo Conocer el impacto de la log\u00edstica inversa, la gesti\u00f3n de residuos y la econom\u00eda circular en el medio ambiente y la gesti\u00f3n [&hellip;]<\/p>\n","protected":false},"author":2,"featured_media":7761,"comment_status":"closed","ping_status":"closed","template":"","meta":{"_monsterinsights_skip_tracking":false,"_monsterinsights_sitenote_active":false,"_monsterinsights_sitenote_note":"","_monsterinsights_sitenote_category":0,"_tribe_events_status":"","_tribe_events_status_reason":""},"tags":[],"tribe_events_cat":[102],"_links":{"self":[{"href":"https:\/\/politecnics.barcelona\/es\/wp-json\/wp\/v2\/tribe_events\/7763"}],"collection":[{"href":"https:\/\/politecnics.barcelona\/es\/wp-json\/wp\/v2\/tribe_events"}],"about":[{"href":"https:\/\/politecnics.barcelona\/es\/wp-json\/wp\/v2\/types\/tribe_events"}],"author":[{"embeddable":true,"href":"https:\/\/politecnics.barcelona\/es\/wp-json\/wp\/v2\/users\/2"}],"replies":[{"embeddable":true,"href":"https:\/\/politecnics.barcelona\/es\/wp-json\/wp\/v2\/comments?post=7763"}],"version-history":[{"count":2,"href":"https:\/\/politecnics.barcelona\/es\/wp-json\/wp\/v2\/tribe_events\/7763\/revisions"}],"predecessor-version":[{"id":7795,"href":"https:\/\/politecnics.barcelona\/es\/wp-json\/wp\/v2\/tribe_events\/7763\/revisions\/7795"}],"wp:featuredmedia":[{"embeddable":true,"href":"https:\/\/politecnics.barcelona\/es\/wp-json\/wp\/v2\/media\/7761"}],"wp:attachment":[{"href":"https:\/\/politecnics.barcelona\/es\/wp-json\/wp\/v2\/media?parent=7763"}],"wp:term":[{"taxonomy":"post_tag","embeddable":true,"href":"https:\/\/politecnics.barcelona\/es\/wp-json\/wp\/v2\/tags?post=7763"},{"taxonomy":"tribe_events_cat","embeddable":true,"href":"https:\/\/politecnics.barcelona\/es\/wp-json\/wp\/v2\/tribe_events_cat?post=7763"}],"curies":[{"name":"wp","href":"https:\/\/api.w.org\/{rel}","templated":true}]}}

Visita al Ecoparc de Sant Adrià

<h4>Ubicación</h4>
<p>Ecoparc de Sant Adrià</p>
<h4>Grupos</h4>
<p>CINT1A</p>
<h4>Objetivo</h4>
<p>Conocer el impacto de la logística inversa, la gestión de residuos y la economía circular en el medio ambiente y la gestión empresarial.</p>
<h4>Haremos</h4>
<p>Se realizará un taller sobre economía circular y se visitará el Ecoparque de Sant Adrià</p>

<p>Ubicación Ecoparc de Sant Adrià Grupos CINT1A Objetivo Conocer el impacto de la logística inversa, la gestión de residuos y la economía circular en el medio ambiente y la gestión [&hellip;]</p>
