{"id":8197,"date":"2023-09-24T19:16:20","date_gmt":"2023-09-24T17:16:20","guid":{"rendered":"https:\/\/politecnics.barcelona\/agenda\/reunion-de-familias-%c2%b7-inicio-de-curso-2\/"},"modified":"2023-09-24T20:13:28","modified_gmt":"2023-09-24T18:13:28","slug":"reunion-de-familias-%c2%b7-inicio-de-curso-2","status":"publish","type":"tribe_events","link":"https:\/\/politecnics.barcelona\/es\/agenda\/reunion-de-familias-%c2%b7-inicio-de-curso-2\/","title":{"rendered":"Reuni\u00f3n de familias \u00b7 Inicio de curso"},"content":{"rendered":"<p><u><\/u>Reuni\u00f3n telem\u00e1tica de inicio de curso de todos los grupos para las familias el d\u00eda 4 de octubre (excepto los grupos de 1r curso de Grado Medio Actividades Comerciales, que tendr\u00e1n lugar el 5 de octubre).<\/p>\n<p style=\"padding-left: 40px;\">Grados Medios: 18:30h<\/p>\n<p style=\"padding-left: 40px;\">Grados Superiores: 19:30h<\/p>\n<div class=\"fusion-align-block\"><a class=\"fusion-button button-flat button-xlarge button-default fusion-button-default button-1 fusion-button-span-yes fusion-button-default-type fusion-animated\" data-animationType=\"bounceIn\" data-animationDuration=\"0.3\" data-animationOffset=\"top-into-view\" target=\"_self\" title=\"Acceso a las reuniones\" aria-label=\"Acceso a las reuniones\" href=\"https:\/\/sites.google.com\/politecnics.barcelona\/oberturacurs\"><i class=\"fa-address-card fas button-icon-left\" aria-hidden=\"true\"><\/i><span class=\"fusion-button-text\">Acceso a las reuniones &gt;&gt;<\/span><\/a><\/div>\n<p>&nbsp;<\/p>\n","protected":false},"excerpt":{"rendered":"<p>Reuni\u00f3n telem\u00e1tica de inicio de curso de todos los grupos para las familias el d\u00eda 4 de octubre (excepto los grupos de 1r curso de Grado Medio Actividades Comerciales, que [&hellip;]<\/p>\n","protected":false},"author":2,"featured_media":6585,"comment_status":"closed","ping_status":"closed","template":"","meta":{"_monsterinsights_skip_tracking":false,"_monsterinsights_sitenote_active":false,"_monsterinsights_sitenote_note":"","_monsterinsights_sitenote_category":0,"_tribe_events_status":"","_tribe_events_status_reason":""},"tags":[],"tribe_events_cat":[102],"_links":{"self":[{"href":"https:\/\/politecnics.barcelona\/es\/wp-json\/wp\/v2\/tribe_events\/8197"}],"collection":[{"href":"https:\/\/politecnics.barcelona\/es\/wp-json\/wp\/v2\/tribe_events"}],"about":[{"href":"https:\/\/politecnics.barcelona\/es\/wp-json\/wp\/v2\/types\/tribe_events"}],"author":[{"embeddable":true,"href":"https:\/\/politecnics.barcelona\/es\/wp-json\/wp\/v2\/users\/2"}],"replies":[{"embeddable":true,"href":"https:\/\/politecnics.barcelona\/es\/wp-json\/wp\/v2\/comments?post=8197"}],"version-history":[{"count":5,"href":"https:\/\/politecnics.barcelona\/es\/wp-json\/wp\/v2\/tribe_events\/8197\/revisions"}],"predecessor-version":[{"id":8202,"href":"https:\/\/politecnics.barcelona\/es\/wp-json\/wp\/v2\/tribe_events\/8197\/revisions\/8202"}],"wp:featuredmedia":[{"embeddable":true,"href":"https:\/\/politecnics.barcelona\/es\/wp-json\/wp\/v2\/media\/6585"}],"wp:attachment":[{"href":"https:\/\/politecnics.barcelona\/es\/wp-json\/wp\/v2\/media?parent=8197"}],"wp:term":[{"taxonomy":"post_tag","embeddable":true,"href":"https:\/\/politecnics.barcelona\/es\/wp-json\/wp\/v2\/tags?post=8197"},{"taxonomy":"tribe_events_cat","embeddable":true,"href":"https:\/\/politecnics.barcelona\/es\/wp-json\/wp\/v2\/tribe_events_cat?post=8197"}],"curies":[{"name":"wp","href":"https:\/\/api.w.org\/{rel}","templated":true}]}}

Reunión de familias · Inicio de curso

<p><u></u>Reunión telemática de inicio de curso de todos los grupos para las familias el día 4 de octubre (excepto los grupos de 1r curso de Grado Medio Actividades Comerciales, que tendrán lugar el 5 de octubre).</p>
<p style="padding-left: 40px;">Grados Medios: 18:30h</p>
<p style="padding-left: 40px;">Grados Superiores: 19:30h</p>
<div class="fusion-align-block"><a class="fusion-button button-flat button-xlarge button-default fusion-button-default button-1 fusion-button-span-yes fusion-button-default-type fusion-animated" data-animationType="bounceIn" data-animationDuration="0.3" data-animationOffset="top-into-view" target="_self" title="Acceso a las reuniones" aria-label="Acceso a las reuniones" href="https://sites.google.com/politecnics.barcelona/oberturacurs"><i class="fa-address-card fas button-icon-left" aria-hidden="true"></i><span class="fusion-button-text">Acceso a las reuniones &gt;&gt;</span></a></div>
<p>&nbsp;</p>

<p>Reunión telemática de inicio de curso de todos los grupos para las familias el día 4 de octubre (excepto los grupos de 1r curso de Grado Medio Actividades Comerciales, que [&hellip;]</p>
