{"id":8329,"date":"2023-10-08T12:26:04","date_gmt":"2023-10-08T10:26:04","guid":{"rendered":"https:\/\/politecnics.barcelona\/agenda\/mercat-de-mercats-visita-con-acom\/"},"modified":"2023-10-08T12:32:25","modified_gmt":"2023-10-08T10:32:25","slug":"mercat-de-mercats-visita-con-acom","status":"publish","type":"tribe_events","link":"https:\/\/politecnics.barcelona\/es\/agenda\/mercat-de-mercats-visita-con-acom\/","title":{"rendered":"Mercat de Mercats: visita con ACOM"},"content":{"rendered":"<h2>Mercat de Mercats<\/h2>\n<h4>Ubicaci\u00f3n<\/h4>\n<p>Plaza Catalu\u00f1a<\/p>\n<h4>Grupos<\/h4>\n<p>ACOM1A, ACOM1B<\/p>\n<h4>Objetivo<\/h4>\n<p>Conocer la sostenibilidad, el consumo del producto de proximidad y su papel como difusores de una alimentaci\u00f3n saludable y de la gastronom\u00eda del territorio, as\u00ed como conocer la idea de la Red de Mercados Municipales como motores econ\u00f3micos y socializadores de los barrios, representantes del comercio de proximidad y dinamizadores del territorio.<\/p>\n<h4>Haremos<\/h4>\n<p>Se visitar\u00e1 las diferentes paradas que forman parte de la Feria y se observar\u00e1 los productos que ofrecen y su origen, as\u00ed como la manera de presentarlos.<\/p>\n<h4>Enlaces<\/h4>\n<div class=\"video-shortcode\"><iframe title=\"Vine a Mercat de Mercats!\" width=\"1200\" height=\"675\" src=\"https:\/\/www.youtube.com\/embed\/LPzFF8SbYUc?feature=oembed\" frameborder=\"0\" allow=\"accelerometer; autoplay; clipboard-write; encrypted-media; gyroscope; picture-in-picture; web-share\" allowfullscreen><\/iframe><\/div>\n<h4>Otras consideraciones<\/h4>\n<p>Salida desde el propio centro<\/p>\n","protected":false},"excerpt":{"rendered":"<p>Mercat de Mercats Ubicaci\u00f3n Plaza Catalu\u00f1a Grupos ACOM1A, ACOM1B Objetivo Conocer la sostenibilidad, el consumo del producto de proximidad y su papel como difusores de una alimentaci\u00f3n saludable y de [&hellip;]<\/p>\n","protected":false},"author":2,"featured_media":0,"comment_status":"closed","ping_status":"closed","template":"","meta":{"_monsterinsights_skip_tracking":false,"_monsterinsights_sitenote_active":false,"_monsterinsights_sitenote_note":"","_monsterinsights_sitenote_category":0,"_tribe_events_status":"","_tribe_events_status_reason":""},"tags":[78,147,148],"tribe_events_cat":[102],"_links":{"self":[{"href":"https:\/\/politecnics.barcelona\/es\/wp-json\/wp\/v2\/tribe_events\/8329"}],"collection":[{"href":"https:\/\/politecnics.barcelona\/es\/wp-json\/wp\/v2\/tribe_events"}],"about":[{"href":"https:\/\/politecnics.barcelona\/es\/wp-json\/wp\/v2\/types\/tribe_events"}],"author":[{"embeddable":true,"href":"https:\/\/politecnics.barcelona\/es\/wp-json\/wp\/v2\/users\/2"}],"replies":[{"embeddable":true,"href":"https:\/\/politecnics.barcelona\/es\/wp-json\/wp\/v2\/comments?post=8329"}],"version-history":[{"count":1,"href":"https:\/\/politecnics.barcelona\/es\/wp-json\/wp\/v2\/tribe_events\/8329\/revisions"}],"predecessor-version":[{"id":8330,"href":"https:\/\/politecnics.barcelona\/es\/wp-json\/wp\/v2\/tribe_events\/8329\/revisions\/8330"}],"wp:attachment":[{"href":"https:\/\/politecnics.barcelona\/es\/wp-json\/wp\/v2\/media?parent=8329"}],"wp:term":[{"taxonomy":"post_tag","embeddable":true,"href":"https:\/\/politecnics.barcelona\/es\/wp-json\/wp\/v2\/tags?post=8329"},{"taxonomy":"tribe_events_cat","embeddable":true,"href":"https:\/\/politecnics.barcelona\/es\/wp-json\/wp\/v2\/tribe_events_cat?post=8329"}],"curies":[{"name":"wp","href":"https:\/\/api.w.org\/{rel}","templated":true}]}}

<h2>Mercat de Mercats</h2>
<h4>Ubicación</h4>
<p>Plaza Cataluña</p>
<h4>Grupos</h4>
<p>ACOM1A, ACOM1B</p>
<h4>Objetivo</h4>
<p>Conocer la sostenibilidad, el consumo del producto de proximidad y su papel como difusores de una alimentación saludable y de la gastronomía del territorio, así como conocer la idea de la Red de Mercados Municipales como motores económicos y socializadores de los barrios, representantes del comercio de proximidad y dinamizadores del territorio.</p>
<h4>Haremos</h4>
<p>Se visitará las diferentes paradas que forman parte de la Feria y se observará los productos que ofrecen y su origen, así como la manera de presentarlos.</p>
<h4>Enlaces</h4>
<div class="video-shortcode"><iframe title="Vine a Mercat de Mercats!" width="1200" height="675" src="https://www.youtube.com/embed/LPzFF8SbYUc?feature=oembed" frameborder="0" allow="accelerometer; autoplay; clipboard-write; encrypted-media; gyroscope; picture-in-picture; web-share" allowfullscreen></iframe></div>
<h4>Otras consideraciones</h4>
<p>Salida desde el propio centro</p>

<p>Mercat de Mercats Ubicación Plaza Cataluña Grupos ACOM1A, ACOM1B Objetivo Conocer la sostenibilidad, el consumo del producto de proximidad y su papel como difusores de una alimentación saludable y de [&hellip;]</p>
