{"id":8435,"date":"2023-11-07T21:14:29","date_gmt":"2023-11-07T20:14:29","guid":{"rendered":"https:\/\/politecnics.barcelona\/agenda\/charla-sobre-las-activaciones-como-tendencia-en-las-acciones-publicitarias-de-las-marcas\/"},"modified":"2023-11-07T21:14:29","modified_gmt":"2023-11-07T20:14:29","slug":"charla-sobre-las-activaciones-como-tendencia-en-las-acciones-publicitarias-de-las-marcas","status":"publish","type":"tribe_events","link":"https:\/\/politecnics.barcelona\/es\/agenda\/charla-sobre-las-activaciones-como-tendencia-en-las-acciones-publicitarias-de-las-marcas\/","title":{"rendered":"Charla sobre las Activaciones, como tendencia en las acciones publicitarias de las marcas"},"content":{"rendered":"<h2>Charla sobre las Activaciones, como tendencia en las acciones publicitarias de las marcas<\/h2>\n<h4>Ubicaci\u00f3n<\/h4>\n<p>Centro Santa Anna<\/p>\n<h4>Grupos<\/h4>\n<p>MARP2A, MARP2B, MARP2C<\/p>\n<h4>Objetivo<\/h4>\n<p>Entender las tendencias del mundo publicitario, creando experiencias inmersivas, y conocer los planteamientos estrat\u00e9gicos que existen detr\u00e1s de estas acciones, ayudando a la inspiraci\u00f3n y reflexi\u00f3n de cara a los proyectos ABP del alumnado y futuras acciones como profesionales.<\/p>\n<h4>Haremos<\/h4>\n<p>Se mostrar\u00e1n algunos ejemplos de activaciones recientes generadas por especialistas en efectos visuales del mundo publicitario y cinematogr\u00e1fico, y se mostrar\u00e1 c\u00f3mo es la actualidad en el mundo de la publicidad, haciendo inciso en la apuesta por acciones de exteriores y la innovaci\u00f3n creativa aplicando la tecnolog\u00eda.<\/p>\n<h4>Enlaces<\/h4>\n<p>https:\/\/glassworksvfx.com\/?authuser=0<\/p>\n<h4>Otras consideraciones<\/h4>\n","protected":false},"excerpt":{"rendered":"<p>Charla sobre las Activaciones, como tendencia en las acciones publicitarias de las marcas Ubicaci\u00f3n Centro Santa Anna Grupos MARP2A, MARP2B, MARP2C Objetivo Entender las tendencias del mundo publicitario, creando experiencias [&hellip;]<\/p>\n","protected":false},"author":2,"featured_media":0,"comment_status":"closed","ping_status":"closed","template":"","meta":{"_monsterinsights_skip_tracking":false,"_monsterinsights_sitenote_active":false,"_monsterinsights_sitenote_note":"","_monsterinsights_sitenote_category":0,"_tribe_events_status":"","_tribe_events_status_reason":""},"tags":[183,85,184,86],"tribe_events_cat":[102],"_links":{"self":[{"href":"https:\/\/politecnics.barcelona\/es\/wp-json\/wp\/v2\/tribe_events\/8435"}],"collection":[{"href":"https:\/\/politecnics.barcelona\/es\/wp-json\/wp\/v2\/tribe_events"}],"about":[{"href":"https:\/\/politecnics.barcelona\/es\/wp-json\/wp\/v2\/types\/tribe_events"}],"author":[{"embeddable":true,"href":"https:\/\/politecnics.barcelona\/es\/wp-json\/wp\/v2\/users\/2"}],"replies":[{"embeddable":true,"href":"https:\/\/politecnics.barcelona\/es\/wp-json\/wp\/v2\/comments?post=8435"}],"version-history":[{"count":0,"href":"https:\/\/politecnics.barcelona\/es\/wp-json\/wp\/v2\/tribe_events\/8435\/revisions"}],"wp:attachment":[{"href":"https:\/\/politecnics.barcelona\/es\/wp-json\/wp\/v2\/media?parent=8435"}],"wp:term":[{"taxonomy":"post_tag","embeddable":true,"href":"https:\/\/politecnics.barcelona\/es\/wp-json\/wp\/v2\/tags?post=8435"},{"taxonomy":"tribe_events_cat","embeddable":true,"href":"https:\/\/politecnics.barcelona\/es\/wp-json\/wp\/v2\/tribe_events_cat?post=8435"}],"curies":[{"name":"wp","href":"https:\/\/api.w.org\/{rel}","templated":true}]}}

<h2>Charla sobre las Activaciones, como tendencia en las acciones publicitarias de las marcas</h2>
<h4>Ubicación</h4>
<p>Centro Santa Anna</p>
<h4>Grupos</h4>
<p>MARP2A, MARP2B, MARP2C</p>
<h4>Objetivo</h4>
<p>Entender las tendencias del mundo publicitario, creando experiencias inmersivas, y conocer los planteamientos estratégicos que existen detrás de estas acciones, ayudando a la inspiración y reflexión de cara a los proyectos ABP del alumnado y futuras acciones como profesionales.</p>
<h4>Haremos</h4>
<p>Se mostrarán algunos ejemplos de activaciones recientes generadas por especialistas en efectos visuales del mundo publicitario y cinematográfico, y se mostrará cómo es la actualidad en el mundo de la publicidad, haciendo inciso en la apuesta por acciones de exteriores y la innovación creativa aplicando la tecnología.</p>
<h4>Enlaces</h4>
<p>https://glassworksvfx.com/?authuser=0</p>
<h4>Otras consideraciones</h4>

<p>Charla sobre las Activaciones, como tendencia en las acciones publicitarias de las marcas Ubicación Centro Santa Anna Grupos MARP2A, MARP2B, MARP2C Objetivo Entender las tendencias del mundo publicitario, creando experiencias [&hellip;]</p>
