{"id":8460,"date":"2023-11-12T13:46:39","date_gmt":"2023-11-12T12:46:39","guid":{"rendered":"https:\/\/politecnics.barcelona\/agenda\/jump2digital\/"},"modified":"2023-11-12T13:46:39","modified_gmt":"2023-11-12T12:46:39","slug":"jump2digital","status":"publish","type":"tribe_events","link":"https:\/\/politecnics.barcelona\/es\/agenda\/jump2digital\/","title":{"rendered":"Jump2Digital"},"content":{"rendered":"<h2>Jump2Digital<\/h2>\n<h4>Ubicaci\u00f3n<\/h4>\n<p>Feria de Barcelona (Plaza de Espa\u00f1a)<\/p>\n<h4>Grupos<\/h4>\n<p>DAM2A, DAW2A, DAW2B<\/p>\n<h4>Objetivo<\/h4>\n<p>Asistir al evento Jump2Digital<\/p>\n<h4>Haremos<\/h4>\n<p>Los alumnos asistir\u00e1n a conferencias y actividades relacionadas con la tecnolog\u00eda digital<\/p>\n<h4>Enlaces<\/h4>\n<p><iframe title=\"YouTube video player\" src=\"https:\/\/www.youtube.com\/embed\/fuBKWvT7A70?si=kSfFNt1wEAQQvnIe\" width=\"560\" height=\"315\" frameborder=\"0\" allowfullscreen=\"allowfullscreen\"><\/iframe><\/p>\n<h4>Otras consideraciones<\/h4>\n","protected":false},"excerpt":{"rendered":"<p>Jump2Digital Ubicaci\u00f3n Feria de Barcelona (Plaza de Espa\u00f1a) Grupos DAM2A, DAW2A, DAW2B Objetivo Asistir al evento Jump2Digital Haremos Los alumnos asistir\u00e1n a conferencias y actividades relacionadas con la tecnolog\u00eda digital [&hellip;]<\/p>\n","protected":false},"author":2,"featured_media":0,"comment_status":"closed","ping_status":"closed","template":"","meta":{"_monsterinsights_skip_tracking":false,"_monsterinsights_sitenote_active":false,"_monsterinsights_sitenote_note":"","_monsterinsights_sitenote_category":0,"_tribe_events_status":"","_tribe_events_status_reason":""},"tags":[],"tribe_events_cat":[102],"_links":{"self":[{"href":"https:\/\/politecnics.barcelona\/es\/wp-json\/wp\/v2\/tribe_events\/8460"}],"collection":[{"href":"https:\/\/politecnics.barcelona\/es\/wp-json\/wp\/v2\/tribe_events"}],"about":[{"href":"https:\/\/politecnics.barcelona\/es\/wp-json\/wp\/v2\/types\/tribe_events"}],"author":[{"embeddable":true,"href":"https:\/\/politecnics.barcelona\/es\/wp-json\/wp\/v2\/users\/2"}],"replies":[{"embeddable":true,"href":"https:\/\/politecnics.barcelona\/es\/wp-json\/wp\/v2\/comments?post=8460"}],"version-history":[{"count":0,"href":"https:\/\/politecnics.barcelona\/es\/wp-json\/wp\/v2\/tribe_events\/8460\/revisions"}],"wp:attachment":[{"href":"https:\/\/politecnics.barcelona\/es\/wp-json\/wp\/v2\/media?parent=8460"}],"wp:term":[{"taxonomy":"post_tag","embeddable":true,"href":"https:\/\/politecnics.barcelona\/es\/wp-json\/wp\/v2\/tags?post=8460"},{"taxonomy":"tribe_events_cat","embeddable":true,"href":"https:\/\/politecnics.barcelona\/es\/wp-json\/wp\/v2\/tribe_events_cat?post=8460"}],"curies":[{"name":"wp","href":"https:\/\/api.w.org\/{rel}","templated":true}]}}

<h2>Jump2Digital</h2>
<h4>Ubicación</h4>
<p>Feria de Barcelona (Plaza de España)</p>
<h4>Grupos</h4>
<p>DAM2A, DAW2A, DAW2B</p>
<h4>Objetivo</h4>
<p>Asistir al evento Jump2Digital</p>
<h4>Haremos</h4>
<p>Los alumnos asistirán a conferencias y actividades relacionadas con la tecnología digital</p>
<h4>Enlaces</h4>
<p><iframe title="YouTube video player" src="https://www.youtube.com/embed/fuBKWvT7A70?si=kSfFNt1wEAQQvnIe" width="560" height="315" frameborder="0" allowfullscreen="allowfullscreen"></iframe></p>
<h4>Otras consideraciones</h4>

<p>Jump2Digital Ubicación Feria de Barcelona (Plaza de España) Grupos DAM2A, DAW2A, DAW2B Objetivo Asistir al evento Jump2Digital Haremos Los alumnos asistirán a conferencias y actividades relacionadas con la tecnología digital [&hellip;]</p>
