{"id":8489,"date":"2023-11-19T19:42:33","date_gmt":"2023-11-19T18:42:33","guid":{"rendered":"https:\/\/politecnics.barcelona\/agenda\/feria-virtual-sefed\/"},"modified":"2023-11-19T19:42:33","modified_gmt":"2023-11-19T18:42:33","slug":"feria-virtual-sefed","status":"publish","type":"tribe_events","link":"https:\/\/politecnics.barcelona\/es\/agenda\/feria-virtual-sefed\/","title":{"rendered":"Feria Virtual SEFED"},"content":{"rendered":"<h2>Feria Virtual SEFED<\/h2>\n<h4>Ubicaci\u00f3n<\/h4>\n<p>Aula Grupo<\/p>\n<h4>Grupos<\/h4>\n<p>GAD2A<\/p>\n<h4>Objetivo<\/h4>\n<p>Reproducci\u00f3n de situaciones reales de trabajo utilizando la simulaci\u00f3n de empresas como metodolog\u00eda de aprendizaje y networking<\/p>\n<h4>Haremos<\/h4>\n<p>Networking<\/p>\n<h4>Enlaces<\/h4>\n<div class=\"video-shortcode\">\n<blockquote class=\"wp-embedded-content\" data-secret=\"VhnIfmvSK4\"><p><a href=\"https:\/\/www.fundaciobcnfp.cat\/innovacio\/empresa-simulada\/\">Empresa Simulada<\/a><\/p><\/blockquote>\n<p><iframe class=\"wp-embedded-content\" sandbox=\"allow-scripts\" security=\"restricted\" style=\"position: absolute; clip: rect(1px, 1px, 1px, 1px);\" title=\"&#8220;Empresa Simulada&#8221; &#8212; Fundaci\u00f3 BCN FP\" src=\"https:\/\/www.fundaciobcnfp.cat\/innovacio\/empresa-simulada\/embed\/#?secret=EfRjsGvw0A#?secret=VhnIfmvSK4\" data-secret=\"VhnIfmvSK4\" width=\"600\" height=\"338\" frameborder=\"0\" marginwidth=\"0\" marginheight=\"0\" scrolling=\"no\"><\/iframe><\/div>\n<h4>Otras consideraciones<\/h4>\n","protected":false},"excerpt":{"rendered":"<p>Feria Virtual SEFED Ubicaci\u00f3n Aula Grupo Grupos GAD2A Objetivo Reproducci\u00f3n de situaciones reales de trabajo utilizando la simulaci\u00f3n de empresas como metodolog\u00eda de aprendizaje y networking Haremos Networking Enlaces Empresa [&hellip;]<\/p>\n","protected":false},"author":2,"featured_media":0,"comment_status":"closed","ping_status":"closed","template":"","meta":{"_monsterinsights_skip_tracking":false,"_monsterinsights_sitenote_active":false,"_monsterinsights_sitenote_note":"","_monsterinsights_sitenote_category":0,"_tribe_events_status":"","_tribe_events_status_reason":""},"tags":[196,170,194,195],"tribe_events_cat":[102],"_links":{"self":[{"href":"https:\/\/politecnics.barcelona\/es\/wp-json\/wp\/v2\/tribe_events\/8489"}],"collection":[{"href":"https:\/\/politecnics.barcelona\/es\/wp-json\/wp\/v2\/tribe_events"}],"about":[{"href":"https:\/\/politecnics.barcelona\/es\/wp-json\/wp\/v2\/types\/tribe_events"}],"author":[{"embeddable":true,"href":"https:\/\/politecnics.barcelona\/es\/wp-json\/wp\/v2\/users\/2"}],"replies":[{"embeddable":true,"href":"https:\/\/politecnics.barcelona\/es\/wp-json\/wp\/v2\/comments?post=8489"}],"version-history":[{"count":0,"href":"https:\/\/politecnics.barcelona\/es\/wp-json\/wp\/v2\/tribe_events\/8489\/revisions"}],"wp:attachment":[{"href":"https:\/\/politecnics.barcelona\/es\/wp-json\/wp\/v2\/media?parent=8489"}],"wp:term":[{"taxonomy":"post_tag","embeddable":true,"href":"https:\/\/politecnics.barcelona\/es\/wp-json\/wp\/v2\/tags?post=8489"},{"taxonomy":"tribe_events_cat","embeddable":true,"href":"https:\/\/politecnics.barcelona\/es\/wp-json\/wp\/v2\/tribe_events_cat?post=8489"}],"curies":[{"name":"wp","href":"https:\/\/api.w.org\/{rel}","templated":true}]}}

<h2>Feria Virtual SEFED</h2>
<h4>Ubicación</h4>
<p>Aula Grupo</p>
<h4>Grupos</h4>
<p>GAD2A</p>
<h4>Objetivo</h4>
<p>Reproducción de situaciones reales de trabajo utilizando la simulación de empresas como metodología de aprendizaje y networking</p>
<h4>Haremos</h4>
<p>Networking</p>
<h4>Enlaces</h4>
<div class="video-shortcode">
<blockquote class="wp-embedded-content" data-secret="VhnIfmvSK4"><p><a href="https://www.fundaciobcnfp.cat/innovacio/empresa-simulada/">Empresa Simulada</a></p></blockquote>
<p><iframe class="wp-embedded-content" sandbox="allow-scripts" security="restricted" style="position: absolute; clip: rect(1px, 1px, 1px, 1px);" title="&#8220;Empresa Simulada&#8221; &#8212; Fundació BCN FP" src="https://www.fundaciobcnfp.cat/innovacio/empresa-simulada/embed/#?secret=EfRjsGvw0A#?secret=VhnIfmvSK4" data-secret="VhnIfmvSK4" width="600" height="338" frameborder="0" marginwidth="0" marginheight="0" scrolling="no"></iframe></div>
<h4>Otras consideraciones</h4>

<p>Feria Virtual SEFED Ubicación Aula Grupo Grupos GAD2A Objetivo Reproducción de situaciones reales de trabajo utilizando la simulación de empresas como metodología de aprendizaje y networking Haremos Networking Enlaces Empresa [&hellip;]</p>
