{"id":9276,"date":"2024-03-10T12:40:57","date_gmt":"2024-03-10T11:40:57","guid":{"rendered":"https:\/\/politecnics.barcelona\/agenda\/salo-de-lensenyament-estand-348\/"},"modified":"2024-03-10T12:40:57","modified_gmt":"2024-03-10T11:40:57","slug":"salo-de-lensenyament-estand-348","status":"publish","type":"tribe_events","link":"https:\/\/politecnics.barcelona\/es\/agenda\/salo-de-lensenyament-estand-348\/","title":{"rendered":"Sal\u00f3 de l&#8217;Ensenyament Estand 348"},"content":{"rendered":"<p>Visita el estand del Polit\u00e8cnics en el Sal\u00f3 de l&#8217;Ensenyament para conocer al detalle toda la oferta formativa y las metodolog\u00edas activas de parte de alumado y del equipo Polit\u00e8cnics. <strong>\u00a1No dudes en visitarnos!<\/strong> Te acompa\u00f1amos respondiendo tus dudas para tomar mejor la decisi\u00f3n. Imagina tu futuro profesional y d\u00e9jate asesorar para llegar.<\/p>\n","protected":false},"excerpt":{"rendered":"<p>Visita el estand del Polit\u00e8cnics en el Sal\u00f3 de l&#8217;Ensenyament para conocer al detalle toda la oferta formativa y las metodolog\u00edas activas de parte de alumado y del equipo Polit\u00e8cnics. [&hellip;]<\/p>\n","protected":false},"author":2,"featured_media":9274,"comment_status":"closed","ping_status":"closed","template":"","meta":{"_monsterinsights_skip_tracking":false,"_monsterinsights_sitenote_active":false,"_monsterinsights_sitenote_note":"","_monsterinsights_sitenote_category":0,"_tribe_events_status":"","_tribe_events_status_reason":""},"tags":[243],"tribe_events_cat":[102],"_links":{"self":[{"href":"https:\/\/politecnics.barcelona\/es\/wp-json\/wp\/v2\/tribe_events\/9276"}],"collection":[{"href":"https:\/\/politecnics.barcelona\/es\/wp-json\/wp\/v2\/tribe_events"}],"about":[{"href":"https:\/\/politecnics.barcelona\/es\/wp-json\/wp\/v2\/types\/tribe_events"}],"author":[{"embeddable":true,"href":"https:\/\/politecnics.barcelona\/es\/wp-json\/wp\/v2\/users\/2"}],"replies":[{"embeddable":true,"href":"https:\/\/politecnics.barcelona\/es\/wp-json\/wp\/v2\/comments?post=9276"}],"version-history":[{"count":0,"href":"https:\/\/politecnics.barcelona\/es\/wp-json\/wp\/v2\/tribe_events\/9276\/revisions"}],"wp:featuredmedia":[{"embeddable":true,"href":"https:\/\/politecnics.barcelona\/es\/wp-json\/wp\/v2\/media\/9274"}],"wp:attachment":[{"href":"https:\/\/politecnics.barcelona\/es\/wp-json\/wp\/v2\/media?parent=9276"}],"wp:term":[{"taxonomy":"post_tag","embeddable":true,"href":"https:\/\/politecnics.barcelona\/es\/wp-json\/wp\/v2\/tags?post=9276"},{"taxonomy":"tribe_events_cat","embeddable":true,"href":"https:\/\/politecnics.barcelona\/es\/wp-json\/wp\/v2\/tribe_events_cat?post=9276"}],"curies":[{"name":"wp","href":"https:\/\/api.w.org\/{rel}","templated":true}]}}

Saló de l&#8217;Ensenyament Estand 348

<p>Visita el estand del Politècnics en el Saló de l&#8217;Ensenyament para conocer al detalle toda la oferta formativa y las metodologías activas de parte de alumado y del equipo Politècnics. <strong>¡No dudes en visitarnos!</strong> Te acompañamos respondiendo tus dudas para tomar mejor la decisión. Imagina tu futuro profesional y déjate asesorar para llegar.</p>

<p>Visita el estand del Politècnics en el Saló de l&#8217;Ensenyament para conocer al detalle toda la oferta formativa y las metodologías activas de parte de alumado y del equipo Politècnics. [&hellip;]</p>
