{"id":9787,"date":"2024-10-06T19:30:38","date_gmt":"2024-10-06T17:30:38","guid":{"rendered":"https:\/\/politecnics.barcelona\/agenda\/visita-al-hotel-me\/"},"modified":"2024-10-13T12:43:43","modified_gmt":"2024-10-13T10:43:43","slug":"visita-al-hotel-me","status":"publish","type":"tribe_events","link":"https:\/\/politecnics.barcelona\/es\/agenda\/visita-al-hotel-me\/","title":{"rendered":"Visita al Hotel Me"},"content":{"rendered":"<h2>Visita al Hotel Me<\/h2>\n<h4>Ubicaci\u00f3n<\/h4>\n<p>Urquinaona, 10 Barcelona<\/p>\n<h4>Grupos<\/h4>\n<p>AFI1A<\/p>\n<h4>Objetivo<\/h4>\n<p>El objetivo es que el alumno de Administraci\u00f3n y Finanzas conozca la organizaci\u00f3n y estructura de una empresa hotelera<\/p>\n<h4>Haremos<\/h4>\n<p>La visita consta de varias partes. Una primera parte nos explicar\u00e1n la misi\u00f3n, visi\u00f3n y valores. Seguidamente nos explicar\u00e1n c\u00f3mo es la organizaci\u00f3n de una empresa que pertenece a un grupo hotelero y por lo \u00faltimo realizaremos una visita por el hotel.  <\/p>\n<h4>Enlaces<\/h4>\n<p>https:\/\/www.melia.com\/en\/hotels\/spain\/barcelona\/me-barcelona?utm_medium=organic&#038;utm_source=directories&#038;utm_campaign=google&#038;utm_content=0825<\/p>\n<h4>Otras consideraciones<\/h4>\n","protected":false},"excerpt":{"rendered":"<p>Visita al Hotel Me Ubicaci\u00f3n Urquinaona, 10 Barcelona Grupos AFI1A Objetivo El objetivo es que el alumno de Administraci\u00f3n y Finanzas conozca la organizaci\u00f3n y estructura de una empresa hotelera [&hellip;]<\/p>\n","protected":false},"author":2,"featured_media":8290,"comment_status":"closed","ping_status":"closed","template":"","meta":{"_monsterinsights_skip_tracking":false,"_monsterinsights_sitenote_active":false,"_monsterinsights_sitenote_note":"","_monsterinsights_sitenote_category":0,"_tribe_events_status":"","_tribe_events_status_reason":""},"tags":[140,378,196,136,379],"tribe_events_cat":[102],"_links":{"self":[{"href":"https:\/\/politecnics.barcelona\/es\/wp-json\/wp\/v2\/tribe_events\/9787"}],"collection":[{"href":"https:\/\/politecnics.barcelona\/es\/wp-json\/wp\/v2\/tribe_events"}],"about":[{"href":"https:\/\/politecnics.barcelona\/es\/wp-json\/wp\/v2\/types\/tribe_events"}],"author":[{"embeddable":true,"href":"https:\/\/politecnics.barcelona\/es\/wp-json\/wp\/v2\/users\/2"}],"replies":[{"embeddable":true,"href":"https:\/\/politecnics.barcelona\/es\/wp-json\/wp\/v2\/comments?post=9787"}],"version-history":[{"count":2,"href":"https:\/\/politecnics.barcelona\/es\/wp-json\/wp\/v2\/tribe_events\/9787\/revisions"}],"predecessor-version":[{"id":9916,"href":"https:\/\/politecnics.barcelona\/es\/wp-json\/wp\/v2\/tribe_events\/9787\/revisions\/9916"}],"wp:featuredmedia":[{"embeddable":true,"href":"https:\/\/politecnics.barcelona\/es\/wp-json\/wp\/v2\/media\/8290"}],"wp:attachment":[{"href":"https:\/\/politecnics.barcelona\/es\/wp-json\/wp\/v2\/media?parent=9787"}],"wp:term":[{"taxonomy":"post_tag","embeddable":true,"href":"https:\/\/politecnics.barcelona\/es\/wp-json\/wp\/v2\/tags?post=9787"},{"taxonomy":"tribe_events_cat","embeddable":true,"href":"https:\/\/politecnics.barcelona\/es\/wp-json\/wp\/v2\/tribe_events_cat?post=9787"}],"curies":[{"name":"wp","href":"https:\/\/api.w.org\/{rel}","templated":true}]}}

<h2>Visita al Hotel Me</h2>
<h4>Ubicación</h4>
<p>Urquinaona, 10 Barcelona</p>
<h4>Grupos</h4>
<p>AFI1A</p>
<h4>Objetivo</h4>
<p>El objetivo es que el alumno de Administración y Finanzas conozca la organización y estructura de una empresa hotelera</p>
<h4>Haremos</h4>
<p>La visita consta de varias partes. Una primera parte nos explicarán la misión, visión y valores. Seguidamente nos explicarán cómo es la organización de una empresa que pertenece a un grupo hotelero y por lo último realizaremos una visita por el hotel.  </p>
<h4>Enlaces</h4>
<p>https://www.melia.com/en/hotels/spain/barcelona/me-barcelona?utm_medium=organic&#038;utm_source=directories&#038;utm_campaign=google&#038;utm_content=0825</p>
<h4>Otras consideraciones</h4>

<p>Visita al Hotel Me Ubicación Urquinaona, 10 Barcelona Grupos AFI1A Objetivo El objetivo es que el alumno de Administración y Finanzas conozca la organización y estructura de una empresa hotelera [&hellip;]</p>
