{"id":9896,"date":"2024-10-13T11:59:20","date_gmt":"2024-10-13T09:59:20","guid":{"rendered":"https:\/\/politecnics.barcelona\/agenda\/mercado-de-mercados-marp1\/"},"modified":"2024-10-13T11:59:20","modified_gmt":"2024-10-13T09:59:20","slug":"mercado-de-mercados-marp1","status":"publish","type":"tribe_events","link":"https:\/\/politecnics.barcelona\/es\/agenda\/mercado-de-mercados-marp1\/","title":{"rendered":"Mercado de Mercados (MARP1)"},"content":{"rendered":"<h2>Mercat de Mercats<\/h2>\n<h4>Ubicaci\u00f3n<\/h4>\n<p>Saldremos del centro de Sta. Anna a las 11h<\/p>\n<h4>Grupos<\/h4>\n<p>MARP1A, MARP1B, MARP1C<\/p>\n<h4>Objetivo<\/h4>\n<p>Prospecci\u00f3n sobre el marketing de la Feria: organizaci\u00f3n, comunicaci\u00f3n, agentes implicados&#8230;<\/p>\n<h4>Haremos<\/h4>\n<p>Prospecci\u00f3n sobre el marketing de la Feria: organizaci\u00f3n, comunicaci\u00f3n, agentes implicados&#8230;<\/p>\n<h4>Enlaces<\/h4>\n<p>https:\/\/www.barcelona.cat\/mercatdemercats\/ca<\/p>\n<h4>Otras consideraciones<\/h4>\n","protected":false},"excerpt":{"rendered":"<p>Mercat de Mercats Ubicaci\u00f3n Saldremos del centro de Sta. Anna a las 11h Grupos MARP1A, MARP1B, MARP1C Objetivo Prospecci\u00f3n sobre el marketing de la Feria: organizaci\u00f3n, comunicaci\u00f3n, agentes implicados&#8230; Haremos [&hellip;]<\/p>\n","protected":false},"author":2,"featured_media":9802,"comment_status":"closed","ping_status":"closed","template":"","meta":{"_monsterinsights_skip_tracking":false,"_monsterinsights_sitenote_active":false,"_monsterinsights_sitenote_note":"","_monsterinsights_sitenote_category":0,"_tribe_events_status":"","_tribe_events_status_reason":""},"tags":[142,170,85,404,86],"tribe_events_cat":[102],"_links":{"self":[{"href":"https:\/\/politecnics.barcelona\/es\/wp-json\/wp\/v2\/tribe_events\/9896"}],"collection":[{"href":"https:\/\/politecnics.barcelona\/es\/wp-json\/wp\/v2\/tribe_events"}],"about":[{"href":"https:\/\/politecnics.barcelona\/es\/wp-json\/wp\/v2\/types\/tribe_events"}],"author":[{"embeddable":true,"href":"https:\/\/politecnics.barcelona\/es\/wp-json\/wp\/v2\/users\/2"}],"replies":[{"embeddable":true,"href":"https:\/\/politecnics.barcelona\/es\/wp-json\/wp\/v2\/comments?post=9896"}],"version-history":[{"count":0,"href":"https:\/\/politecnics.barcelona\/es\/wp-json\/wp\/v2\/tribe_events\/9896\/revisions"}],"wp:featuredmedia":[{"embeddable":true,"href":"https:\/\/politecnics.barcelona\/es\/wp-json\/wp\/v2\/media\/9802"}],"wp:attachment":[{"href":"https:\/\/politecnics.barcelona\/es\/wp-json\/wp\/v2\/media?parent=9896"}],"wp:term":[{"taxonomy":"post_tag","embeddable":true,"href":"https:\/\/politecnics.barcelona\/es\/wp-json\/wp\/v2\/tags?post=9896"},{"taxonomy":"tribe_events_cat","embeddable":true,"href":"https:\/\/politecnics.barcelona\/es\/wp-json\/wp\/v2\/tribe_events_cat?post=9896"}],"curies":[{"name":"wp","href":"https:\/\/api.w.org\/{rel}","templated":true}]}}

<h2>Mercat de Mercats</h2>
<h4>Ubicación</h4>
<p>Saldremos del centro de Sta. Anna a las 11h</p>
<h4>Grupos</h4>
<p>MARP1A, MARP1B, MARP1C</p>
<h4>Objetivo</h4>
<p>Prospección sobre el marketing de la Feria: organización, comunicación, agentes implicados&#8230;</p>
<h4>Haremos</h4>
<p>Prospección sobre el marketing de la Feria: organización, comunicación, agentes implicados&#8230;</p>
<h4>Enlaces</h4>
<p>https://www.barcelona.cat/mercatdemercats/ca</p>
<h4>Otras consideraciones</h4>

<p>Mercat de Mercats Ubicación Saldremos del centro de Sta. Anna a las 11h Grupos MARP1A, MARP1B, MARP1C Objetivo Prospección sobre el marketing de la Feria: organización, comunicación, agentes implicados&#8230; Haremos [&hellip;]</p>
